CRAN Package Check Results for Package ZINARp

Last updated on 2023-12-06 21:54:39 CET.

Flavor Version Tinstall Tcheck Ttotal Status Flags
r-devel-linux-x86_64-debian-clang 0.1.0 2.21 33.80 36.01 OK
r-devel-linux-x86_64-debian-gcc 0.1.0 2.14 25.63 27.77 OK
r-devel-linux-x86_64-fedora-clang 0.1.0 46.65 NOTE
r-devel-linux-x86_64-fedora-gcc 0.1.0 47.38 NOTE
r-devel-windows-x86_64 0.1.0 4.00 46.00 50.00 OK
r-patched-linux-x86_64 0.1.0 2.27 34.51 36.78 OK
r-release-linux-x86_64 0.1.0 2.62 34.07 36.69 OK
r-release-macos-arm64 0.1.0 19.00 OK
r-release-macos-x86_64 0.1.0 26.00 OK
r-release-windows-x86_64 0.1.0 5.00 49.00 54.00 OK
r-oldrel-macos-arm64 0.1.0 18.00 NOTE
r-oldrel-macos-x86_64 0.1.0 27.00 NOTE
r-oldrel-windows-x86_64 0.1.0 5.00 94.00 99.00 OK

Check Details

Version: 0.1.0
Check: dependencies in R code
Result: NOTE Namespace in Imports field not imported from: ‘utils’ All declared Imports should be used. Flavors: r-devel-linux-x86_64-fedora-clang, r-devel-linux-x86_64-fedora-gcc, r-oldrel-macos-arm64, r-oldrel-macos-x86_64