CRAN Package Check Results for Package ZipRadius

Last updated on 2020-04-04 01:52:38 CEST.

Flavor Version Tinstall Tcheck Ttotal Status Flags
r-devel-linux-x86_64-debian-clang 1.0.1 5.84 48.06 53.90 NOTE
r-devel-linux-x86_64-debian-gcc 1.0.1 4.86 36.73 41.59 NOTE
r-devel-linux-x86_64-fedora-clang 1.0.1 59.73 NOTE
r-devel-linux-x86_64-fedora-gcc 1.0.1 57.17 NOTE
r-devel-windows-ix86+x86_64 1.0.1 17.00 55.00 72.00 NOTE
r-devel-windows-ix86+x86_64-gcc8 1.0.1 16.00 56.00 72.00 NOTE
r-patched-linux-x86_64 1.0.1 5.39 45.03 50.42 NOTE
r-patched-solaris-x86 1.0.1 93.60 NOTE
r-release-linux-x86_64 1.0.1 5.02 41.53 46.55 OK
r-release-windows-ix86+x86_64 1.0.1 12.00 59.00 71.00 OK
r-release-osx-x86_64 1.0.1 NOTE
r-oldrel-windows-ix86+x86_64 1.0.1 8.00 60.00 68.00 OK
r-oldrel-osx-x86_64 1.0.1 WARN

Check Details

Version: 1.0.1
Check: package vignettes
Result: NOTE
    Package vignette with placeholder title 'Vignette Title':
     'ZipRadius.Rmd'
Flavors: r-devel-linux-x86_64-debian-clang, r-devel-linux-x86_64-debian-gcc, r-devel-windows-ix86+x86_64, r-devel-windows-ix86+x86_64-gcc8, r-patched-linux-x86_64

Version: 1.0.1
Check: dependencies in R code
Result: NOTE
    Namespaces in Imports field not imported from:
     ‘ggplot2’ ‘testthat’
     All declared Imports should be used.
Flavors: r-devel-linux-x86_64-fedora-clang, r-devel-linux-x86_64-fedora-gcc, r-patched-solaris-x86, r-release-osx-x86_64, r-oldrel-osx-x86_64

Version: 1.0.1
Check: whether package can be installed
Result: WARN
    Found the following significant warnings:
     Warning: package ‘dplyr’ was built under R version 3.5.1
Flavor: r-oldrel-osx-x86_64