CRAN Package Check Results for Package aGE

Last updated on 2020-03-31 18:47:29 CEST.

Flavor Version Tinstall Tcheck Ttotal Status Flags
r-devel-linux-x86_64-debian-clang 0.0.9 2.89 30.27 33.16 NOTE
r-devel-linux-x86_64-debian-gcc 0.0.9 2.29 23.88 26.17 NOTE
r-devel-linux-x86_64-fedora-clang 0.0.9 40.47 OK
r-devel-linux-x86_64-fedora-gcc 0.0.9 38.76 OK
r-devel-windows-ix86+x86_64 0.0.9 6.00 40.00 46.00 NOTE
r-devel-windows-ix86+x86_64-gcc8 0.0.9 7.00 43.00 50.00 NOTE
r-patched-linux-x86_64 0.0.9 2.89 29.80 32.69 NOTE
r-patched-solaris-x86 0.0.9 60.80 OK
r-release-linux-x86_64 0.0.9 2.42 27.18 29.60 OK
r-release-windows-ix86+x86_64 0.0.9 8.00 58.00 66.00 OK
r-release-osx-x86_64 0.0.9 OK
r-oldrel-windows-ix86+x86_64 0.0.9 4.00 56.00 60.00 OK
r-oldrel-osx-x86_64 0.0.9 OK

Check Details

Version: 0.0.9
Check: package vignettes
Result: NOTE
    Package vignette with placeholder title 'Vignette Title':
     'About.Rmd'
Flavors: r-devel-linux-x86_64-debian-clang, r-devel-linux-x86_64-debian-gcc, r-devel-windows-ix86+x86_64, r-devel-windows-ix86+x86_64-gcc8, r-patched-linux-x86_64