CRAN Package Check Results for Package aMNLFA

Last updated on 2023-01-29 11:56:06 CET.

Flavor Version Tinstall Tcheck Ttotal Status Flags
r-devel-linux-x86_64-debian-clang 1.1.2 5.00 38.51 43.51 OK
r-devel-linux-x86_64-debian-gcc 1.1.2 3.82 29.00 32.82 OK
r-devel-linux-x86_64-fedora-clang 1.1.2 59.21 NOTE
r-devel-linux-x86_64-fedora-gcc 1.1.2 53.77 NOTE
r-devel-windows-x86_64 1.1.2 50.00 70.00 120.00 OK
r-patched-linux-x86_64 1.1.2 4.19 37.27 41.46 OK
r-release-linux-x86_64 1.1.2 3.77 37.83 41.60 OK
r-release-macos-arm64 1.1.2 17.00 NOTE
r-release-macos-x86_64 1.1.2 36.00 NOTE
r-release-windows-x86_64 1.1.2 26.00 66.00 92.00 OK
r-oldrel-macos-arm64 1.1.2 19.00 NOTE
r-oldrel-macos-x86_64 1.1.2 27.00 NOTE
r-oldrel-windows-ix86+x86_64 1.1.2 14.00 64.00 78.00 OK

Check Details

Version: 1.1.2
Check: dependencies in R code
Result: NOTE
    Namespaces in Imports field not imported from:
     ‘devtools’ ‘dplyr’ ‘gridExtra’
     All declared Imports should be used.
Flavors: r-devel-linux-x86_64-fedora-clang, r-devel-linux-x86_64-fedora-gcc, r-release-macos-arm64, r-release-macos-x86_64, r-oldrel-macos-arm64, r-oldrel-macos-x86_64