CRAN Package Check Results for Package aMNLFA

Last updated on 2024-02-27 23:55:30 CET.

Flavor Version Tinstall Tcheck Ttotal Status Flags
r-devel-linux-x86_64-debian-clang 1.1.2 4.96 38.23 43.19 NOTE
r-devel-linux-x86_64-debian-gcc 1.1.2 5.10 28.65 33.75 NOTE
r-devel-linux-x86_64-fedora-clang 1.1.2 53.88 NOTE
r-devel-linux-x86_64-fedora-gcc 1.1.2 55.21 NOTE
r-devel-windows-x86_64 1.1.2 7.00 49.00 56.00 OK
r-patched-linux-x86_64 1.1.2 6.12 37.59 43.71 OK
r-release-linux-x86_64 1.1.2 3.87 37.57 41.44 OK
r-release-macos-arm64 1.1.2 21.00 OK
r-release-macos-x86_64 1.1.2 33.00 OK
r-release-windows-x86_64 1.1.2 9.00 53.00 62.00 OK
r-oldrel-macos-arm64 1.1.2 17.00 NOTE
r-oldrel-windows-x86_64 1.1.2 9.00 182.00 191.00 OK

Check Details

Version: 1.1.2
Check: Rd files
Result: NOTE checkRd: (-1) aMNLFA.prune.Rd:15: Lost braces in \itemize; \value handles \item{}{} directly checkRd: (-1) aMNLFA.prune.Rd:16: Lost braces in \itemize; \value handles \item{}{} directly checkRd: (-1) aMNLFA.prune.Rd:17: Lost braces in \itemize; \value handles \item{}{} directly checkRd: (-1) aMNLFA.prune.Rd:18: Lost braces in \itemize; \value handles \item{}{} directly checkRd: (-1) aMNLFA.prune.Rd:19: Lost braces in \itemize; \value handles \item{}{} directly checkRd: (-1) aMNLFA.prune.Rd:20: Lost braces in \itemize; \value handles \item{}{} directly checkRd: (-1) aMNLFA.prune.Rd:21: Lost braces in \itemize; \value handles \item{}{} directly checkRd: (-1) aMNLFA.prune.Rd:22: Lost braces in \itemize; \value handles \item{}{} directly Flavors: r-devel-linux-x86_64-debian-clang, r-devel-linux-x86_64-debian-gcc, r-devel-linux-x86_64-fedora-clang, r-devel-linux-x86_64-fedora-gcc

Version: 1.1.2
Check: dependencies in R code
Result: NOTE Namespaces in Imports field not imported from: ‘devtools’ ‘dplyr’ ‘gridExtra’ All declared Imports should be used. Flavors: r-devel-linux-x86_64-fedora-clang, r-devel-linux-x86_64-fedora-gcc, r-oldrel-macos-arm64