Last updated on 2023-03-26 08:56:46 CEST.
Flavor | Version | Tinstall | Tcheck | Ttotal | Status | Flags |
---|---|---|---|---|---|---|
r-devel-linux-x86_64-debian-clang | 1.3 | 10.29 | 89.91 | 100.20 | OK | |
r-devel-linux-x86_64-debian-gcc | 1.3 | 8.10 | 68.34 | 76.44 | OK | |
r-devel-linux-x86_64-fedora-gcc | 1.3 | 119.01 | OK | |||
r-devel-windows-x86_64 | 1.3 | 13.00 | 117.00 | 130.00 | OK | |
r-patched-linux-x86_64 | 1.3 | 10.39 | 84.60 | 94.99 | OK | |
r-release-linux-x86_64 | 1.3 | 10.51 | 84.65 | 95.16 | OK | |
r-release-macos-arm64 | 1.3 | 34.00 | OK | |||
r-release-macos-x86_64 | 1.3 | 60.00 | OK | |||
r-release-windows-x86_64 | 1.3 | 13.00 | 113.00 | 126.00 | OK | |
r-oldrel-macos-arm64 | 1.3 | 35.00 | OK | |||
r-oldrel-macos-x86_64 | 1.3 | 48.00 | OK | |||
r-oldrel-windows-ix86+x86_64 | 1.3 | 27.00 | 120.00 | 147.00 | NOTE |
Version: 1.3
Check: R code for possible problems
Result: NOTE
Initiating curl with CURL_SSL_BACKEND: openssl
Flavor: r-oldrel-windows-ix86+x86_64