CRAN Package Check Results for Package aTSA

Last updated on 2020-09-30 21:49:12 CEST.

Flavor Version Tinstall Tcheck Ttotal Status Flags
r-devel-linux-x86_64-debian-clang 3.1.2 4.26 30.36 34.62 OK
r-devel-linux-x86_64-debian-gcc 3.1.2 3.46 23.39 26.85 OK
r-devel-linux-x86_64-fedora-clang 3.1.2 52.43 NOTE
r-devel-linux-x86_64-fedora-gcc 3.1.2 40.68 OK
r-devel-windows-ix86+x86_64 3.1.2 8.00 41.00 49.00 OK
r-patched-linux-x86_64 3.1.2 3.51 29.03 32.54 OK
r-patched-solaris-x86 3.1.2 55.60 OK
r-release-linux-x86_64 3.1.2 4.39 28.51 32.90 OK
r-release-macos-x86_64 3.1.2 OK
r-release-windows-ix86+x86_64 3.1.2 8.00 37.00 45.00 OK
r-oldrel-macos-x86_64 3.1.2 OK
r-oldrel-windows-ix86+x86_64 3.1.2 7.00 52.00 59.00 OK

Check Details

Version: 3.1.2
Check: Rd cross-references
Result: NOTE
    Undeclared package ‘snpar’ in Rd xrefs
Flavor: r-devel-linux-x86_64-fedora-clang