Last updated on 2023-06-01 10:58:12 CEST.
Flavor | Version | Tinstall | Tcheck | Ttotal | Status | Flags |
---|---|---|---|---|---|---|
r-devel-linux-x86_64-debian-clang | 3.1.2 | 4.31 | 38.27 | 42.58 | NOTE | |
r-devel-linux-x86_64-debian-gcc | 3.1.2 | 3.12 | 30.30 | 33.42 | NOTE | |
r-devel-linux-x86_64-fedora-clang | 3.1.2 | 55.32 | NOTE | |||
r-devel-linux-x86_64-fedora-gcc | 3.1.2 | 58.79 | NOTE | |||
r-devel-windows-x86_64 | 3.1.2 | 4.00 | 50.00 | 54.00 | NOTE | |
r-patched-linux-x86_64 | 3.1.2 | NOTE | ||||
r-release-linux-x86_64 | 3.1.2 | 5.09 | 37.63 | 42.72 | NOTE | |
r-release-macos-arm64 | 3.1.2 | 23.00 | NOTE | |||
r-release-macos-x86_64 | 3.1.2 | 30.00 | NOTE | |||
r-release-windows-x86_64 | 3.1.2 | 6.00 | 54.00 | 60.00 | OK | |
r-oldrel-macos-arm64 | 3.1.2 | 17.00 | OK | |||
r-oldrel-macos-x86_64 | 3.1.2 | 25.00 | OK | |||
r-oldrel-windows-x86_64 | 3.1.2 | 10.00 | 52.00 | 62.00 | OK |
Version: 3.1.2
Check: Rd cross-references
Result: NOTE
Unknown package ‘snpar’ in Rd xrefs
Flavors: r-devel-linux-x86_64-debian-clang, r-devel-linux-x86_64-debian-gcc, r-devel-linux-x86_64-fedora-gcc, r-devel-windows-x86_64, r-patched-linux-x86_64, r-release-linux-x86_64, r-release-macos-arm64, r-release-macos-x86_64
Version: 3.1.2
Check: Rd cross-references
Result: NOTE
Undeclared package ‘snpar’ in Rd xrefs
Unknown package ‘snpar’ in Rd xrefs
Flavor: r-devel-linux-x86_64-fedora-clang