CRAN Package Check Results for Package aTSA

Last updated on 2022-08-12 01:49:57 CEST.

Flavor Version Tinstall Tcheck Ttotal Status Flags
r-devel-linux-x86_64-debian-clang 3.1.2 4.25 39.83 44.08 NOTE
r-devel-linux-x86_64-debian-gcc 3.1.2 3.57 29.94 33.51 NOTE
r-devel-linux-x86_64-fedora-clang 3.1.2 63.51 NOTE
r-devel-linux-x86_64-fedora-gcc 3.1.2 61.19 NOTE
r-devel-windows-x86_64 3.1.2 15.00 53.00 68.00 OK
r-patched-linux-x86_64 3.1.2 5.70 36.96 42.66 NOTE
r-release-linux-x86_64 3.1.2 4.23 37.82 42.05 NOTE
r-release-macos-arm64 3.1.2 18.00 OK
r-release-macos-x86_64 3.1.2 25.00 OK
r-release-windows-x86_64 3.1.2 10.00 52.00 62.00 OK
r-oldrel-macos-arm64 3.1.2 21.00 OK
r-oldrel-macos-x86_64 3.1.2 32.00 OK
r-oldrel-windows-ix86+x86_64 3.1.2 8.00 42.00 50.00 OK

Check Details

Version: 3.1.2
Check: Rd cross-references
Result: NOTE
    Unknown package 'snpar' in Rd xrefs
Flavors: r-devel-linux-x86_64-debian-clang, r-devel-linux-x86_64-debian-gcc, r-devel-linux-x86_64-fedora-gcc, r-patched-linux-x86_64, r-release-linux-x86_64

Version: 3.1.2
Check: Rd cross-references
Result: NOTE
    Undeclared package ‘snpar’ in Rd xrefs
    Unknown package ‘snpar’ in Rd xrefs
Flavor: r-devel-linux-x86_64-fedora-clang