CRAN Package Check Results for Package abbyyR

Last updated on 2022-08-12 19:53:00 CEST.

Flavor Version Tinstall Tcheck Ttotal Status Flags
r-devel-linux-x86_64-debian-clang 0.5.5 7.04 62.09 69.13 NOTE
r-devel-linux-x86_64-debian-gcc 0.5.5 6.25 47.40 53.65 NOTE
r-devel-linux-x86_64-fedora-clang 0.5.5 93.29 NOTE
r-devel-linux-x86_64-fedora-gcc 0.5.5 90.83 NOTE
r-devel-windows-x86_64 0.5.5 29.00 99.00 128.00 NOTE
r-patched-linux-x86_64 0.5.5 7.49 57.87 65.36 NOTE
r-release-linux-x86_64 0.5.5 5.76 58.69 64.45 NOTE
r-release-macos-arm64 0.5.5 27.00 NOTE
r-release-macos-x86_64 0.5.5 54.00 NOTE
r-release-windows-x86_64 0.5.5 36.00 98.00 134.00 NOTE
r-oldrel-macos-arm64 0.5.5 32.00 NOTE
r-oldrel-macos-x86_64 0.5.5 52.00 NOTE
r-oldrel-windows-ix86+x86_64 0.5.5 17.00 87.00 104.00 NOTE

Check Details

Version: 0.5.5
Check: LazyData
Result: NOTE
     'LazyData' is specified without a 'data' directory
Flavors: r-devel-linux-x86_64-debian-clang, r-devel-linux-x86_64-debian-gcc, r-devel-linux-x86_64-fedora-clang, r-devel-linux-x86_64-fedora-gcc, r-devel-windows-x86_64, r-patched-linux-x86_64, r-release-linux-x86_64, r-release-macos-arm64, r-release-macos-x86_64, r-release-windows-x86_64, r-oldrel-macos-arm64, r-oldrel-macos-x86_64, r-oldrel-windows-ix86+x86_64