Last updated on 2023-03-24 07:54:33 CET.
Flavor | Version | Tinstall | Tcheck | Ttotal | Status | Flags |
---|---|---|---|---|---|---|
r-devel-linux-x86_64-debian-clang | 0.4.0 | 576.52 | 44.25 | 620.77 | NOTE | |
r-devel-linux-x86_64-debian-gcc | 0.4.0 | 476.24 | 32.69 | 508.93 | NOTE | |
r-devel-linux-x86_64-fedora-clang | 0.4.0 | 915.20 | NOTE | |||
r-devel-linux-x86_64-fedora-gcc | 0.4.0 | 864.19 | NOTE | |||
r-devel-windows-x86_64 | 0.4.0 | 529.00 | 114.00 | 643.00 | NOTE | |
r-patched-linux-x86_64 | 0.4.0 | 487.24 | 42.04 | 529.28 | OK | |
r-release-linux-x86_64 | 0.4.0 | 490.23 | 41.60 | 531.83 | OK | |
r-release-macos-arm64 | 0.4.0 | 225.00 | NOTE | |||
r-release-macos-x86_64 | 0.4.0 | 247.00 | NOTE | |||
r-release-windows-x86_64 | 0.4.0 | 456.00 | 115.00 | 571.00 | OK | |
r-oldrel-macos-arm64 | 0.4.0 | 208.00 | NOTE | |||
r-oldrel-macos-x86_64 | 0.4.0 | 252.00 | NOTE | |||
r-oldrel-windows-ix86+x86_64 | 0.4.0 | 1246.00 | 118.00 | 1364.00 | NOTE |
Version: 0.4.0
Check: C++ specification
Result: NOTE
Specified C++11: please drop specification unless essential
Flavors: r-devel-linux-x86_64-debian-clang, r-devel-linux-x86_64-debian-gcc, r-devel-linux-x86_64-fedora-clang, r-devel-linux-x86_64-fedora-gcc, r-devel-windows-x86_64
Version: 0.4.0
Check: installed package size
Result: NOTE
installed size is 30.4Mb
sub-directories of 1Mb or more:
libs 29.9Mb
Flavors: r-release-macos-arm64, r-release-macos-x86_64, r-oldrel-macos-arm64, r-oldrel-macos-x86_64, r-oldrel-windows-ix86+x86_64