Last updated on 2022-08-15 00:52:07 CEST.
Flavor | Version | Tinstall | Tcheck | Ttotal | Status | Flags |
---|---|---|---|---|---|---|
r-devel-linux-x86_64-debian-clang | 0.3.0 | 415.71 | 31.93 | 447.64 | OK | |
r-devel-linux-x86_64-debian-gcc | 0.3.0 | 341.96 | 24.86 | 366.82 | OK | |
r-devel-linux-x86_64-fedora-clang | 0.3.0 | 710.04 | NOTE | |||
r-devel-linux-x86_64-fedora-gcc | 0.3.0 | 607.65 | OK | |||
r-devel-windows-x86_64 | 0.3.0 | 282.00 | 85.00 | 367.00 | OK | |
r-patched-linux-x86_64 | 0.3.0 | 347.76 | 30.53 | 378.29 | OK | |
r-release-linux-x86_64 | 0.3.0 | 341.78 | 31.37 | 373.15 | OK | |
r-release-macos-arm64 | 0.3.0 | 120.00 | NOTE | |||
r-release-macos-x86_64 | 0.3.0 | 167.00 | NOTE | |||
r-release-windows-x86_64 | 0.3.0 | 318.00 | 83.00 | 401.00 | OK | |
r-oldrel-macos-arm64 | 0.3.0 | 114.00 | NOTE | |||
r-oldrel-macos-x86_64 | 0.3.0 | 174.00 | NOTE | |||
r-oldrel-windows-ix86+x86_64 | 0.3.0 | 923.00 | 96.00 | 1019.00 | OK |
Version: 0.3.0
Check: installed package size
Result: NOTE
installed size is 15.9Mb
sub-directories of 1Mb or more:
libs 15.5Mb
Flavors: r-devel-linux-x86_64-fedora-clang, r-release-macos-arm64, r-release-macos-x86_64, r-oldrel-macos-arm64, r-oldrel-macos-x86_64