CRAN Package Check Results for Package abcrlda

Last updated on 2022-08-12 18:49:36 CEST.

Flavor Version Tinstall Tcheck Ttotal Status Flags
r-devel-linux-x86_64-debian-clang 1.0.3 2.14 26.35 28.49 NOTE
r-devel-linux-x86_64-debian-gcc 1.0.3 1.51 20.33 21.84 NOTE
r-devel-linux-x86_64-fedora-clang 1.0.3 45.34 NOTE
r-devel-linux-x86_64-fedora-gcc 1.0.3 43.82 NOTE
r-devel-windows-x86_64 1.0.3 15.00 49.00 64.00 NOTE
r-patched-linux-x86_64 1.0.3 1.92 24.39 26.31 NOTE
r-release-linux-x86_64 1.0.3 2.08 24.89 26.97 NOTE
r-release-macos-arm64 1.0.3 15.00 NOTE
r-release-macos-x86_64 1.0.3 22.00 NOTE
r-release-windows-x86_64 1.0.3 6.00 48.00 54.00 NOTE
r-oldrel-macos-arm64 1.0.3 19.00 NOTE
r-oldrel-macos-x86_64 1.0.3 27.00 NOTE
r-oldrel-windows-ix86+x86_64 1.0.3 6.00 39.00 45.00 NOTE

Check Details

Version: 1.0.3
Check: LazyData
Result: NOTE
     'LazyData' is specified without a 'data' directory
Flavors: r-devel-linux-x86_64-debian-clang, r-devel-linux-x86_64-debian-gcc, r-devel-linux-x86_64-fedora-clang, r-devel-linux-x86_64-fedora-gcc, r-devel-windows-x86_64, r-patched-linux-x86_64, r-release-linux-x86_64, r-release-macos-arm64, r-release-macos-x86_64, r-release-windows-x86_64, r-oldrel-macos-arm64, r-oldrel-macos-x86_64, r-oldrel-windows-ix86+x86_64