CRAN Package Check Results for Package abcrlda

Last updated on 2024-02-23 23:53:10 CET.

Flavor Version Tinstall Tcheck Ttotal Status Flags
r-devel-linux-x86_64-debian-clang 1.0.3 NOTE
r-devel-linux-x86_64-debian-gcc 1.0.3 1.44 19.93 21.37 NOTE
r-devel-linux-x86_64-fedora-clang 1.0.3 34.84 NOTE
r-devel-linux-x86_64-fedora-gcc 1.0.3 33.39 NOTE
r-devel-windows-x86_64 1.0.3 3.00 42.00 45.00 NOTE
r-patched-linux-x86_64 1.0.3 2.39 25.50 27.89 NOTE
r-release-linux-x86_64 1.0.3 2.17 24.86 27.03 NOTE
r-release-macos-arm64 1.0.3 16.00 NOTE
r-release-macos-x86_64 1.0.3 21.00 NOTE
r-release-windows-x86_64 1.0.3 6.00 42.00 48.00 NOTE
r-oldrel-macos-arm64 1.0.3 14.00 NOTE
r-oldrel-windows-x86_64 1.0.3 6.00 48.00 54.00 NOTE

Check Details

Version: 1.0.3
Check: LazyData
Result: NOTE 'LazyData' is specified without a 'data' directory Flavors: r-devel-linux-x86_64-debian-clang, r-devel-linux-x86_64-debian-gcc, r-devel-linux-x86_64-fedora-clang, r-devel-linux-x86_64-fedora-gcc, r-devel-windows-x86_64, r-patched-linux-x86_64, r-release-linux-x86_64, r-release-macos-arm64, r-release-macos-x86_64, r-release-windows-x86_64, r-oldrel-macos-arm64, r-oldrel-windows-x86_64