Last updated on 2022-08-09 06:50:09 CEST.
Flavor | Version | Tinstall | Tcheck | Ttotal | Status | Flags |
---|---|---|---|---|---|---|
r-devel-linux-x86_64-debian-clang | 0.4.5 | 368.15 | 101.91 | 470.06 | OK | |
r-devel-linux-x86_64-debian-gcc | 0.4.5 | 203.46 | 81.32 | 284.78 | OK | |
r-devel-linux-x86_64-fedora-clang | 0.4.5 | 689.00 | NOTE | |||
r-devel-linux-x86_64-fedora-gcc | 0.4.5 | 498.22 | OK | |||
r-devel-windows-x86_64 | 0.4.5 | 168.00 | 157.00 | 325.00 | OK | |
r-patched-linux-x86_64 | 0.4.5 | 221.41 | 99.74 | 321.15 | OK | |
r-release-linux-x86_64 | 0.4.5 | OK | ||||
r-release-macos-arm64 | 0.4.5 | 120.00 | NOTE | |||
r-release-macos-x86_64 | 0.4.5 | 170.00 | NOTE | |||
r-release-windows-x86_64 | 0.4.5 | 157.00 | 155.00 | 312.00 | OK | |
r-oldrel-macos-arm64 | 0.4.5 | 116.00 | NOTE | |||
r-oldrel-macos-x86_64 | 0.4.5 | 155.00 | NOTE | |||
r-oldrel-windows-ix86+x86_64 | 0.4.5 | 242.00 | 134.00 | 376.00 | OK |
Version: 0.4.5
Check: installed package size
Result: NOTE
installed size is 72.2Mb
sub-directories of 1Mb or more:
libs 71.2Mb
Flavors: r-devel-linux-x86_64-fedora-clang, r-release-macos-arm64, r-release-macos-x86_64, r-oldrel-macos-arm64, r-oldrel-macos-x86_64