CRAN Package Check Results for Package abf2

Last updated on 2018-09-20 00:46:38 CEST.

Flavor Version Tinstall Tcheck Ttotal Status Flags
r-devel-linux-x86_64-debian-clang 0.7-1 1.43 19.54 20.97 NOTE
r-devel-linux-x86_64-debian-gcc 0.7-1 0.92 16.11 17.03 NOTE
r-devel-linux-x86_64-fedora-clang 0.7-1 25.69 NOTE
r-devel-linux-x86_64-fedora-gcc 0.7-1 23.79 NOTE
r-devel-windows-ix86+x86_64 0.7-1 3.00 26.00 29.00 NOTE
r-patched-linux-x86_64 0.7-1 1.35 18.12 19.47 NOTE
r-patched-solaris-x86 0.7-1 34.80 NOTE
r-release-linux-x86_64 0.7-1 1.18 18.34 19.52 NOTE
r-release-windows-ix86+x86_64 0.7-1 4.00 33.00 37.00 NOTE
r-release-osx-x86_64 0.7-1 NOTE
r-oldrel-windows-ix86+x86_64 0.7-1 2.00 27.00 29.00 NOTE
r-oldrel-osx-x86_64 0.7-1 NOTE

Check Details

Version: 0.7-1
Check: R code for possible problems
Result: NOTE
    multiplot: no visible global function definition for ‘rainbow’
    multiplot: no visible global function definition for ‘plot’
    multiplot: no visible global function definition for ‘text’
    multiplot: no visible global function definition for ‘lines’
    multiplot: no visible global function definition for ‘par’
    plot.abf2: no visible global function definition for ‘plot’
    plot.abf2: no visible global function definition for ‘abline’
    plot.abf2: no visible global function definition for ‘text’
    plot.abf2split: no visible global function definition for ‘plot’
    Undefined global functions or variables:
     abline lines par plot rainbow text
    Consider adding
     importFrom("grDevices", "rainbow")
     importFrom("graphics", "abline", "lines", "par", "plot", "text")
    to your NAMESPACE file.
Flavors: r-devel-linux-x86_64-debian-clang, r-devel-linux-x86_64-debian-gcc, r-devel-linux-x86_64-fedora-clang, r-devel-linux-x86_64-fedora-gcc, r-devel-windows-ix86+x86_64, r-patched-linux-x86_64, r-patched-solaris-x86, r-release-linux-x86_64, r-release-windows-ix86+x86_64, r-release-osx-x86_64, r-oldrel-windows-ix86+x86_64, r-oldrel-osx-x86_64