CRAN Package Check Results for Package abf2

Last updated on 2017-03-30 19:47:29.

Flavor Version Tinstall Tcheck Ttotal Status Flags
r-devel-linux-x86_64-debian-clang 0.7-1 0.66 12.38 13.03 NOTE
r-devel-linux-x86_64-debian-gcc 0.7-1 0.62 11.75 12.37 NOTE
r-devel-linux-x86_64-fedora-clang 0.7-1 20.77 NOTE --no-stop-on-test-error
r-devel-linux-x86_64-fedora-gcc 0.7-1 19.94 NOTE --no-stop-on-test-error
r-devel-macos-x86_64-clang 0.7-1 18.68 NOTE --no-stop-on-test-error
r-devel-windows-ix86+x86_64 0.7-1 2.00 26.00 28.00 NOTE
r-patched-linux-x86_64 0.7-1 0.61 11.99 12.59 NOTE
r-patched-solaris-sparc 0.7-1 125.60 NOTE
r-patched-solaris-x86 0.7-1 28.90 NOTE
r-release-linux-x86_64 0.7-1 0.60 9.88 10.48 NOTE
r-release-osx-x86_64-mavericks 0.7-1 NOTE
r-release-windows-ix86+x86_64 0.7-1 2.00 26.00 28.00 NOTE
r-oldrel-windows-ix86+x86_64 0.7-1 2.00 25.00 27.00 OK

Check Details

Version: 0.7-1
Check: R code for possible problems
Result: NOTE
    multiplot: no visible global function definition for ‘rainbow’
    multiplot: no visible global function definition for ‘plot’
    multiplot: no visible global function definition for ‘text’
    multiplot: no visible global function definition for ‘lines’
    multiplot: no visible global function definition for ‘par’
    plot.abf2: no visible global function definition for ‘plot’
    plot.abf2: no visible global function definition for ‘abline’
    plot.abf2: no visible global function definition for ‘text’
    plot.abf2split: no visible global function definition for ‘plot’
    Undefined global functions or variables:
     abline lines par plot rainbow text
    Consider adding
     importFrom("grDevices", "rainbow")
     importFrom("graphics", "abline", "lines", "par", "plot", "text")
    to your NAMESPACE file.
Flavors: r-devel-linux-x86_64-debian-clang, r-devel-linux-x86_64-debian-gcc, r-devel-windows-ix86+x86_64, r-patched-linux-x86_64, r-patched-solaris-sparc, r-patched-solaris-x86, r-release-linux-x86_64, r-release-osx-x86_64-mavericks, r-release-windows-ix86+x86_64

Version: 0.7-1
Flags: --no-stop-on-test-error
Check: R code for possible problems
Result: NOTE
    multiplot: no visible global function definition for ‘rainbow’
    multiplot: no visible global function definition for ‘plot’
    multiplot: no visible global function definition for ‘text’
    multiplot: no visible global function definition for ‘lines’
    multiplot: no visible global function definition for ‘par’
    plot.abf2: no visible global function definition for ‘plot’
    plot.abf2: no visible global function definition for ‘abline’
    plot.abf2: no visible global function definition for ‘text’
    plot.abf2split: no visible global function definition for ‘plot’
    Undefined global functions or variables:
     abline lines par plot rainbow text
    Consider adding
     importFrom("grDevices", "rainbow")
     importFrom("graphics", "abline", "lines", "par", "plot", "text")
    to your NAMESPACE file.
Flavors: r-devel-linux-x86_64-fedora-clang, r-devel-linux-x86_64-fedora-gcc, r-devel-macos-x86_64-clang