CRAN Package Check Results for Package abglasso

Last updated on 2021-10-18 00:48:05 CEST.

Flavor Version Tinstall Tcheck Ttotal Status Flags
r-devel-linux-x86_64-debian-clang 0.1.1 2.01 21.97 23.98 OK
r-devel-linux-x86_64-debian-gcc 0.1.1 1.78 17.76 19.54 OK
r-devel-linux-x86_64-fedora-clang 0.1.1 40.46 NOTE
r-devel-linux-x86_64-fedora-gcc 0.1.1 29.59 NOTE
r-devel-windows-x86_64 0.1.1 3.00 38.00 41.00 OK
r-devel-windows-x86_64-gcc10-UCRT 0.1.1 NOTE
r-patched-linux-x86_64 0.1.1 2.11 21.77 23.88 OK
r-patched-solaris-x86 0.1.1 47.10 NOTE
r-release-linux-x86_64 0.1.1 1.93 21.59 23.52 OK
r-release-macos-arm64 0.1.1 NOTE
r-release-macos-x86_64 0.1.1 NOTE
r-release-windows-ix86+x86_64 0.1.1 4.00 41.00 45.00 OK
r-oldrel-macos-x86_64 0.1.1 NOTE
r-oldrel-windows-ix86+x86_64 0.1.1 5.00 42.00 47.00 OK

Check Details

Version: 0.1.1
Check: dependencies in R code
Result: NOTE
    Namespace in Imports field not imported from: ‘MASS’
     All declared Imports should be used.
Flavors: r-devel-linux-x86_64-fedora-clang, r-devel-linux-x86_64-fedora-gcc, r-devel-windows-x86_64-gcc10-UCRT, r-patched-solaris-x86, r-release-macos-arm64, r-release-macos-x86_64, r-oldrel-macos-x86_64