CRAN Package Check Results for Package abjData

Last updated on 2022-08-09 05:54:37 CEST.

Flavor Version Tinstall Tcheck Ttotal Status Flags
r-devel-linux-x86_64-debian-clang 1.1.2 16.09 25.96 42.05 OK
r-devel-linux-x86_64-debian-gcc 1.1.2 11.68 20.35 32.03 OK
r-devel-linux-x86_64-fedora-clang 1.1.2 65.15 NOTE
r-devel-linux-x86_64-fedora-gcc 1.1.2 63.86 NOTE
r-devel-windows-x86_64 1.1.2 27.00 48.00 75.00 OK
r-patched-linux-x86_64 1.1.2 17.18 24.59 41.77 OK
r-release-linux-x86_64 1.1.2 OK
r-release-macos-arm64 1.1.2 23.00 NOTE
r-release-macos-x86_64 1.1.2 36.00 NOTE
r-release-windows-x86_64 1.1.2 28.00 43.00 71.00 OK
r-oldrel-macos-arm64 1.1.2 24.00 NOTE
r-oldrel-macos-x86_64 1.1.2 36.00 NOTE
r-oldrel-windows-ix86+x86_64 1.1.2 29.00 40.00 69.00 OK

Check Details

Version: 1.1.2
Check: data for non-ASCII characters
Result: NOTE
     Note: found 134469 marked UTF-8 strings
Flavors: r-devel-linux-x86_64-fedora-clang, r-devel-linux-x86_64-fedora-gcc, r-release-macos-arm64, r-release-macos-x86_64, r-oldrel-macos-arm64, r-oldrel-macos-x86_64