CRAN Package Check Results for Package abjutils

Last updated on 2020-07-16 19:47:10 CEST.

Flavor Version Tinstall Tcheck Ttotal Status Flags
r-devel-linux-x86_64-debian-clang 0.2.3 3.45 27.98 31.43 NOTE
r-devel-linux-x86_64-debian-gcc 0.2.3 2.63 21.98 24.61 NOTE
r-devel-linux-x86_64-fedora-clang 0.2.3 46.56 NOTE
r-devel-linux-x86_64-fedora-gcc 0.2.3 37.70 NOTE
r-devel-windows-ix86+x86_64 0.2.3 10.00 65.00 75.00 NOTE
r-patched-linux-x86_64 0.2.3 3.35 27.40 30.75 NOTE
r-patched-solaris-x86 0.2.3 56.70 NOTE
r-release-linux-x86_64 0.2.3 2.81 27.33 30.14 NOTE
r-release-windows-ix86+x86_64 0.2.3 14.00 61.00 75.00 NOTE
r-oldrel-macos-x86_64 0.2.3 NOTE
r-oldrel-windows-ix86+x86_64 0.2.3 11.00 60.00 71.00 NOTE

Check Details

Version: 0.2.3
Check: dependencies in R code
Result: NOTE
    Missing or unexported object: 'devtools::use_package'
Flavors: r-devel-linux-x86_64-debian-clang, r-devel-linux-x86_64-debian-gcc, r-devel-windows-ix86+x86_64, r-patched-linux-x86_64, r-release-linux-x86_64, r-release-windows-ix86+x86_64, r-oldrel-windows-ix86+x86_64

Version: 0.2.3
Check: dependencies in R code
Result: NOTE
    Namespaces in Imports field not imported from:
     ‘httr’ ‘progress’
     All declared Imports should be used.
    Missing or unexported object: ‘devtools::use_package’
Flavors: r-devel-linux-x86_64-fedora-clang, r-devel-linux-x86_64-fedora-gcc, r-patched-solaris-x86

Version: 0.2.3
Check: dependencies in R code
Result: NOTE
    Namespaces in Imports field not imported from:
     ‘httr’ ‘progress’
     All declared Imports should be used.
Flavor: r-oldrel-macos-x86_64