CRAN Package Check Results for Package abjutils

Last updated on 2019-06-16 02:47:50 CEST.

Flavor Version Tinstall Tcheck Ttotal Status Flags
r-devel-linux-x86_64-debian-clang 0.2.3 2.51 23.97 26.48 OK
r-devel-linux-x86_64-debian-gcc 0.2.3 2.07 19.34 21.41 OK
r-devel-linux-x86_64-fedora-clang 0.2.3 31.93 NOTE
r-devel-linux-x86_64-fedora-gcc 0.2.3 30.19 NOTE
r-devel-windows-ix86+x86_64 0.2.3 11.00 61.00 72.00 OK
r-patched-linux-x86_64 0.2.3 2.51 24.36 26.87 OK
r-patched-solaris-x86 0.2.3 50.50 NOTE
r-release-linux-x86_64 0.2.3 2.31 24.35 26.66 OK
r-release-windows-ix86+x86_64 0.2.3 7.00 104.00 111.00 OK
r-release-osx-x86_64 0.2.3 NOTE
r-oldrel-windows-ix86+x86_64 0.2.3 4.00 58.00 62.00 OK
r-oldrel-osx-x86_64 0.2.3 NOTE

Check Details

Version: 0.2.3
Check: dependencies in R code
Result: NOTE
    Namespaces in Imports field not imported from:
     ‘httr’ ‘progress’
     All declared Imports should be used.
Flavors: r-devel-linux-x86_64-fedora-clang, r-devel-linux-x86_64-fedora-gcc, r-patched-solaris-x86, r-release-osx-x86_64, r-oldrel-osx-x86_64