CRAN Package Check Results for Package abjutils

Last updated on 2019-08-19 11:48:57 CEST.

Flavor Version Tinstall Tcheck Ttotal Status Flags
r-devel-linux-x86_64-debian-clang 0.2.3 2.85 24.38 27.23 NOTE
r-devel-linux-x86_64-debian-gcc 0.2.3 2.12 20.07 22.19 NOTE
r-devel-linux-x86_64-fedora-clang 0.2.3 34.54 NOTE
r-devel-linux-x86_64-fedora-gcc 0.2.3 32.49 NOTE
r-devel-windows-ix86+x86_64 0.2.3 16.00 62.00 78.00 NOTE
r-patched-linux-x86_64 0.2.3 2.49 24.10 26.59 NOTE
r-patched-solaris-x86 0.2.3 49.80 NOTE
r-release-linux-x86_64 0.2.3 2.50 24.51 27.01 NOTE
r-release-windows-ix86+x86_64 0.2.3 7.00 42.00 49.00 NOTE
r-release-osx-x86_64 0.2.3 NOTE
r-oldrel-windows-ix86+x86_64 0.2.3 8.00 56.00 64.00 NOTE
r-oldrel-osx-x86_64 0.2.3 NOTE

Check Details

Version: 0.2.3
Check: dependencies in R code
Result: NOTE
    Missing or unexported object: 'devtools::use_package'
Flavors: r-devel-linux-x86_64-debian-clang, r-devel-linux-x86_64-debian-gcc, r-devel-windows-ix86+x86_64, r-patched-linux-x86_64, r-release-linux-x86_64, r-release-windows-ix86+x86_64, r-oldrel-windows-ix86+x86_64

Version: 0.2.3
Check: dependencies in R code
Result: NOTE
    Namespaces in Imports field not imported from:
     ‘httr’ ‘progress’
     All declared Imports should be used.
    Missing or unexported object: ‘devtools::use_package’
Flavors: r-devel-linux-x86_64-fedora-clang, r-devel-linux-x86_64-fedora-gcc, r-patched-solaris-x86

Version: 0.2.3
Check: dependencies in R code
Result: NOTE
    Namespaces in Imports field not imported from:
     ‘httr’ ‘progress’
     All declared Imports should be used.
Flavors: r-release-osx-x86_64, r-oldrel-osx-x86_64