CRAN Package Check Results for Package abn

Last updated on 2019-08-23 02:47:22 CEST.

Flavor Version Tinstall Tcheck Ttotal Status Flags
r-devel-linux-x86_64-debian-clang 2.1 141.63 92.06 233.69 NOTE
r-devel-linux-x86_64-debian-gcc 2.1 126.09 72.77 198.86 NOTE
r-devel-linux-x86_64-fedora-clang 2.1 350.78 NOTE
r-devel-linux-x86_64-fedora-gcc 2.1 358.05 OK
r-devel-windows-ix86+x86_64 2.1 394.00 188.00 582.00 NOTE
r-patched-linux-x86_64 2.1 137.10 92.04 229.14 NOTE
r-patched-solaris-x86 2.1 348.40 NOTE
r-release-linux-x86_64 2.1 146.75 91.34 238.09 NOTE
r-release-windows-ix86+x86_64 2.1 377.00 198.00 575.00 NOTE
r-release-osx-x86_64 2.1 ERROR
r-oldrel-windows-ix86+x86_64 2.1 363.00 176.00 539.00 NOTE
r-oldrel-osx-x86_64 2.1 NOTE

Check Details

Version: 2.1
Check: package dependencies
Result: NOTE
    Package suggested but not available for checking: 'INLA'
Flavors: r-devel-linux-x86_64-debian-clang, r-devel-linux-x86_64-debian-gcc, r-patched-linux-x86_64, r-patched-solaris-x86, r-release-linux-x86_64, r-oldrel-osx-x86_64

Version: 2.1
Check: installed package size
Result: NOTE
     installed size is 8.5Mb
     sub-directories of 1Mb or more:
     libs 6.1Mb
Flavors: r-devel-linux-x86_64-fedora-clang, r-devel-windows-ix86+x86_64, r-release-windows-ix86+x86_64, r-release-osx-x86_64, r-oldrel-windows-ix86+x86_64, r-oldrel-osx-x86_64

Version: 2.1
Check: package dependencies
Result: NOTE
    Packages suggested but not available for checking: 'INLA', 'Rgraphviz'
Flavor: r-release-osx-x86_64

Version: 2.1
Check: examples
Result: ERROR
    Running examples in ‘abn-Ex.R’ failed
    The error most likely occurred in:
    
    > ### Name: linkStrength
    > ### Title: A function that returns the strengths of the edge connections in
    > ### a Bayesian Network learned form observational data.
    > ### Aliases: linkStrength link.strength linkstrength
    > ### Keywords: utilities
    >
    > ### ** Examples
    >
    >
    > dist <- list(a="gaussian", b="gaussian", c="gaussian")
    > data.param <- matrix(c(0,1,0, 0,0,1, 0,0,0), nrow = 3L, ncol = 3L, byrow = TRUE)
    >
    > data.param.var <- matrix(0, nrow = 3L, ncol = 3L)
    > diag(data.param.var) <- c(0.1,0.1,0.1)
    >
    > out <- simulateAbn(data.dists = dist,
    + n.chains = 1, n.adapt = 1000, n.thin = 1, n.iter = 100,
    + data.param = data.param, data.param.var = data.param.var)
    Creation of the BUG file: model.bug
    BUG file created
    Compiling model graph
     Resolving undeclared variables
     Allocating nodes
    Graph information:
     Observed stochastic nodes: 0
     Unobserved stochastic nodes: 3
     Total graph size: 15
    
    Initializing model
    
    >
    > linkStrength(data.param, data.df = out, data.dists = dist,
    + method = "ls", discretization.method = "sturges")
    Error in linkStrength(data.param, data.df = out, data.dists = dist, method = "ls", :
     library Rgraphviz is not available!
    Rgraphviz is available as part of the bioconductor project - see http://www.bioconductor.org/install
    Rgraphviz is required is create.graph=TRUE
    Execution halted
Flavor: r-release-osx-x86_64