CRAN Package Check Results for Package abn

Last updated on 2022-05-19 09:53:06 CEST.

Flavor Version Tinstall Tcheck Ttotal Status Flags
r-devel-linux-x86_64-debian-clang 2.7-1 201.36 12.95 214.31 FAIL
r-devel-linux-x86_64-debian-gcc 2.7-1 159.80 146.24 306.04 NOTE
r-devel-linux-x86_64-fedora-clang 2.7-1 740.25 NOTE
r-devel-linux-x86_64-fedora-gcc 2.7-1 691.07 OK
r-devel-windows-x86_64 2.7-1 186.00 248.00 434.00 NOTE
r-patched-linux-x86_64 2.7-1 172.74 185.99 358.73 NOTE
r-release-linux-x86_64 2.7-1 175.86 186.11 361.97 NOTE
r-release-macos-arm64 2.7-1 124.00 NOTE
r-release-macos-x86_64 2.7-1 173.00 NOTE
r-release-windows-x86_64 2.7-1 186.00 246.00 432.00 NOTE
r-oldrel-macos-arm64 2.7-1 134.00 NOTE
r-oldrel-macos-x86_64 2.7-1 155.00 NOTE
r-oldrel-windows-ix86+x86_64 2.7-1 497.00 372.00 869.00 NOTE

Check Details

Version: 2.7-1
Check: package dependencies
Result: FAIL
Flavor: r-devel-linux-x86_64-debian-clang

Version: 2.7-1
Check: package dependencies
Result: NOTE
    Package suggested but not available for checking: ‘INLA’
Flavors: r-devel-linux-x86_64-debian-gcc, r-devel-windows-x86_64, r-patched-linux-x86_64, r-release-linux-x86_64, r-release-macos-arm64, r-release-macos-x86_64, r-release-windows-x86_64, r-oldrel-macos-arm64, r-oldrel-macos-x86_64

Version: 2.7-1
Check: installed package size
Result: NOTE
     installed size is 7.6Mb
     sub-directories of 1Mb or more:
     libs 4.6Mb
Flavors: r-devel-linux-x86_64-fedora-clang, r-release-macos-arm64, r-release-macos-x86_64, r-oldrel-macos-arm64, r-oldrel-macos-x86_64, r-oldrel-windows-ix86+x86_64