CRAN Package Check Results for Package abn

Last updated on 2020-07-13 13:48:25 CEST.

Flavor Version Tinstall Tcheck Ttotal Status Flags
r-devel-linux-x86_64-debian-clang 2.2.2 187.29 106.93 294.22 NOTE
r-devel-linux-x86_64-debian-gcc 2.2.2 141.59 81.25 222.84 NOTE
r-devel-linux-x86_64-fedora-clang 2.2.2 404.77 NOTE
r-devel-linux-x86_64-fedora-gcc 2.2.2 382.94 OK
r-devel-windows-ix86+x86_64 2.2.2 375.00 208.00 583.00 NOTE
r-patched-linux-x86_64 2.2.2 151.94 105.01 256.95 NOTE
r-patched-solaris-x86 2.2.2 352.90 NOTE
r-release-linux-x86_64 2.2.2 150.58 104.80 255.38 NOTE
r-release-macos-x86_64 2.2.2 ERROR
r-release-windows-ix86+x86_64 2.2.2 475.00 215.00 690.00 NOTE
r-oldrel-macos-x86_64 2.2.2 NOTE
r-oldrel-windows-ix86+x86_64 2.2.2 451.00 207.00 658.00 NOTE

Check Details

Version: 2.2.2
Check: package dependencies
Result: NOTE
    Package suggested but not available for checking: 'INLA'
Flavors: r-devel-linux-x86_64-debian-clang, r-devel-linux-x86_64-debian-gcc, r-patched-linux-x86_64, r-patched-solaris-x86, r-release-linux-x86_64, r-release-macos-x86_64, r-oldrel-macos-x86_64

Version: 2.2.2
Check: installed package size
Result: NOTE
     installed size is 10.5Mb
     sub-directories of 1Mb or more:
     libs 7.6Mb
Flavors: r-devel-linux-x86_64-fedora-clang, r-devel-windows-ix86+x86_64, r-release-windows-ix86+x86_64, r-oldrel-macos-x86_64, r-oldrel-windows-ix86+x86_64

Version: 2.2.2
Check: whether package can be installed
Result: ERROR
    Installation failed.
Flavor: r-release-macos-x86_64