CRAN Package Check Results for Package abn

Last updated on 2019-10-18 18:47:45 CEST.

Flavor Version Tinstall Tcheck Ttotal Status Flags
r-devel-linux-x86_64-debian-clang 2.1 173.73 91.68 265.41 NOTE
r-devel-linux-x86_64-debian-gcc 2.1 132.60 72.69 205.29 NOTE
r-devel-linux-x86_64-fedora-clang 2.1 349.84 NOTE
r-devel-linux-x86_64-fedora-gcc 2.1 343.12 OK
r-devel-windows-ix86+x86_64 2.1 377.00 133.00 510.00 NOTE
r-patched-linux-x86_64 2.1 139.72 90.30 230.02 NOTE
r-patched-solaris-x86 2.1 328.50 NOTE
r-release-linux-x86_64 2.1 143.86 92.23 236.09 NOTE
r-release-windows-ix86+x86_64 2.1 259.00 140.00 399.00 NOTE
r-release-osx-x86_64 2.1 NOTE
r-oldrel-windows-ix86+x86_64 2.1 280.00 122.00 402.00 NOTE
r-oldrel-osx-x86_64 2.1 NOTE

Check Details

Version: 2.1
Check: package dependencies
Result: NOTE
    Package suggested but not available for checking: 'INLA'
Flavors: r-devel-linux-x86_64-debian-clang, r-devel-linux-x86_64-debian-gcc, r-patched-linux-x86_64, r-patched-solaris-x86, r-release-linux-x86_64, r-release-osx-x86_64, r-oldrel-osx-x86_64

Version: 2.1
Check: installed package size
Result: NOTE
     installed size is 8.8Mb
     sub-directories of 1Mb or more:
     libs 6.4Mb
Flavors: r-devel-linux-x86_64-fedora-clang, r-devel-windows-ix86+x86_64, r-release-windows-ix86+x86_64, r-release-osx-x86_64, r-oldrel-windows-ix86+x86_64, r-oldrel-osx-x86_64