CRAN Package Check Results for Package abn

Last updated on 2020-04-05 02:50:22 CEST.

Flavor Version Tinstall Tcheck Ttotal Status Flags
r-devel-linux-x86_64-debian-clang 2.2 184.21 102.80 287.01 NOTE
r-devel-linux-x86_64-debian-gcc 2.2 128.05 79.04 207.09 NOTE
r-devel-linux-x86_64-fedora-clang 2.2 384.00 NOTE
r-devel-linux-x86_64-fedora-gcc 2.2 367.58 OK
r-devel-windows-ix86+x86_64 2.2 305.00 141.00 446.00 ERROR
r-devel-windows-ix86+x86_64-gcc8 2.2 358.00 161.00 519.00 ERROR
r-patched-linux-x86_64 2.2 149.89 100.14 250.03 NOTE
r-patched-solaris-x86 2.2 362.90 NOTE
r-release-linux-x86_64 2.2 143.63 90.11 233.74 NOTE
r-release-windows-ix86+x86_64 2.2 353.00 230.00 583.00 NOTE
r-release-osx-x86_64 2.2 NOTE
r-oldrel-windows-ix86+x86_64 2.2 378.00 133.00 511.00 NOTE
r-oldrel-osx-x86_64 2.2 NOTE

Check Details

Version: 2.2
Check: package dependencies
Result: NOTE
    Package suggested but not available for checking: 'INLA'
Flavors: r-devel-linux-x86_64-debian-clang, r-devel-linux-x86_64-debian-gcc, r-patched-linux-x86_64, r-patched-solaris-x86, r-release-linux-x86_64, r-release-osx-x86_64, r-oldrel-osx-x86_64

Version: 2.2
Check: installed package size
Result: NOTE
     installed size is 10.2Mb
     sub-directories of 1Mb or more:
     libs 7.3Mb
Flavors: r-devel-linux-x86_64-fedora-clang, r-devel-windows-ix86+x86_64, r-devel-windows-ix86+x86_64-gcc8, r-release-windows-ix86+x86_64, r-release-osx-x86_64, r-oldrel-windows-ix86+x86_64, r-oldrel-osx-x86_64

Version: 2.2
Check: running examples for arch ‘i386’
Result: ERROR
    Running examples in 'abn-Ex.R' failed
    The error most likely occurred in:
    
    > ### Name: plotabn
    > ### Title: Plot an ABN graphic
    > ### Aliases: plotabn
    > ### Keywords: models hplot
    >
    > ### ** Examples
    >
    > #Define distribution list
    > dist <- list(a="gaussian", b="gaussian", c="gaussian", d="gaussian", e="binomial", f="binomial")
    >
    > #Define a matrix formulation
    > arc.strength <- matrix(c(0,0.5,0.5,0.7,0.1,0,
    + 0,0,0.3,0.1,0,0.8,
    + 0,0,0,0.35,0.66,0,
    + 0,0,0,0,0.9,0,
    + 0,0,0,0,0,0.8,
    + 0,0,0,0,0,0),nrow = 6L, ncol = 6L, byrow = TRUE)
    >
    > #Naming of the matrix
    > colnames(arc.strength) <- rownames(arc.strength) <- names(dist)
    >
    > #Plot from a formula
    > plotabn(dag.m = ~a|b:c:e+b|c:d:f+e|f, data.dist = dist)
    Error in as.double(y) :
     cannot coerce type 'S4' to vector of type 'double'
    Calls: plotabn ... <Anonymous> -> <Anonymous> -> plot.default -> xy.coords
    Execution halted
Flavors: r-devel-windows-ix86+x86_64, r-devel-windows-ix86+x86_64-gcc8

Version: 2.2
Check: running examples for arch ‘x64’
Result: ERROR
    Running examples in 'abn-Ex.R' failed
    The error most likely occurred in:
    
    > ### Name: plotabn
    > ### Title: Plot an ABN graphic
    > ### Aliases: plotabn
    > ### Keywords: models hplot
    >
    > ### ** Examples
    >
    > #Define distribution list
    > dist <- list(a="gaussian", b="gaussian", c="gaussian", d="gaussian", e="binomial", f="binomial")
    >
    > #Define a matrix formulation
    > arc.strength <- matrix(c(0,0.5,0.5,0.7,0.1,0,
    + 0,0,0.3,0.1,0,0.8,
    + 0,0,0,0.35,0.66,0,
    + 0,0,0,0,0.9,0,
    + 0,0,0,0,0,0.8,
    + 0,0,0,0,0,0),nrow = 6L, ncol = 6L, byrow = TRUE)
    >
    > #Naming of the matrix
    > colnames(arc.strength) <- rownames(arc.strength) <- names(dist)
    >
    > #Plot from a formula
    > plotabn(dag.m = ~a|b:c:e+b|c:d:f+e|f, data.dist = dist)
    Error in as.double(y) :
     cannot coerce type 'S4' to vector of type 'double'
    Calls: plotabn ... <Anonymous> -> <Anonymous> -> plot.default -> xy.coords
    Execution halted
Flavors: r-devel-windows-ix86+x86_64, r-devel-windows-ix86+x86_64-gcc8