CRAN Package Check Results for Package abn

Last updated on 2023-09-24 22:07:51 CEST.

Flavor Version Tinstall Tcheck Ttotal Status Flags
r-devel-linux-x86_64-debian-clang 3.0.0 218.33 1304.15 1522.48 ERROR
r-devel-linux-x86_64-debian-gcc 3.0.0 141.39 1263.42 1404.81 ERROR
r-devel-linux-x86_64-fedora-clang 3.0.0 2625.46 ERROR
r-devel-linux-x86_64-fedora-gcc 3.0.0 2624.99 ERROR
r-devel-windows-x86_64 3.0.0 157.00 527.00 684.00 NOTE
r-patched-linux-x86_64 3.0.0 176.42 1299.38 1475.80 ERROR
r-release-linux-x86_64 3.0.0 165.80 1297.68 1463.48 ERROR
r-release-macos-arm64 3.0.0 876.00 NOTE
r-release-macos-x86_64 3.0.0 1109.00 NOTE
r-release-windows-x86_64 3.0.0 210.00 692.00 902.00 NOTE
r-oldrel-macos-arm64 3.0.0 794.00 NOTE
r-oldrel-macos-x86_64 3.0.0 942.00 NOTE
r-oldrel-windows-x86_64 3.0.0 201.00 684.00 885.00 NOTE

Additional issues

clang-ASAN gcc-ASAN valgrind

Check Details

Version: 3.0.0
Check: package dependencies
Result: NOTE
    Package suggested but not available for checking: ‘INLA’
Flavors: r-devel-linux-x86_64-debian-clang, r-devel-linux-x86_64-debian-gcc, r-devel-windows-x86_64, r-patched-linux-x86_64, r-release-linux-x86_64, r-release-macos-arm64, r-release-macos-x86_64, r-release-windows-x86_64, r-oldrel-macos-arm64, r-oldrel-macos-x86_64, r-oldrel-windows-x86_64

Version: 3.0.0
Check: tests
Result: ERROR
     Running ‘testthat.R’ [20m/23m]
    Running the tests in ‘tests/testthat.R’ failed.
    Complete output:
     > # This file is part of the standard setup for testthat.
     > # It is recommended that you do not modify it.
     > #
     > # Where should you do additional test configuration?
     > # Learn more about the roles of various files in:
     > # * https://r-pkgs.org/tests.html
     > # * https://testthat.r-lib.org/reference/test_package.html#special-files
     >
     > library(testthat)
     > library(abn)
     abn version 3.0.0 (2023-09-01) is loaded.
     To cite the package 'abn' in publications call: citation('abn').
    
     Attaching package: 'abn'
    
     The following object is masked from 'package:base':
    
     factorial
    
     >
     > test_check("abn")
     dev.new(): using pdf(file="Rplots1.pdf")
    
     Iteration 1 - deviance = 801.89 - criterion = 2.014199
     Iteration 2 - deviance = 800.5341 - criterion = 0.04426251
     Iteration 3 - deviance = 800.5339 - criterion = 5.210016e-06
     Iteration 4 - deviance = 800.5339 - criterion = 5.363507e-13
     converged
    
     Iteration 1 - deviance = 798.6166 - criterion = 1.874215
     Iteration 2 - deviance = 797.3505 - criterion = 0.03945357
     Iteration 3 - deviance = 797.3503 - criterion = 8.411144e-06
     Iteration 4 - deviance = 797.3503 - criterion = 6.416675e-13
     converged
    
     Iteration 1 - deviance = 800.841 - criterion = 1.953695
     Iteration 2 - deviance = 799.4241 - criterion = 0.04384531
     Iteration 3 - deviance = 799.424 - criterion = 5.262527e-06
     Iteration 4 - deviance = 799.424 - criterion = 7.763524e-13
     converged
    
     Iteration 1 - deviance = 733.9755 - criterion = 1.056032
     Iteration 2 - deviance = 730.6673 - criterion = 0.04998392
     Iteration 3 - deviance = 730.577 - criterion = 0.002808114
     Iteration 4 - deviance = 730.5768 - criterion = 7.365004e-06
     Iteration 5 - deviance = 730.5768 - criterion = 3.999521e-11
     converged
     boundary (singular) fit: see help('isSingular')
     boundary (singular) fit: see help('isSingular')
     boundary (singular) fit: see help('isSingular')
     boundary (singular) fit: see help('isSingular')
    
     Iteration 1 - deviance = 733.9755 - criterion = 1.056032
     Iteration 2 - deviance = 730.6673 - criterion = 0.04998392
     Iteration 3 - deviance = 730.577 - criterion = 0.002808114
     Iteration 4 - deviance = 730.5768 - criterion = 7.365004e-06
     Iteration 5 - deviance = 730.5768 - criterion = 3.999521e-11
     converged
     boundary (singular) fit: see help('isSingular')
    
     Iteration 1 - deviance = 801.89 - criterion = 2.014199
     Iteration 2 - deviance = 800.5341 - criterion = 0.04426251
     Iteration 3 - deviance = 800.5339 - criterion = 5.210016e-06
     Iteration 4 - deviance = 800.5339 - criterion = 5.363507e-13
     converged
    
     Iteration 1 - deviance = 798.6166 - criterion = 1.874215
     Iteration 2 - deviance = 797.3505 - criterion = 0.03945357
     Iteration 3 - deviance = 797.3503 - criterion = 8.411144e-06
     Iteration 4 - deviance = 797.3503 - criterion = 6.416675e-13
     converged
    
     Iteration 1 - deviance = 800.841 - criterion = 1.953695
     Iteration 2 - deviance = 799.4241 - criterion = 0.04384531
     Iteration 3 - deviance = 799.424 - criterion = 5.262527e-06
     Iteration 4 - deviance = 799.424 - criterion = 7.763524e-13
     converged
    
     Iteration 1 - deviance = 733.9755 - criterion = 1.056032
     Iteration 2 - deviance = 730.6673 - criterion = 0.04998392
     Iteration 3 - deviance = 730.577 - criterion = 0.002808114
     Iteration 4 - deviance = 730.5768 - criterion = 7.365004e-06
     Iteration 5 - deviance = 730.5768 - criterion = 3.999521e-11
     converged
     boundary (singular) fit: see help('isSingular')
     boundary (singular) fit: see help('isSingular')
     boundary (singular) fit: see help('isSingular')
     boundary (singular) fit: see help('isSingular')
    
     Iteration 1 - deviance = 801.89 - criterion = 2.014199
     Iteration 2 - deviance = 800.5341 - criterion = 0.04426251
     Iteration 3 - deviance = 800.5339 - criterion = 5.210016e-06
     Iteration 4 - deviance = 800.5339 - criterion = 5.363507e-13
     converged
     boundary (singular) fit: see help('isSingular')
     Killed
Flavors: r-devel-linux-x86_64-debian-clang, r-patched-linux-x86_64

Version: 3.0.0
Check: tests
Result: ERROR
     Running ‘testthat.R’ [20m/32m]
    Running the tests in ‘tests/testthat.R’ failed.
    Complete output:
     > # This file is part of the standard setup for testthat.
     > # It is recommended that you do not modify it.
     > #
     > # Where should you do additional test configuration?
     > # Learn more about the roles of various files in:
     > # * https://r-pkgs.org/tests.html
     > # * https://testthat.r-lib.org/reference/test_package.html#special-files
     >
     > library(testthat)
     > library(abn)
     abn version 3.0.0 (2023-09-01) is loaded.
     To cite the package 'abn' in publications call: citation('abn').
    
     Attaching package: 'abn'
    
     The following object is masked from 'package:base':
    
     factorial
    
     >
     > test_check("abn")
     dev.new(): using pdf(file="Rplots1.pdf")
    
     Iteration 1 - deviance = 801.89 - criterion = 2.014199
     Iteration 2 - deviance = 800.5341 - criterion = 0.04426251
     Iteration 3 - deviance = 800.5339 - criterion = 5.210016e-06
     Iteration 4 - deviance = 800.5339 - criterion = 5.363507e-13
     converged
    
     Iteration 1 - deviance = 798.6166 - criterion = 1.874215
     Iteration 2 - deviance = 797.3505 - criterion = 0.03945357
     Iteration 3 - deviance = 797.3503 - criterion = 8.411144e-06
     Iteration 4 - deviance = 797.3503 - criterion = 6.416675e-13
     converged
    
     Iteration 1 - deviance = 800.841 - criterion = 1.953695
     Iteration 2 - deviance = 799.4241 - criterion = 0.04384531
     Iteration 3 - deviance = 799.424 - criterion = 5.262527e-06
     Iteration 4 - deviance = 799.424 - criterion = 7.763524e-13
     converged
    
     Iteration 1 - deviance = 733.9755 - criterion = 1.056032
     Iteration 2 - deviance = 730.6673 - criterion = 0.04998392
     Iteration 3 - deviance = 730.577 - criterion = 0.002808114
     Iteration 4 - deviance = 730.5768 - criterion = 7.365004e-06
     Iteration 5 - deviance = 730.5768 - criterion = 3.999521e-11
     converged
     boundary (singular) fit: see help('isSingular')
     boundary (singular) fit: see help('isSingular')
     boundary (singular) fit: see help('isSingular')
     boundary (singular) fit: see help('isSingular')
    
     Iteration 1 - deviance = 733.9755 - criterion = 1.056032
     Iteration 2 - deviance = 730.6673 - criterion = 0.04998392
     Iteration 3 - deviance = 730.577 - criterion = 0.002808114
     Iteration 4 - deviance = 730.5768 - criterion = 7.365004e-06
     Iteration 5 - deviance = 730.5768 - criterion = 3.999521e-11
     converged
     boundary (singular) fit: see help('isSingular')
    
     Iteration 1 - deviance = 801.89 - criterion = 2.014199
     Iteration 2 - deviance = 800.5341 - criterion = 0.04426251
     Iteration 3 - deviance = 800.5339 - criterion = 5.210016e-06
     Iteration 4 - deviance = 800.5339 - criterion = 5.363507e-13
     converged
    
     Iteration 1 - deviance = 798.6166 - criterion = 1.874215
     Iteration 2 - deviance = 797.3505 - criterion = 0.03945357
     Iteration 3 - deviance = 797.3503 - criterion = 8.411144e-06
     Iteration 4 - deviance = 797.3503 - criterion = 6.416675e-13
     converged
    
     Iteration 1 - deviance = 800.841 - criterion = 1.953695
     Iteration 2 - deviance = 799.4241 - criterion = 0.04384531
     Iteration 3 - deviance = 799.424 - criterion = 5.262527e-06
     Iteration 4 - deviance = 799.424 - criterion = 7.763524e-13
     converged
    
     Iteration 1 - deviance = 733.9755 - criterion = 1.056032
     Iteration 2 - deviance = 730.6673 - criterion = 0.04998392
     Iteration 3 - deviance = 730.577 - criterion = 0.002808114
     Iteration 4 - deviance = 730.5768 - criterion = 7.365004e-06
     Iteration 5 - deviance = 730.5768 - criterion = 3.999521e-11
     converged
     boundary (singular) fit: see help('isSingular')
     boundary (singular) fit: see help('isSingular')
     boundary (singular) fit: see help('isSingular')
     boundary (singular) fit: see help('isSingular')
    
     Iteration 1 - deviance = 801.89 - criterion = 2.014199
     Iteration 2 - deviance = 800.5341 - criterion = 0.04426251
     Iteration 3 - deviance = 800.5339 - criterion = 5.210016e-06
     Iteration 4 - deviance = 800.5339 - criterion = 5.363507e-13
     converged
     boundary (singular) fit: see help('isSingular')
     Killed
Flavor: r-devel-linux-x86_64-debian-gcc

Version: 3.0.0
Check: tests
Result: ERROR
     Running ‘testthat.R’ [36m/49m]
    Running the tests in ‘tests/testthat.R’ failed.
    Complete output:
     > # This file is part of the standard setup for testthat.
     > # It is recommended that you do not modify it.
     > #
     > # Where should you do additional test configuration?
     > # Learn more about the roles of various files in:
     > # * https://r-pkgs.org/tests.html
     > # * https://testthat.r-lib.org/reference/test_package.html#special-files
     >
     > library(testthat)
     > library(abn)
     abn version 3.0.0 (2023-09-01) is loaded.
     To cite the package 'abn' in publications call: citation('abn').
    
     Attaching package: 'abn'
    
     The following object is masked from 'package:base':
    
     factorial
    
     >
     > test_check("abn")
     dev.new(): using pdf(file="Rplots1.pdf")
     OMP: Warning #96: Cannot form a team with 8 threads, using 2 instead.
     OMP: Hint Consider unsetting KMP_DEVICE_THREAD_LIMIT (KMP_ALL_THREADS), KMP_TEAMS_THREAD_LIMIT, and OMP_THREAD_LIMIT (if any are set).
    
     Iteration 1 - deviance = 801.89 - criterion = 2.014199
     Iteration 2 - deviance = 800.5341 - criterion = 0.04426251
     Iteration 3 - deviance = 800.5339 - criterion = 5.210016e-06
     Iteration 4 - deviance = 800.5339 - criterion = 5.363507e-13
     converged
    
     Iteration 1 - deviance = 798.6166 - criterion = 1.874215
     Iteration 2 - deviance = 797.3505 - criterion = 0.03945357
     Iteration 3 - deviance = 797.3503 - criterion = 8.411144e-06
     Iteration 4 - deviance = 797.3503 - criterion = 6.416675e-13
     converged
    
     Iteration 1 - deviance = 800.841 - criterion = 1.953695
     Iteration 2 - deviance = 799.4241 - criterion = 0.04384531
     Iteration 3 - deviance = 799.424 - criterion = 5.262527e-06
     Iteration 4 - deviance = 799.424 - criterion = 7.763524e-13
     converged
    
     Iteration 1 - deviance = 733.9755 - criterion = 1.056032
     Iteration 2 - deviance = 730.6673 - criterion = 0.04998392
     Iteration 3 - deviance = 730.577 - criterion = 0.002808114
     Iteration 4 - deviance = 730.5768 - criterion = 7.365004e-06
     Iteration 5 - deviance = 730.5768 - criterion = 3.999521e-11
     converged
     boundary (singular) fit: see help('isSingular')
     boundary (singular) fit: see help('isSingular')
     boundary (singular) fit: see help('isSingular')
     boundary (singular) fit: see help('isSingular')
    
     Iteration 1 - deviance = 733.9755 - criterion = 1.056032
     Iteration 2 - deviance = 730.6673 - criterion = 0.04998392
     Iteration 3 - deviance = 730.577 - criterion = 0.002808114
     Iteration 4 - deviance = 730.5768 - criterion = 7.365004e-06
     Iteration 5 - deviance = 730.5768 - criterion = 3.999521e-11
     converged
     boundary (singular) fit: see help('isSingular')
    
     Iteration 1 - deviance = 801.89 - criterion = 2.014199
     Iteration 2 - deviance = 800.5341 - criterion = 0.04426251
     Iteration 3 - deviance = 800.5339 - criterion = 5.210016e-06
     Iteration 4 - deviance = 800.5339 - criterion = 5.363507e-13
     converged
    
     Iteration 1 - deviance = 798.6166 - criterion = 1.874215
     Iteration 2 - deviance = 797.3505 - criterion = 0.03945357
     Iteration 3 - deviance = 797.3503 - criterion = 8.411144e-06
     Iteration 4 - deviance = 797.3503 - criterion = 6.416675e-13
     converged
    
     Iteration 1 - deviance = 800.841 - criterion = 1.953695
     Iteration 2 - deviance = 799.4241 - criterion = 0.04384531
     Iteration 3 - deviance = 799.424 - criterion = 5.262527e-06
     Iteration 4 - deviance = 799.424 - criterion = 7.763524e-13
     converged
    
     Iteration 1 - deviance = 733.9755 - criterion = 1.056032
     Iteration 2 - deviance = 730.6673 - criterion = 0.04998392
     Iteration 3 - deviance = 730.577 - criterion = 0.002808114
     Iteration 4 - deviance = 730.5768 - criterion = 7.365004e-06
     Iteration 5 - deviance = 730.5768 - criterion = 3.999521e-11
     converged
     boundary (singular) fit: see help('isSingular')
     boundary (singular) fit: see help('isSingular')
     boundary (singular) fit: see help('isSingular')
     boundary (singular) fit: see help('isSingular')
    
     Iteration 1 - deviance = 801.89 - criterion = 2.014199
     Iteration 2 - deviance = 800.5341 - criterion = 0.04426251
     Iteration 3 - deviance = 800.5339 - criterion = 5.210016e-06
     Iteration 4 - deviance = 800.5339 - criterion = 5.363507e-13
     converged
     boundary (singular) fit: see help('isSingular')
Flavor: r-devel-linux-x86_64-fedora-clang

Version: 3.0.0
Check: tests
Result: ERROR
     Running ‘testthat.R’ [35m/53m]
    Running the tests in ‘tests/testthat.R’ failed.
    Complete output:
     > # This file is part of the standard setup for testthat.
     > # It is recommended that you do not modify it.
     > #
     > # Where should you do additional test configuration?
     > # Learn more about the roles of various files in:
     > # * https://r-pkgs.org/tests.html
     > # * https://testthat.r-lib.org/reference/test_package.html#special-files
     >
     > library(testthat)
     > library(abn)
     abn version 3.0.0 (2023-09-01) is loaded.
     To cite the package 'abn' in publications call: citation('abn').
    
     Attaching package: 'abn'
    
     The following object is masked from 'package:base':
    
     factorial
    
     >
     > test_check("abn")
     dev.new(): using pdf(file="Rplots1.pdf")
    
     Iteration 1 - deviance = 801.89 - criterion = 2.014199
     Iteration 2 - deviance = 800.5341 - criterion = 0.04426251
     Iteration 3 - deviance = 800.5339 - criterion = 5.210016e-06
     Iteration 4 - deviance = 800.5339 - criterion = 5.363507e-13
     converged
    
     Iteration 1 - deviance = 798.6166 - criterion = 1.874215
     Iteration 2 - deviance = 797.3505 - criterion = 0.03945357
     Iteration 3 - deviance = 797.3503 - criterion = 8.411144e-06
     Iteration 4 - deviance = 797.3503 - criterion = 6.416675e-13
     converged
    
     Iteration 1 - deviance = 800.841 - criterion = 1.953695
     Iteration 2 - deviance = 799.4241 - criterion = 0.04384531
     Iteration 3 - deviance = 799.424 - criterion = 5.262527e-06
     Iteration 4 - deviance = 799.424 - criterion = 7.763524e-13
     converged
    
     Iteration 1 - deviance = 733.9755 - criterion = 1.056032
     Iteration 2 - deviance = 730.6673 - criterion = 0.04998392
     Iteration 3 - deviance = 730.577 - criterion = 0.002808114
     Iteration 4 - deviance = 730.5768 - criterion = 7.365004e-06
     Iteration 5 - deviance = 730.5768 - criterion = 3.999521e-11
     converged
     boundary (singular) fit: see help('isSingular')
     boundary (singular) fit: see help('isSingular')
     boundary (singular) fit: see help('isSingular')
     boundary (singular) fit: see help('isSingular')
    
     Iteration 1 - deviance = 733.9755 - criterion = 1.056032
     Iteration 2 - deviance = 730.6673 - criterion = 0.04998392
     Iteration 3 - deviance = 730.577 - criterion = 0.002808114
     Iteration 4 - deviance = 730.5768 - criterion = 7.365004e-06
     Iteration 5 - deviance = 730.5768 - criterion = 3.999521e-11
     converged
     boundary (singular) fit: see help('isSingular')
    
     Iteration 1 - deviance = 801.89 - criterion = 2.014199
     Iteration 2 - deviance = 800.5341 - criterion = 0.04426251
     Iteration 3 - deviance = 800.5339 - criterion = 5.210016e-06
     Iteration 4 - deviance = 800.5339 - criterion = 5.363507e-13
     converged
    
     Iteration 1 - deviance = 798.6166 - criterion = 1.874215
     Iteration 2 - deviance = 797.3505 - criterion = 0.03945357
     Iteration 3 - deviance = 797.3503 - criterion = 8.411144e-06
     Iteration 4 - deviance = 797.3503 - criterion = 6.416675e-13
     converged
    
     Iteration 1 - deviance = 800.841 - criterion = 1.953695
     Iteration 2 - deviance = 799.4241 - criterion = 0.04384531
     Iteration 3 - deviance = 799.424 - criterion = 5.262527e-06
     Iteration 4 - deviance = 799.424 - criterion = 7.763524e-13
     converged
    
     Iteration 1 - deviance = 733.9755 - criterion = 1.056032
     Iteration 2 - deviance = 730.6673 - criterion = 0.04998392
     Iteration 3 - deviance = 730.577 - criterion = 0.002808114
     Iteration 4 - deviance = 730.5768 - criterion = 7.365004e-06
     Iteration 5 - deviance = 730.5768 - criterion = 3.999521e-11
     converged
     boundary (singular) fit: see help('isSingular')
     boundary (singular) fit: see help('isSingular')
     boundary (singular) fit: see help('isSingular')
     boundary (singular) fit: see help('isSingular')
    
     Iteration 1 - deviance = 801.89 - criterion = 2.014199
     Iteration 2 - deviance = 800.5341 - criterion = 0.04426251
     Iteration 3 - deviance = 800.5339 - criterion = 5.210016e-06
     Iteration 4 - deviance = 800.5339 - criterion = 5.363507e-13
     converged
     boundary (singular) fit: see help('isSingular')
Flavor: r-devel-linux-x86_64-fedora-gcc

Version: 3.0.0
Check: installed package size
Result: NOTE
     installed size is 5.1Mb
     sub-directories of 1Mb or more:
     libs 2.0Mb
Flavors: r-devel-windows-x86_64, r-release-macos-arm64, r-release-macos-x86_64, r-release-windows-x86_64, r-oldrel-macos-arm64, r-oldrel-macos-x86_64, r-oldrel-windows-x86_64

Version: 3.0.0
Check: tests
Result: ERROR
     Running ‘testthat.R’ [20m/24m]
    Running the tests in ‘tests/testthat.R’ failed.
    Complete output:
     > # This file is part of the standard setup for testthat.
     > # It is recommended that you do not modify it.
     > #
     > # Where should you do additional test configuration?
     > # Learn more about the roles of various files in:
     > # * https://r-pkgs.org/tests.html
     > # * https://testthat.r-lib.org/reference/test_package.html#special-files
     >
     > library(testthat)
     > library(abn)
     abn version 3.0.0 (2023-09-01) is loaded.
     To cite the package 'abn' in publications call: citation('abn').
    
     Attaching package: 'abn'
    
     The following object is masked from 'package:base':
    
     factorial
    
     >
     > test_check("abn")
     dev.new(): using pdf(file="Rplots1.pdf")
    
     Iteration 1 - deviance = 801.89 - criterion = 2.014199
     Iteration 2 - deviance = 800.5341 - criterion = 0.04426251
     Iteration 3 - deviance = 800.5339 - criterion = 5.210016e-06
     Iteration 4 - deviance = 800.5339 - criterion = 5.363507e-13
     converged
    
     Iteration 1 - deviance = 798.6166 - criterion = 1.874215
     Iteration 2 - deviance = 797.3505 - criterion = 0.03945357
     Iteration 3 - deviance = 797.3503 - criterion = 8.411144e-06
     Iteration 4 - deviance = 797.3503 - criterion = 6.416675e-13
     converged
    
     Iteration 1 - deviance = 800.841 - criterion = 1.953695
     Iteration 2 - deviance = 799.4241 - criterion = 0.04384531
     Iteration 3 - deviance = 799.424 - criterion = 5.262527e-06
     Iteration 4 - deviance = 799.424 - criterion = 7.763524e-13
     converged
    
     Iteration 1 - deviance = 733.9755 - criterion = 1.056032
     Iteration 2 - deviance = 730.6673 - criterion = 0.04998392
     Iteration 3 - deviance = 730.577 - criterion = 0.002808114
     Iteration 4 - deviance = 730.5768 - criterion = 7.365004e-06
     Iteration 5 - deviance = 730.5768 - criterion = 3.999521e-11
     converged
     boundary (singular) fit: see help('isSingular')
     boundary (singular) fit: see help('isSingular')
     boundary (singular) fit: see help('isSingular')
     boundary (singular) fit: see help('isSingular')
    
     Iteration 1 - deviance = 733.9755 - criterion = 1.056032
     Iteration 2 - deviance = 730.6673 - criterion = 0.04998392
     Iteration 3 - deviance = 730.577 - criterion = 0.002808114
     Iteration 4 - deviance = 730.5768 - criterion = 7.365004e-06
     Iteration 5 - deviance = 730.5768 - criterion = 3.999521e-11
     converged
     boundary (singular) fit: see help('isSingular')
    
     Iteration 1 - deviance = 801.89 - criterion = 2.014199
     Iteration 2 - deviance = 800.5341 - criterion = 0.04426251
     Iteration 3 - deviance = 800.5339 - criterion = 5.210016e-06
     Iteration 4 - deviance = 800.5339 - criterion = 5.363507e-13
     converged
    
     Iteration 1 - deviance = 798.6166 - criterion = 1.874215
     Iteration 2 - deviance = 797.3505 - criterion = 0.03945357
     Iteration 3 - deviance = 797.3503 - criterion = 8.411144e-06
     Iteration 4 - deviance = 797.3503 - criterion = 6.416675e-13
     converged
    
     Iteration 1 - deviance = 800.841 - criterion = 1.953695
     Iteration 2 - deviance = 799.4241 - criterion = 0.04384531
     Iteration 3 - deviance = 799.424 - criterion = 5.262527e-06
     Iteration 4 - deviance = 799.424 - criterion = 7.763524e-13
     converged
    
     Iteration 1 - deviance = 733.9755 - criterion = 1.056032
     Iteration 2 - deviance = 730.6673 - criterion = 0.04998392
     Iteration 3 - deviance = 730.577 - criterion = 0.002808114
     Iteration 4 - deviance = 730.5768 - criterion = 7.365004e-06
     Iteration 5 - deviance = 730.5768 - criterion = 3.999521e-11
     converged
     boundary (singular) fit: see help('isSingular')
     boundary (singular) fit: see help('isSingular')
     boundary (singular) fit: see help('isSingular')
     boundary (singular) fit: see help('isSingular')
    
     Iteration 1 - deviance = 801.89 - criterion = 2.014199
     Iteration 2 - deviance = 800.5341 - criterion = 0.04426251
     Iteration 3 - deviance = 800.5339 - criterion = 5.210016e-06
     Iteration 4 - deviance = 800.5339 - criterion = 5.363507e-13
     converged
     boundary (singular) fit: see help('isSingular')
     Killed
Flavor: r-release-linux-x86_64