CRAN Package Check Results for Package abn

Last updated on 2022-11-27 05:51:25 CET.

Flavor Version Tinstall Tcheck Ttotal Status Flags
r-devel-linux-x86_64-debian-clang 2.7-1 189.92 185.95 375.87 NOTE
r-devel-linux-x86_64-debian-gcc 2.7-1 156.87 143.41 300.28 NOTE
r-devel-linux-x86_64-fedora-clang 2.7-1 751.27 OK
r-devel-linux-x86_64-fedora-gcc 2.7-1 698.89 OK
r-devel-windows-x86_64 2.7-1 193.00 267.00 460.00 NOTE
r-patched-linux-x86_64 2.7-1 181.64 178.24 359.88 NOTE
r-release-linux-x86_64 2.7-1 172.46 178.71 351.17 NOTE
r-release-macos-arm64 2.7-1 124.00 NOTE
r-release-macos-x86_64 2.7-1 173.00 NOTE
r-release-windows-x86_64 2.7-1 185.00 261.00 446.00 NOTE
r-oldrel-macos-arm64 2.7-1 134.00 NOTE
r-oldrel-macos-x86_64 2.7-1 155.00 NOTE
r-oldrel-windows-ix86+x86_64 2.7-1 489.00 357.00 846.00 NOTE

Check Details

Version: 2.7-1
Check: package dependencies
Result: NOTE
    Package suggested but not available for checking: 'INLA'
Flavors: r-devel-linux-x86_64-debian-clang, r-devel-linux-x86_64-debian-gcc, r-devel-windows-x86_64, r-patched-linux-x86_64, r-release-linux-x86_64, r-release-macos-arm64, r-release-macos-x86_64, r-release-windows-x86_64, r-oldrel-macos-arm64, r-oldrel-macos-x86_64

Version: 2.7-1
Check: installed package size
Result: NOTE
     installed size is 11.4Mb
     sub-directories of 1Mb or more:
     libs 8.4Mb
Flavors: r-release-macos-arm64, r-release-macos-x86_64, r-oldrel-macos-arm64, r-oldrel-macos-x86_64, r-oldrel-windows-ix86+x86_64