CRAN Package Check Results for Package abn

Last updated on 2020-01-18 03:49:18 CET.

Flavor Version Tinstall Tcheck Ttotal Status Flags
r-devel-linux-x86_64-debian-clang 2.2 170.23 101.74 271.97 NOTE
r-devel-linux-x86_64-debian-gcc 2.2 129.12 78.97 208.09 NOTE
r-devel-linux-x86_64-fedora-clang 2.2 365.51 NOTE
r-devel-linux-x86_64-fedora-gcc 2.2 362.99 OK
r-devel-windows-ix86+x86_64 2.2 446.00 216.00 662.00 NOTE
r-devel-windows-ix86+x86_64-gcc8 2.2 397.00 184.00 581.00 NOTE
r-patched-linux-x86_64 2.2 143.07 89.86 232.93 NOTE
r-patched-solaris-x86 2.2 349.70 NOTE
r-release-linux-x86_64 2.2 139.86 91.04 230.90 NOTE
r-release-windows-ix86+x86_64 2.2 446.00 144.00 590.00 NOTE
r-release-osx-x86_64 2.2 NOTE
r-oldrel-windows-ix86+x86_64 2.2 388.00 131.00 519.00 NOTE
r-oldrel-osx-x86_64 2.2 NOTE

Check Details

Version: 2.2
Check: package dependencies
Result: NOTE
    Package suggested but not available for checking: 'INLA'
Flavors: r-devel-linux-x86_64-debian-clang, r-devel-linux-x86_64-debian-gcc, r-patched-linux-x86_64, r-patched-solaris-x86, r-release-linux-x86_64, r-release-osx-x86_64, r-oldrel-osx-x86_64

Version: 2.2
Check: installed package size
Result: NOTE
     installed size is 9.3Mb
     sub-directories of 1Mb or more:
     libs 6.4Mb
Flavors: r-devel-linux-x86_64-fedora-clang, r-devel-windows-ix86+x86_64, r-devel-windows-ix86+x86_64-gcc8, r-release-windows-ix86+x86_64, r-release-osx-x86_64, r-oldrel-windows-ix86+x86_64, r-oldrel-osx-x86_64