CRAN Package Check Results for Package abn

Last updated on 2019-12-08 10:48:02 CET.

Flavor Version Tinstall Tcheck Ttotal Status Flags
r-devel-linux-x86_64-debian-clang 2.2 174.89 101.03 275.92 NOTE
r-devel-linux-x86_64-debian-gcc 2.2 129.60 78.64 208.24 NOTE
r-devel-linux-x86_64-fedora-clang 2.2 367.07 NOTE
r-devel-linux-x86_64-fedora-gcc 2.2 356.63 OK
r-devel-windows-ix86+x86_64 2.2 341.00 211.00 552.00 NOTE
r-devel-windows-ix86+x86_64-gcc8 2.2 383.00 169.00 552.00 NOTE
r-patched-linux-x86_64 2.2 138.13 91.56 229.69 NOTE
r-patched-solaris-x86 2.2 377.30 NOTE
r-release-linux-x86_64 2.2 134.83 91.28 226.11 NOTE
r-release-windows-ix86+x86_64 2.2 342.00 136.00 478.00 NOTE
r-release-osx-x86_64 2.2 NOTE
r-oldrel-windows-ix86+x86_64 2.2 275.00 133.00 408.00 NOTE
r-oldrel-osx-x86_64 2.2 NOTE

Check Details

Version: 2.2
Check: package dependencies
Result: NOTE
    Package suggested but not available for checking: 'INLA'
Flavors: r-devel-linux-x86_64-debian-clang, r-devel-linux-x86_64-debian-gcc, r-patched-linux-x86_64, r-patched-solaris-x86, r-release-linux-x86_64, r-release-osx-x86_64, r-oldrel-osx-x86_64

Version: 2.2
Check: installed package size
Result: NOTE
     installed size is 9.3Mb
     sub-directories of 1Mb or more:
     libs 6.4Mb
Flavors: r-devel-linux-x86_64-fedora-clang, r-devel-windows-ix86+x86_64, r-devel-windows-ix86+x86_64-gcc8, r-release-windows-ix86+x86_64, r-release-osx-x86_64, r-oldrel-windows-ix86+x86_64, r-oldrel-osx-x86_64