CRAN Package Check Results for Package abn

Last updated on 2020-02-21 01:46:27 CET.

Flavor Version Tinstall Tcheck Ttotal Status Flags
r-devel-linux-x86_64-debian-clang 2.2 171.15 103.77 274.92 NOTE
r-devel-linux-x86_64-debian-gcc 2.2 124.45 79.27 203.72 NOTE
r-devel-linux-x86_64-fedora-clang 2.2 369.24 NOTE
r-devel-linux-x86_64-fedora-gcc 2.2 391.86 OK
r-devel-windows-ix86+x86_64 2.2 338.00 151.00 489.00 NOTE
r-devel-windows-ix86+x86_64-gcc8 2.2 515.00 203.00 718.00 NOTE
r-patched-linux-x86_64 2.2 146.43 91.06 237.49 NOTE
r-patched-solaris-x86 2.2 369.40 NOTE
r-release-linux-x86_64 2.2 147.09 90.25 237.34 NOTE
r-release-windows-ix86+x86_64 2.2 323.00 150.00 473.00 NOTE
r-release-osx-x86_64 2.2 NOTE
r-oldrel-windows-ix86+x86_64 2.2 279.00 146.00 425.00 NOTE
r-oldrel-osx-x86_64 2.2 NOTE

Check Details

Version: 2.2
Check: package dependencies
Result: NOTE
    Package suggested but not available for checking: 'INLA'
Flavors: r-devel-linux-x86_64-debian-clang, r-devel-linux-x86_64-debian-gcc, r-patched-linux-x86_64, r-patched-solaris-x86, r-release-linux-x86_64, r-release-osx-x86_64, r-oldrel-osx-x86_64

Version: 2.2
Check: installed package size
Result: NOTE
     installed size is 9.4Mb
     sub-directories of 1Mb or more:
     libs 6.5Mb
Flavors: r-devel-linux-x86_64-fedora-clang, r-devel-windows-ix86+x86_64, r-devel-windows-ix86+x86_64-gcc8, r-release-windows-ix86+x86_64, r-release-osx-x86_64, r-oldrel-windows-ix86+x86_64, r-oldrel-osx-x86_64