CRAN Package Check Results for Package abn

Last updated on 2021-06-17 18:49:29 CEST.

Flavor Version Tinstall Tcheck Ttotal Status Flags
r-devel-linux-x86_64-debian-clang 2.5-0 194.77 175.74 370.51 NOTE
r-devel-linux-x86_64-debian-gcc 2.5-0 130.57 131.84 262.41 NOTE
r-devel-linux-x86_64-fedora-clang 2.5-0 662.44 NOTE
r-devel-linux-x86_64-fedora-gcc 2.5-0 626.76 OK
r-devel-windows-x86_64 2.5-0 243.00 226.00 469.00 OK
r-devel-windows-x86_64-gcc10-UCRT 2.5-0 ERROR
r-patched-linux-x86_64 2.5-0 150.61 169.05 319.66 NOTE
r-patched-solaris-x86 2.5-0 547.00 NOTE
r-release-linux-x86_64 2.5-0 157.08 169.90 326.98 NOTE
r-release-macos-arm64 2.5-0 ERROR
r-release-macos-x86_64 2.5-0 NOTE
r-release-windows-ix86+x86_64 2.5-0 462.00 344.00 806.00 NOTE
r-oldrel-macos-x86_64 2.5-0 NOTE
r-oldrel-windows-ix86+x86_64 2.5-0 337.00 351.00 688.00 NOTE

Check Details

Version: 2.5-0
Check: package dependencies
Result: NOTE
    Package suggested but not available for checking: 'INLA'
Flavors: r-devel-linux-x86_64-debian-clang, r-devel-linux-x86_64-debian-gcc, r-patched-linux-x86_64, r-patched-solaris-x86, r-release-linux-x86_64, r-release-macos-x86_64, r-oldrel-macos-x86_64

Version: 2.5-0
Check: installed package size
Result: NOTE
     installed size is 9.5Mb
     sub-directories of 1Mb or more:
     libs 6.5Mb
Flavors: r-devel-linux-x86_64-fedora-clang, r-release-macos-x86_64, r-release-windows-ix86+x86_64, r-oldrel-macos-x86_64, r-oldrel-windows-ix86+x86_64

Version: 2.5-0
Check: package dependencies
Result: ERROR
    Package required but not available: 'Rgraphviz'
    
    Package suggested but not available for checking: 'INLA'
    
    See section 'The DESCRIPTION file' in the 'Writing R Extensions'
    manual.
Flavor: r-devel-windows-x86_64-gcc10-UCRT

Version: 2.5-0
Check: package dependencies
Result: ERROR
    Package required but not available: ‘rjags’
    
    Package suggested but not available for checking: ‘INLA’
    
    See section ‘The DESCRIPTION file’ in the ‘Writing R Extensions’
    manual.
Flavor: r-release-macos-arm64