CRAN Package Check Results for Package abodOutlier

Last updated on 2024-02-23 21:56:39 CET.

Flavor Version Tinstall Tcheck Ttotal Status Flags
r-devel-linux-x86_64-debian-clang 0.1 NOTE
r-devel-linux-x86_64-debian-gcc 0.1 1.40 17.47 18.87 NOTE
r-devel-linux-x86_64-fedora-clang 0.1 30.56 NOTE
r-devel-linux-x86_64-fedora-gcc 0.1 29.19 NOTE
r-devel-windows-x86_64 0.1 3.00 38.00 41.00 NOTE
r-patched-linux-x86_64 0.1 2.03 22.44 24.47 NOTE
r-release-linux-x86_64 0.1 1.97 22.56 24.53 NOTE
r-release-macos-arm64 0.1 17.00 NOTE
r-release-macos-x86_64 0.1 21.00 NOTE
r-release-windows-x86_64 0.1 2.00 38.00 40.00 NOTE
r-oldrel-macos-arm64 0.1 15.00 NOTE
r-oldrel-windows-x86_64 0.1 3.00 45.00 48.00 NOTE

Check Details

Version: 0.1
Check: LazyData
Result: NOTE 'LazyData' is specified without a 'data' directory Flavors: r-devel-linux-x86_64-debian-clang, r-devel-linux-x86_64-debian-gcc, r-devel-linux-x86_64-fedora-clang, r-devel-linux-x86_64-fedora-gcc, r-devel-windows-x86_64, r-patched-linux-x86_64, r-release-linux-x86_64, r-release-macos-arm64, r-release-macos-x86_64, r-release-windows-x86_64, r-oldrel-macos-arm64, r-oldrel-windows-x86_64