CRAN Package Check Results for Package abodOutlier

Last updated on 2022-08-12 20:48:54 CEST.

Flavor Version Tinstall Tcheck Ttotal Status Flags
r-devel-linux-x86_64-debian-clang 0.1 1.79 23.11 24.90 NOTE
r-devel-linux-x86_64-debian-gcc 0.1 1.59 18.18 19.77 NOTE
r-devel-linux-x86_64-fedora-clang 0.1 42.22 NOTE
r-devel-linux-x86_64-fedora-gcc 0.1 40.45 NOTE
r-devel-windows-x86_64 0.1 9.00 45.00 54.00 NOTE
r-patched-linux-x86_64 0.1 1.90 22.81 24.71 NOTE
r-release-linux-x86_64 0.1 1.71 23.16 24.87 NOTE
r-release-macos-arm64 0.1 16.00 NOTE
r-release-macos-x86_64 0.1 23.00 NOTE
r-release-windows-x86_64 0.1 7.00 48.00 55.00 NOTE
r-oldrel-macos-arm64 0.1 21.00 NOTE
r-oldrel-macos-x86_64 0.1 26.00 NOTE
r-oldrel-windows-ix86+x86_64 0.1 5.00 41.00 46.00 NOTE

Check Details

Version: 0.1
Check: LazyData
Result: NOTE
     'LazyData' is specified without a 'data' directory
Flavors: r-devel-linux-x86_64-debian-clang, r-devel-linux-x86_64-debian-gcc, r-devel-linux-x86_64-fedora-clang, r-devel-linux-x86_64-fedora-gcc, r-devel-windows-x86_64, r-patched-linux-x86_64, r-release-linux-x86_64, r-release-macos-arm64, r-release-macos-x86_64, r-release-windows-x86_64, r-oldrel-macos-arm64, r-oldrel-macos-x86_64, r-oldrel-windows-ix86+x86_64