CRAN Package Check Results for Package abodOutlier

Last updated on 2023-01-28 20:54:21 CET.

Flavor Version Tinstall Tcheck Ttotal Status Flags
r-devel-linux-x86_64-debian-clang 0.1 1.79 22.57 24.36 NOTE
r-devel-linux-x86_64-debian-gcc 0.1 1.43 17.65 19.08 NOTE
r-devel-linux-x86_64-fedora-clang 0.1 33.24 NOTE
r-devel-linux-x86_64-fedora-gcc 0.1 30.52 NOTE
r-devel-windows-x86_64 0.1 13.00 51.00 64.00 NOTE
r-patched-linux-x86_64 0.1 2.03 22.82 24.85 NOTE
r-release-linux-x86_64 0.1 1.50 23.37 24.87 NOTE
r-release-macos-arm64 0.1 16.00 NOTE
r-release-macos-x86_64 0.1 23.00 NOTE
r-release-windows-x86_64 0.1 12.00 49.00 61.00 NOTE
r-oldrel-macos-arm64 0.1 21.00 NOTE
r-oldrel-macos-x86_64 0.1 26.00 NOTE
r-oldrel-windows-ix86+x86_64 0.1 5.00 49.00 54.00 NOTE

Check Details

Version: 0.1
Check: LazyData
Result: NOTE
     'LazyData' is specified without a 'data' directory
Flavors: r-devel-linux-x86_64-debian-clang, r-devel-linux-x86_64-debian-gcc, r-devel-linux-x86_64-fedora-clang, r-devel-linux-x86_64-fedora-gcc, r-devel-windows-x86_64, r-patched-linux-x86_64, r-release-linux-x86_64, r-release-macos-arm64, r-release-macos-x86_64, r-release-windows-x86_64, r-oldrel-macos-arm64, r-oldrel-macos-x86_64, r-oldrel-windows-ix86+x86_64