Last updated on 2022-08-18 00:54:07 CEST.
Flavor | Version | Tinstall | Tcheck | Ttotal | Status | Flags |
---|---|---|---|---|---|---|
r-devel-linux-x86_64-debian-clang | 0.4.1 | 3.58 | 58.65 | 62.23 | OK | |
r-devel-linux-x86_64-debian-gcc | 0.4.1 | OK | ||||
r-devel-linux-x86_64-fedora-clang | 0.4.1 | 85.59 | NOTE | |||
r-devel-linux-x86_64-fedora-gcc | 0.4.1 | 81.22 | NOTE | |||
r-devel-windows-x86_64 | 0.4.1 | 24.00 | 104.00 | 128.00 | OK | |
r-patched-linux-x86_64 | 0.4.1 | 3.69 | 56.08 | 59.77 | OK | |
r-release-linux-x86_64 | 0.4.1 | 2.22 | 56.31 | 58.53 | OK | |
r-release-macos-arm64 | 0.4.1 | 34.00 | NOTE | |||
r-release-macos-x86_64 | 0.4.1 | 58.00 | NOTE | |||
r-release-windows-x86_64 | 0.4.1 | 20.00 | 96.00 | 116.00 | OK | |
r-oldrel-macos-arm64 | 0.4.1 | 161.00 | NOTE | |||
r-oldrel-macos-x86_64 | 0.4.1 | 43.00 | NOTE | |||
r-oldrel-windows-ix86+x86_64 | 0.4.1 | 7.00 | 95.00 | 102.00 | OK |
Version: 0.4.1
Check: dependencies in R code
Result: NOTE
Namespace in Imports field not imported from: ‘tibble’
All declared Imports should be used.
Flavors: r-devel-linux-x86_64-fedora-clang, r-devel-linux-x86_64-fedora-gcc, r-release-macos-arm64, r-release-macos-x86_64, r-oldrel-macos-arm64, r-oldrel-macos-x86_64