CRAN Package Check Results for Package abstr

Last updated on 2024-02-22 06:04:51 CET.

Flavor Version Tinstall Tcheck Ttotal Status Flags
r-devel-linux-x86_64-debian-clang 0.4.1 OK
r-devel-linux-x86_64-debian-gcc 0.4.1 2.37 49.64 52.01 OK
r-devel-linux-x86_64-fedora-clang 0.4.1 89.47 NOTE
r-devel-linux-x86_64-fedora-gcc 0.4.1 101.51 NOTE
r-devel-windows-x86_64 0.4.1 5.00 76.00 81.00 OK
r-patched-linux-x86_64 0.4.1 2.25 61.67 63.92 OK
r-release-linux-x86_64 0.4.1 2.16 61.66 63.82 OK
r-release-macos-arm64 0.4.1 51.00 OK
r-release-macos-x86_64 0.4.1 59.00 OK
r-release-windows-x86_64 0.4.1 6.00 85.00 91.00 OK
r-oldrel-macos-arm64 0.4.1 34.00 NOTE
r-oldrel-windows-x86_64 0.4.1 5.00 89.00 94.00 OK

Check Details

Version: 0.4.1
Check: dependencies in R code
Result: NOTE Namespace in Imports field not imported from: ‘tibble’ All declared Imports should be used. Flavors: r-devel-linux-x86_64-fedora-clang, r-devel-linux-x86_64-fedora-gcc, r-oldrel-macos-arm64