CRAN Package Check Results for Package abstr

Last updated on 2022-11-30 07:54:21 CET.

Flavor Version Tinstall Tcheck Ttotal Status Flags
r-devel-linux-x86_64-debian-clang 0.4.1 3.22 64.70 67.92 NOTE
r-devel-linux-x86_64-debian-gcc 0.4.1 2.79 48.11 50.90 NOTE
r-devel-linux-x86_64-fedora-clang 0.4.1 97.81 NOTE
r-devel-linux-x86_64-fedora-gcc 0.4.1 95.74 NOTE
r-devel-windows-x86_64 0.4.1 18.00 103.00 121.00 OK
r-patched-linux-x86_64 0.4.1 3.04 61.15 64.19 NOTE
r-release-linux-x86_64 0.4.1 2.33 57.01 59.34 NOTE
r-release-macos-arm64 0.4.1 34.00 NOTE
r-release-macos-x86_64 0.4.1 58.00 NOTE
r-release-windows-x86_64 0.4.1 22.00 103.00 125.00 OK
r-oldrel-macos-arm64 0.4.1 161.00 NOTE
r-oldrel-macos-x86_64 0.4.1 43.00 NOTE
r-oldrel-windows-ix86+x86_64 0.4.1 8.00 94.00 102.00 OK

Check Details

Version: 0.4.1
Check: package dependencies
Result: NOTE
    Package suggested but not available for checking: 'pct'
Flavors: r-devel-linux-x86_64-debian-clang, r-devel-linux-x86_64-debian-gcc, r-devel-linux-x86_64-fedora-clang, r-devel-linux-x86_64-fedora-gcc, r-patched-linux-x86_64, r-release-linux-x86_64

Version: 0.4.1
Check: dependencies in R code
Result: NOTE
    Namespace in Imports field not imported from: ‘tibble’
     All declared Imports should be used.
Flavors: r-devel-linux-x86_64-fedora-clang, r-devel-linux-x86_64-fedora-gcc, r-release-macos-arm64, r-release-macos-x86_64, r-oldrel-macos-arm64, r-oldrel-macos-x86_64