Last updated on 2023-11-28 14:48:10 CET.
Flavor | Version | Tinstall | Tcheck | Ttotal | Status | Flags |
---|---|---|---|---|---|---|
r-devel-linux-x86_64-debian-clang | 0.3.1 | 5.71 | 91.74 | 97.45 | NOTE | |
r-devel-linux-x86_64-debian-gcc | 0.3.1 | 4.62 | 68.50 | 73.12 | NOTE | |
r-devel-linux-x86_64-fedora-clang | 0.3.1 | 120.74 | OK | |||
r-devel-linux-x86_64-fedora-gcc | 0.3.1 | 125.50 | OK | |||
r-devel-windows-x86_64 | 0.3.1 | 7.00 | 99.00 | 106.00 | OK | |
r-patched-linux-x86_64 | 0.3.1 | 4.52 | 87.78 | 92.30 | OK | |
r-release-linux-x86_64 | 0.3.1 | 3.75 | 87.13 | 90.88 | OK | |
r-release-macos-arm64 | 0.3.1 | 53.00 | OK | |||
r-release-macos-x86_64 | 0.3.1 | 77.00 | OK | |||
r-release-windows-x86_64 | 0.3.1 | 9.00 | 117.00 | 126.00 | OK | |
r-oldrel-macos-arm64 | 0.3.1 | 30.00 | OK | |||
r-oldrel-macos-x86_64 | 0.3.1 | 56.00 | OK | |||
r-oldrel-windows-x86_64 | 0.3.1 | 9.00 | 106.00 | 115.00 | OK |
Version: 0.3.1
Check: Rd files
Result: NOTE
checkRd: (-1) bind_tweets.Rd:21: Lost braces in \itemize; meant \describe ?
checkRd: (-1) bind_tweets.Rd:22: Lost braces in \itemize; meant \describe ?
Flavors: r-devel-linux-x86_64-debian-clang, r-devel-linux-x86_64-debian-gcc