CRAN Package Check Results for Package academictwitteR

Last updated on 2021-09-22 22:56:11 CEST.

Flavor Version Tinstall Tcheck Ttotal Status Flags
r-devel-linux-x86_64-debian-clang 0.2.1 4.97 46.20 51.17 OK
r-devel-linux-x86_64-debian-gcc 0.2.1 3.15 35.68 38.83 OK
r-devel-linux-x86_64-fedora-clang 0.2.1 70.47 OK
r-devel-linux-x86_64-fedora-gcc 0.2.1 59.04 OK
r-devel-windows-x86_64 0.2.1 6.00 57.00 63.00 OK
r-devel-windows-x86_64-gcc10-UCRT 0.2.1 ERROR
r-patched-linux-x86_64 0.2.1 5.59 46.66 52.25 OK
r-patched-solaris-x86 0.2.1 81.80 OK
r-release-linux-x86_64 0.2.1 4.73 47.29 52.02 OK
r-release-macos-arm64 0.2.1 OK
r-release-macos-x86_64 0.2.1 OK
r-release-windows-ix86+x86_64 0.2.1 10.00 69.00 79.00 OK
r-oldrel-macos-x86_64 0.2.1 OK
r-oldrel-windows-ix86+x86_64 0.2.1 7.00 51.00 58.00 OK

Check Details

Version: 0.2.1
Check: package dependencies
Result: NOTE
    Package suggested but not available for checking: 'devtools'
Flavor: r-devel-windows-x86_64-gcc10-UCRT

Version: 0.2.1
Check: re-building of vignette outputs
Result: WARN
    Error(s) in re-building vignettes:
    --- re-building 'academictwitteR-auth.Rmd' using rmarkdown
    --- finished re-building 'academictwitteR-auth.Rmd'
    
    --- re-building 'academictwitteR-build.Rmd' using rmarkdown
    Quitting from lines 33-35 (academictwitteR-build.Rmd)
    Error: processing vignette 'academictwitteR-build.Rmd' failed with diagnostics:
    there is no package called 'devtools'
    --- failed re-building 'academictwitteR-build.Rmd'
    
    --- re-building 'academictwitteR-errors.Rmd' using rmarkdown
    --- finished re-building 'academictwitteR-errors.Rmd'
    
    --- re-building 'academictwitteR-intro.Rmd' using rmarkdown
    --- finished re-building 'academictwitteR-intro.Rmd'
    
    --- re-building 'academictwitteR-tidy.Rmd' using rmarkdown
    --- finished re-building 'academictwitteR-tidy.Rmd'
    
    SUMMARY: processing the following file failed:
     'academictwitteR-build.Rmd'
    
    Error: Vignette re-building failed.
    Execution halted
Flavor: r-devel-windows-x86_64-gcc10-UCRT

Version: 0.2.1
Check: PDF version of manual
Result: WARN
    LaTeX errors when creating PDF version.
    This typically indicates Rd problems.
Flavor: r-devel-windows-x86_64-gcc10-UCRT

Version: 0.2.1
Check: PDF version of manual without hyperrefs or index
Result: ERROR
    Re-running with no redirection of stdout/stderr.
Flavor: r-devel-windows-x86_64-gcc10-UCRT