CRAN Package Check Results for Package acc

Last updated on 2020-10-30 14:46:41 CET.

Flavor Version Tinstall Tcheck Ttotal Status Flags
r-devel-linux-x86_64-debian-clang 1.3.3 66.64 74.34 140.98 OK
r-devel-linux-x86_64-debian-gcc 1.3.3 48.71 56.45 105.16 OK
r-devel-linux-x86_64-fedora-clang 1.3.3 198.71 NOTE
r-devel-linux-x86_64-fedora-gcc 1.3.3 176.01 NOTE
r-devel-windows-ix86+x86_64 1.3.3 160.00 145.00 305.00 OK
r-patched-linux-x86_64 1.3.3 64.46 68.29 132.75 OK
r-patched-solaris-x86 1.3.3 188.90 OK
r-release-linux-x86_64 1.3.3 63.53 68.30 131.83 OK
r-release-macos-x86_64 1.3.3 OK
r-release-windows-ix86+x86_64 1.3.3 123.00 143.00 266.00 OK
r-oldrel-macos-x86_64 1.3.3 OK
r-oldrel-windows-ix86+x86_64 1.3.3 143.00 121.00 264.00 OK

Check Details

Version: 1.3.3
Check: compiled code
Result: NOTE
    File ‘acc/libs/acc.so’:
     Found no calls to: ‘R_registerRoutines’, ‘R_useDynamicSymbols’
    
    It is good practice to register native routines and to disable symbol
    search.
    
    See ‘Writing portable packages’ in the ‘Writing R Extensions’ manual.
Flavors: r-devel-linux-x86_64-fedora-clang, r-devel-linux-x86_64-fedora-gcc