Last updated on 2022-08-09 06:50:09 CEST.
Flavor | Version | Tinstall | Tcheck | Ttotal | Status | Flags |
---|---|---|---|---|---|---|
r-devel-linux-x86_64-debian-clang | 1.3.3 | 64.48 | 89.99 | 154.47 | OK | |
r-devel-linux-x86_64-debian-gcc | 1.3.3 | 56.35 | 66.63 | 122.98 | OK | |
r-devel-linux-x86_64-fedora-clang | 1.3.3 | 230.67 | NOTE | |||
r-devel-linux-x86_64-fedora-gcc | 1.3.3 | 204.50 | NOTE | |||
r-devel-windows-x86_64 | 1.3.3 | 276.00 | 159.00 | 435.00 | OK | |
r-patched-linux-x86_64 | 1.3.3 | 59.45 | 84.30 | 143.75 | OK | |
r-release-linux-x86_64 | 1.3.3 | OK | ||||
r-release-macos-arm64 | 1.3.3 | 59.00 | OK | |||
r-release-macos-x86_64 | 1.3.3 | 71.00 | OK | |||
r-release-windows-x86_64 | 1.3.3 | 65.00 | 126.00 | 191.00 | OK | |
r-oldrel-macos-arm64 | 1.3.3 | 61.00 | OK | |||
r-oldrel-macos-x86_64 | 1.3.3 | 107.00 | OK | |||
r-oldrel-windows-ix86+x86_64 | 1.3.3 | 172.00 | 148.00 | 320.00 | OK |
Version: 1.3.3
Check: compiled code
Result: NOTE
File ‘acc/libs/acc.so’:
Found no calls to: ‘R_registerRoutines’, ‘R_useDynamicSymbols’
It is good practice to register native routines and to disable symbol
search.
See ‘Writing portable packages’ in the ‘Writing R Extensions’ manual.
Flavors: r-devel-linux-x86_64-fedora-clang, r-devel-linux-x86_64-fedora-gcc