CRAN Package Check Results for Package accSDA

Last updated on 2020-01-21 09:48:44 CET.

Flavor Version Tinstall Tcheck Ttotal Status Flags
r-devel-linux-x86_64-debian-clang 1.0.0 5.34 35.50 40.84 OK
r-devel-linux-x86_64-debian-gcc 1.0.0 4.07 27.30 31.37 OK
r-devel-linux-x86_64-fedora-clang 1.0.0 49.18 NOTE
r-devel-linux-x86_64-fedora-gcc 1.0.0 47.71 NOTE
r-devel-windows-ix86+x86_64 1.0.0 16.00 52.00 68.00 OK
r-devel-windows-ix86+x86_64-gcc8 1.0.0 11.00 56.00 67.00 OK
r-patched-linux-x86_64 1.0.0 4.72 32.29 37.01 OK
r-patched-solaris-x86 1.0.0 62.90 NOTE
r-release-linux-x86_64 1.0.0 4.63 32.84 37.47 OK
r-release-windows-ix86+x86_64 1.0.0 8.00 59.00 67.00 OK
r-release-osx-x86_64 1.0.0 NOTE
r-oldrel-windows-ix86+x86_64 1.0.0 5.00 42.00 47.00 OK
r-oldrel-osx-x86_64 1.0.0 NOTE

Check Details

Version: 1.0.0
Check: dependencies in R code
Result: NOTE
    Namespaces in Imports field not imported from:
     ‘rARPACK’ ‘sparseLDA’
     All declared Imports should be used.
Flavors: r-devel-linux-x86_64-fedora-clang, r-devel-linux-x86_64-fedora-gcc, r-patched-solaris-x86, r-release-osx-x86_64, r-oldrel-osx-x86_64