CRAN Package Check Results for Package accelmissing

Last updated on 2021-10-17 07:50:34 CEST.

Flavor Version Tinstall Tcheck Ttotal Status Flags
r-devel-linux-x86_64-debian-clang 1.4 6.95 72.56 79.51 NOTE
r-devel-linux-x86_64-debian-gcc 1.4 5.59 55.58 61.17 NOTE
r-devel-linux-x86_64-fedora-clang 1.4 106.91 NOTE
r-devel-linux-x86_64-fedora-gcc 1.4 100.11 NOTE
r-devel-windows-x86_64 1.4 11.00 95.00 106.00 OK
r-devel-windows-x86_64-gcc10-UCRT 1.4 OK
r-patched-linux-x86_64 1.4 13.20 67.57 80.77 NOTE
r-patched-solaris-x86 1.4 132.90 NOTE
r-release-linux-x86_64 1.4 6.43 68.26 74.69 NOTE
r-release-macos-arm64 1.4 OK
r-release-macos-x86_64 1.4 OK
r-release-windows-ix86+x86_64 1.4 16.00 101.00 117.00 OK
r-oldrel-macos-x86_64 1.4 OK
r-oldrel-windows-ix86+x86_64 1.4 17.00 96.00 113.00 OK

Check Details

Version: 1.4
Check: for non-standard things in the check directory
Result: NOTE
    Found the following files/directories:
     'acceldata2.RData'
Flavors: r-devel-linux-x86_64-debian-clang, r-devel-linux-x86_64-debian-gcc, r-devel-linux-x86_64-fedora-clang, r-devel-linux-x86_64-fedora-gcc, r-patched-linux-x86_64, r-patched-solaris-x86, r-release-linux-x86_64