CRAN Package Check Results for Package accelmissing

Last updated on 2024-03-02 10:49:42 CET.

Flavor Version Tinstall Tcheck Ttotal Status Flags
r-devel-linux-x86_64-debian-clang 1.4 14.16 126.83 140.99 NOTE
r-devel-linux-x86_64-debian-gcc 1.4 10.56 98.20 108.76 NOTE
r-devel-linux-x86_64-fedora-clang 1.4 175.56 NOTE
r-devel-linux-x86_64-fedora-gcc 1.4 179.59 NOTE
r-devel-windows-x86_64 1.4 14.00 108.00 122.00 OK
r-patched-linux-x86_64 1.4 23.03 124.61 147.64 NOTE
r-release-linux-x86_64 1.4 13.93 124.67 138.60 NOTE
r-release-macos-arm64 1.4 39.00 OK
r-release-macos-x86_64 1.4 64.00 OK
r-release-windows-x86_64 1.4 19.00 137.00 156.00 OK
r-oldrel-macos-arm64 1.4 36.00 OK
r-oldrel-windows-x86_64 1.4 17.00 135.00 152.00 OK

Check Details

Version: 1.4
Check: Rd files
Result: NOTE checkRd: (-1) accelimp.Rd:15: Lost braces 15 | \item[]{...} | ^ Flavors: r-devel-linux-x86_64-debian-clang, r-devel-linux-x86_64-debian-gcc, r-devel-linux-x86_64-fedora-clang, r-devel-linux-x86_64-fedora-gcc

Version: 1.4
Check: for non-standard things in the check directory
Result: NOTE Found the following files/directories: ‘acceldata2.RData’ Flavors: r-devel-linux-x86_64-debian-clang, r-devel-linux-x86_64-debian-gcc, r-devel-linux-x86_64-fedora-clang, r-devel-linux-x86_64-fedora-gcc, r-patched-linux-x86_64, r-release-linux-x86_64