CRAN Package Check Results for Package ace2fastq

Last updated on 2022-08-12 15:49:25 CEST.

Flavor Version Tinstall Tcheck Ttotal Status Flags
r-devel-linux-x86_64-debian-clang 0.6.0 2.10 26.85 28.95 NOTE
r-devel-linux-x86_64-debian-gcc 0.6.0 1.73 20.97 22.70 NOTE
r-devel-linux-x86_64-fedora-clang 0.6.0 47.14 NOTE
r-devel-linux-x86_64-fedora-gcc 0.6.0 46.12 NOTE
r-devel-windows-x86_64 0.6.0 8.00 55.00 63.00 NOTE
r-patched-linux-x86_64 0.6.0 2.14 26.35 28.49 NOTE
r-release-linux-x86_64 0.6.0 2.00 26.46 28.46 NOTE
r-release-macos-arm64 0.6.0 20.00 NOTE
r-release-macos-x86_64 0.6.0 26.00 NOTE
r-release-windows-x86_64 0.6.0 12.00 55.00 67.00 NOTE
r-oldrel-macos-arm64 0.6.0 21.00 NOTE
r-oldrel-macos-x86_64 0.6.0 26.00 NOTE
r-oldrel-windows-ix86+x86_64 0.6.0 5.00 48.00 53.00 NOTE

Check Details

Version: 0.6.0
Check: LazyData
Result: NOTE
     'LazyData' is specified without a 'data' directory
Flavors: r-devel-linux-x86_64-debian-clang, r-devel-linux-x86_64-debian-gcc, r-devel-linux-x86_64-fedora-clang, r-devel-linux-x86_64-fedora-gcc, r-devel-windows-x86_64, r-patched-linux-x86_64, r-release-linux-x86_64, r-release-macos-arm64, r-release-macos-x86_64, r-release-windows-x86_64, r-oldrel-macos-arm64, r-oldrel-macos-x86_64, r-oldrel-windows-ix86+x86_64