Last updated on 2023-03-28 05:49:05 CEST.
Flavor | Version | Tinstall | Tcheck | Ttotal | Status | Flags |
---|---|---|---|---|---|---|
r-devel-linux-x86_64-debian-clang | 1.0.1 | 4.10 | 29.58 | 33.68 | NOTE | |
r-devel-linux-x86_64-debian-gcc | 1.0.1 | 3.50 | 23.33 | 26.83 | NOTE | |
r-devel-linux-x86_64-fedora-clang | 1.0.1 | 41.39 | NOTE | |||
r-devel-linux-x86_64-fedora-gcc | 1.0.1 | 39.63 | NOTE | |||
r-patched-linux-x86_64 | 1.0.1 | 3.63 | 28.93 | 32.56 | NOTE | |
r-release-linux-x86_64 | 1.0.1 | 3.79 | 30.51 | 34.30 | NOTE | |
r-release-macos-arm64 | 1.0.1 | 18.00 | NOTE | |||
r-release-macos-x86_64 | 1.0.1 | 25.00 | NOTE | |||
r-release-windows-x86_64 | 1.0.1 | 30.00 | 62.00 | 92.00 | NOTE | |
r-oldrel-macos-arm64 | 1.0.1 | 22.00 | NOTE | |||
r-oldrel-macos-x86_64 | 1.0.1 | 31.00 | NOTE | |||
r-oldrel-windows-ix86+x86_64 | 1.0.1 | 10.00 | 60.00 | 70.00 | NOTE |
Version: 1.0.1
Check: LazyData
Result: NOTE
'LazyData' is specified without a 'data' directory
Flavors: r-devel-linux-x86_64-debian-clang, r-devel-linux-x86_64-debian-gcc, r-devel-linux-x86_64-fedora-clang, r-devel-linux-x86_64-fedora-gcc, r-patched-linux-x86_64, r-release-linux-x86_64, r-release-macos-arm64, r-release-macos-x86_64, r-release-windows-x86_64, r-oldrel-macos-arm64, r-oldrel-macos-x86_64, r-oldrel-windows-ix86+x86_64
Version: 1.0.1
Check: installed package size
Result: NOTE
installed size is 11.7Mb
sub-directories of 1Mb or more:
htmlwidgets 11.6Mb
Flavors: r-devel-linux-x86_64-fedora-clang, r-release-macos-arm64, r-release-macos-x86_64, r-release-windows-x86_64, r-oldrel-macos-arm64, r-oldrel-macos-x86_64, r-oldrel-windows-ix86+x86_64