CRAN Package Check Results for Package acebayes

Last updated on 2022-12-03 15:50:54 CET.

Flavor Version Tinstall Tcheck Ttotal Status Flags
r-devel-linux-x86_64-debian-clang 1.10 41.02 88.15 129.17 OK
r-devel-linux-x86_64-debian-gcc 1.10 26.16 49.80 75.96 OK
r-devel-linux-x86_64-fedora-clang 1.10 155.37 OK
r-devel-linux-x86_64-fedora-gcc 1.10 133.23 OK
r-devel-windows-x86_64 1.10 48.00 115.00 163.00 OK
r-patched-linux-x86_64 1.10 30.27 60.74 91.01 OK
r-release-linux-x86_64 1.10 29.39 61.66 91.05 OK
r-release-macos-arm64 1.10 39.00 OK
r-release-macos-x86_64 1.10 51.00 OK
r-release-windows-x86_64 1.10 48.00 120.00 168.00 OK
r-oldrel-macos-arm64 1.10 45.00 NOTE
r-oldrel-macos-x86_64 1.10 72.00 OK
r-oldrel-windows-ix86+x86_64 1.10 75.00 128.00 203.00 OK

Check Details

Version: 1.10
Check: installed package size
Result: NOTE
     installed size is 5.1Mb
     sub-directories of 1Mb or more:
     R 1.4Mb
     libs 3.5Mb
Flavor: r-oldrel-macos-arm64