CRAN Package Check Results for Package acebayes

Last updated on 2022-08-14 22:51:21 CEST.

Flavor Version Tinstall Tcheck Ttotal Status Flags
r-devel-linux-x86_64-debian-clang 1.10 38.05 84.96 123.01 OK
r-devel-linux-x86_64-debian-gcc 1.10 26.54 48.39 74.93 OK
r-devel-linux-x86_64-fedora-clang 1.10 159.54 OK
r-devel-linux-x86_64-fedora-gcc 1.10 128.87 OK
r-devel-windows-x86_64 1.10 49.00 111.00 160.00 OK
r-patched-linux-x86_64 1.10 29.95 60.96 90.91 OK
r-release-linux-x86_64 1.10 28.64 60.11 88.75 OK
r-release-macos-arm64 1.10 39.00 OK
r-release-macos-x86_64 1.10 51.00 OK
r-release-windows-x86_64 1.10 41.00 109.00 150.00 OK
r-oldrel-macos-arm64 1.10 45.00 NOTE
r-oldrel-macos-x86_64 1.10 72.00 OK
r-oldrel-windows-ix86+x86_64 1.10 77.00 122.00 199.00 OK

Check Details

Version: 1.10
Check: installed package size
Result: NOTE
     installed size is 5.1Mb
     sub-directories of 1Mb or more:
     R 1.4Mb
     libs 3.5Mb
Flavor: r-oldrel-macos-arm64