Last updated on 2023-01-31 15:55:39 CET.
Flavor | Version | Tinstall | Tcheck | Ttotal | Status | Flags |
---|---|---|---|---|---|---|
r-devel-linux-x86_64-debian-clang | 1.4.1 | 4.45 | 24.20 | 28.65 | OK | |
r-devel-linux-x86_64-debian-gcc | 1.4.1 | 3.30 | 18.50 | 21.80 | OK | |
r-devel-linux-x86_64-fedora-clang | 1.4.1 | 36.11 | NOTE | |||
r-devel-linux-x86_64-fedora-gcc | 1.4.1 | 35.30 | NOTE | |||
r-devel-windows-x86_64 | 1.4.1 | 15.00 | 55.00 | 70.00 | OK | |
r-patched-linux-x86_64 | 1.4.1 | 4.36 | 23.42 | 27.78 | OK | |
r-release-linux-x86_64 | 1.4.1 | 4.76 | 22.99 | 27.75 | OK | |
r-release-macos-arm64 | 1.4.1 | 18.00 | OK | |||
r-release-macos-x86_64 | 1.4.1 | 23.00 | OK | |||
r-release-windows-x86_64 | 1.4.1 | 20.00 | 56.00 | 76.00 | OK | |
r-oldrel-macos-arm64 | 1.4.1 | 23.00 | OK | |||
r-oldrel-macos-x86_64 | 1.4.1 | 29.00 | OK | |||
r-oldrel-windows-ix86+x86_64 | 1.4.1 | 13.00 | 60.00 | 73.00 | OK |
Version: 1.4.1
Check: compiled code
Result: NOTE
File ‘acepack/libs/acepack.so’:
Found no calls to: ‘R_registerRoutines’, ‘R_useDynamicSymbols’
It is good practice to register native routines and to disable symbol
search.
See ‘Writing portable packages’ in the ‘Writing R Extensions’ manual.
Flavors: r-devel-linux-x86_64-fedora-clang, r-devel-linux-x86_64-fedora-gcc