CRAN Package Check Results for Package acepack

Last updated on 2022-08-14 21:53:04 CEST.

Flavor Version Tinstall Tcheck Ttotal Status Flags
r-devel-linux-x86_64-debian-clang 1.4.1 4.49 23.96 28.45 OK
r-devel-linux-x86_64-debian-gcc 1.4.1 3.52 18.67 22.19 OK
r-devel-linux-x86_64-fedora-clang 1.4.1 45.93 NOTE
r-devel-linux-x86_64-fedora-gcc 1.4.1 44.64 NOTE
r-devel-windows-x86_64 1.4.1 15.00 49.00 64.00 OK
r-patched-linux-x86_64 1.4.1 3.84 23.28 27.12 OK
r-release-linux-x86_64 1.4.1 3.99 22.79 26.78 OK
r-release-macos-arm64 1.4.1 18.00 OK
r-release-macos-x86_64 1.4.1 23.00 OK
r-release-windows-x86_64 1.4.1 13.00 50.00 63.00 OK
r-oldrel-macos-arm64 1.4.1 23.00 OK
r-oldrel-macos-x86_64 1.4.1 29.00 OK
r-oldrel-windows-ix86+x86_64 1.4.1 14.00 53.00 67.00 OK

Check Details

Version: 1.4.1
Check: compiled code
Result: NOTE
    File ‘acepack/libs/acepack.so’:
     Found no calls to: ‘R_registerRoutines’, ‘R_useDynamicSymbols’
    
    It is good practice to register native routines and to disable symbol
    search.
    
    See ‘Writing portable packages’ in the ‘Writing R Extensions’ manual.
Flavors: r-devel-linux-x86_64-fedora-clang, r-devel-linux-x86_64-fedora-gcc