CRAN Package Check Results for Package acfMPeriod

Last updated on 2024-04-18 06:57:32 CEST.

Flavor Version Tinstall Tcheck Ttotal Status Flags
r-devel-linux-x86_64-debian-clang 1.0.0 2.40 29.90 32.30 NOTE
r-devel-linux-x86_64-debian-gcc 1.0.0 1.94 22.75 24.69 NOTE
r-devel-linux-x86_64-fedora-clang 1.0.0 41.13 NOTE
r-devel-linux-x86_64-fedora-gcc 1.0.0 39.57 NOTE
r-prerel-macos-arm64 1.0.0 18.00 NOTE
r-prerel-windows-x86_64 1.0.0 3.00 44.00 47.00 NOTE
r-patched-linux-x86_64 1.0.0 2.41 29.03 31.44 NOTE
r-release-linux-x86_64 1.0.0 2.22 27.16 29.38 NOTE
r-release-macos-arm64 1.0.0 19.00 NOTE
r-release-macos-x86_64 1.0.0 24.00 NOTE
r-release-windows-x86_64 1.0.0 3.00 43.00 46.00 NOTE
r-oldrel-macos-arm64 1.0.0 17.00 NOTE
r-oldrel-windows-x86_64 1.0.0 4.00 46.00 50.00 NOTE

Check Details

Version: 1.0.0
Check: LazyData
Result: NOTE 'LazyData' is specified without a 'data' directory Flavors: r-devel-linux-x86_64-debian-clang, r-devel-linux-x86_64-debian-gcc, r-devel-linux-x86_64-fedora-clang, r-devel-linux-x86_64-fedora-gcc, r-prerel-macos-arm64, r-prerel-windows-x86_64, r-patched-linux-x86_64, r-release-linux-x86_64, r-release-macos-arm64, r-release-macos-x86_64, r-release-windows-x86_64, r-oldrel-macos-arm64, r-oldrel-windows-x86_64