CRAN Package Check Results for Package acroname

Last updated on 2024-04-19 06:56:08 CEST.

Flavor Version Tinstall Tcheck Ttotal Status Flags
r-devel-linux-x86_64-debian-clang 0.1.0 1.66 25.86 27.52 NOTE
r-devel-linux-x86_64-debian-gcc 0.1.0 NOTE
r-devel-linux-x86_64-fedora-clang 0.1.0 35.87 NOTE
r-devel-linux-x86_64-fedora-gcc 0.1.0 35.76 NOTE
r-prerel-macos-arm64 0.1.0 17.00 NOTE
r-prerel-windows-x86_64 0.1.0 4.00 48.00 52.00 NOTE
r-patched-linux-x86_64 0.1.0 2.49 26.02 28.51 NOTE
r-release-linux-x86_64 0.1.0 1.82 25.92 27.74 NOTE
r-release-macos-arm64 0.1.0 19.00 NOTE
r-release-macos-x86_64 0.1.0 22.00 NOTE
r-release-windows-x86_64 0.1.0 3.00 47.00 50.00 NOTE
r-oldrel-macos-arm64 0.1.0 18.00 NOTE
r-oldrel-windows-x86_64 0.1.0 4.00 45.00 49.00 NOTE

Check Details

Version: 0.1.0
Check: LazyData
Result: NOTE 'LazyData' is specified without a 'data' directory Flavors: r-devel-linux-x86_64-debian-clang, r-devel-linux-x86_64-debian-gcc, r-devel-linux-x86_64-fedora-clang, r-devel-linux-x86_64-fedora-gcc, r-prerel-macos-arm64, r-prerel-windows-x86_64, r-patched-linux-x86_64, r-release-linux-x86_64, r-release-macos-arm64, r-release-macos-x86_64, r-release-windows-x86_64, r-oldrel-macos-arm64, r-oldrel-windows-x86_64

Version: 0.1.0
Check: dependencies in R code
Result: NOTE Namespace in Imports field not imported from: ‘hunspell’ All declared Imports should be used. Flavors: r-devel-linux-x86_64-fedora-clang, r-devel-linux-x86_64-fedora-gcc, r-oldrel-macos-arm64