CRAN Package Check Results for Package acrt

Last updated on 2022-08-12 19:53:00 CEST.

Flavor Version Tinstall Tcheck Ttotal Status Flags
r-devel-linux-x86_64-debian-clang 1.0.1 63.77 35.10 98.87 OK
r-devel-linux-x86_64-debian-gcc 1.0.1 50.80 27.84 78.64 OK
r-devel-linux-x86_64-fedora-clang 1.0.1 160.96 NOTE
r-devel-linux-x86_64-fedora-gcc 1.0.1 137.97 NOTE
r-devel-windows-x86_64 1.0.1 53.00 89.00 142.00 OK
r-patched-linux-x86_64 1.0.1 63.67 34.68 98.35 OK
r-release-linux-x86_64 1.0.1 53.88 34.48 88.36 OK
r-release-macos-arm64 1.0.1 38.00 NOTE
r-release-macos-x86_64 1.0.1 50.00 NOTE
r-release-windows-x86_64 1.0.1 56.00 90.00 146.00 OK
r-oldrel-macos-arm64 1.0.1 44.00 NOTE
r-oldrel-macos-x86_64 1.0.1 76.00 NOTE
r-oldrel-windows-ix86+x86_64 1.0.1 164.00 82.00 246.00 OK

Check Details

Version: 1.0.1
Check: installed package size
Result: NOTE
     installed size is 6.1Mb
     sub-directories of 1Mb or more:
     libs 5.9Mb
Flavors: r-devel-linux-x86_64-fedora-clang, r-release-macos-arm64, r-release-macos-x86_64, r-oldrel-macos-arm64, r-oldrel-macos-x86_64

Version: 1.0.1
Check: compiled code
Result: NOTE
    File ‘acrt/libs/acrt.so’:
     Found no calls to: ‘R_registerRoutines’, ‘R_useDynamicSymbols’
    
    It is good practice to register native routines and to disable symbol
    search.
    
    See ‘Writing portable packages’ in the ‘Writing R Extensions’ manual.
Flavors: r-devel-linux-x86_64-fedora-clang, r-devel-linux-x86_64-fedora-gcc