Last updated on 2023-02-05 17:51:11 CET.
Flavor | Version | Tinstall | Tcheck | Ttotal | Status | Flags |
---|---|---|---|---|---|---|
r-devel-linux-x86_64-debian-clang | 1.0.1 | 77.21 | 35.39 | 112.60 | OK | |
r-devel-linux-x86_64-debian-gcc | 1.0.1 | 50.02 | 28.30 | 78.32 | OK | |
r-devel-linux-x86_64-fedora-clang | 1.0.1 | 152.31 | NOTE | |||
r-devel-linux-x86_64-fedora-gcc | 1.0.1 | 135.89 | NOTE | |||
r-devel-windows-x86_64 | 1.0.1 | 59.00 | 88.00 | 147.00 | OK | |
r-patched-linux-x86_64 | 1.0.1 | 57.95 | 35.81 | 93.76 | OK | |
r-release-linux-x86_64 | 1.0.1 | 48.57 | 35.05 | 83.62 | OK | |
r-release-macos-arm64 | 1.0.1 | 38.00 | NOTE | |||
r-release-macos-x86_64 | 1.0.1 | 50.00 | NOTE | |||
r-release-windows-x86_64 | 1.0.1 | 90.00 | 96.00 | 186.00 | OK | |
r-oldrel-macos-arm64 | 1.0.1 | 44.00 | NOTE | |||
r-oldrel-macos-x86_64 | 1.0.1 | 76.00 | NOTE | |||
r-oldrel-windows-ix86+x86_64 | 1.0.1 | 160.00 | 89.00 | 249.00 | OK |
Version: 1.0.1
Check: compiled code
Result: NOTE
File ‘acrt/libs/acrt.so’:
Found no calls to: ‘R_registerRoutines’, ‘R_useDynamicSymbols’
It is good practice to register native routines and to disable symbol
search.
See ‘Writing portable packages’ in the ‘Writing R Extensions’ manual.
Flavors: r-devel-linux-x86_64-fedora-clang, r-devel-linux-x86_64-fedora-gcc
Version: 1.0.1
Check: installed package size
Result: NOTE
installed size is 7.2Mb
sub-directories of 1Mb or more:
libs 7.1Mb
Flavors: r-release-macos-arm64, r-release-macos-x86_64, r-oldrel-macos-arm64, r-oldrel-macos-x86_64