Last updated on 2023-02-05 17:51:11 CET.
Flavor | Version | Tinstall | Tcheck | Ttotal | Status | Flags |
---|---|---|---|---|---|---|
r-devel-linux-x86_64-debian-clang | 2.1.4 | 11.78 | 63.47 | 75.25 | OK | |
r-devel-linux-x86_64-debian-gcc | 2.1.4 | 9.64 | 48.77 | 58.41 | OK | |
r-devel-linux-x86_64-fedora-clang | 2.1.4 | 96.81 | NOTE | |||
r-devel-linux-x86_64-fedora-gcc | 2.1.4 | 92.58 | NOTE | |||
r-devel-windows-x86_64 | 2.1.4 | 53.00 | 100.00 | 153.00 | OK | |
r-patched-linux-x86_64 | 2.1.4 | 10.63 | 63.01 | 73.64 | OK | |
r-release-linux-x86_64 | 2.1.4 | 8.99 | 60.89 | 69.88 | OK | |
r-release-macos-arm64 | 2.1.4 | 28.00 | OK | |||
r-release-macos-x86_64 | 2.1.4 | 37.00 | OK | |||
r-release-windows-x86_64 | 2.1.4 | 46.00 | 103.00 | 149.00 | OK | |
r-oldrel-macos-arm64 | 2.1.4 | 33.00 | OK | |||
r-oldrel-macos-x86_64 | 2.1.4 | 52.00 | OK | |||
r-oldrel-windows-ix86+x86_64 | 2.1.4 | 23.00 | 91.00 | 114.00 | OK |
Version: 2.1.4
Check: top-level files
Result: NOTE
‘configure’: /bin/bash is not portable
Flavors: r-devel-linux-x86_64-fedora-clang, r-devel-linux-x86_64-fedora-gcc