Last updated on 2022-08-14 14:49:23 CEST.
Flavor | Version | Tinstall | Tcheck | Ttotal | Status | Flags |
---|---|---|---|---|---|---|
r-devel-linux-x86_64-debian-clang | 2.1.4 | 9.62 | 58.82 | 68.44 | OK | |
r-devel-linux-x86_64-debian-gcc | 2.1.4 | 7.78 | 44.29 | 52.07 | OK | |
r-devel-linux-x86_64-fedora-clang | 2.1.4 | 93.58 | NOTE | |||
r-devel-linux-x86_64-fedora-gcc | 2.1.4 | 90.88 | NOTE | |||
r-devel-windows-x86_64 | 2.1.4 | 37.00 | 82.00 | 119.00 | OK | |
r-patched-linux-x86_64 | 2.1.4 | 9.11 | 56.96 | 66.07 | OK | |
r-release-linux-x86_64 | 2.1.4 | 8.27 | 56.05 | 64.32 | OK | |
r-release-macos-arm64 | 2.1.4 | 28.00 | OK | |||
r-release-macos-x86_64 | 2.1.4 | 37.00 | OK | |||
r-release-windows-x86_64 | 2.1.4 | 37.00 | 85.00 | 122.00 | OK | |
r-oldrel-macos-arm64 | 2.1.4 | 33.00 | OK | |||
r-oldrel-macos-x86_64 | 2.1.4 | 52.00 | OK | |||
r-oldrel-windows-ix86+x86_64 | 2.1.4 | 23.00 | 78.00 | 101.00 | OK |
Version: 2.1.4
Check: top-level files
Result: NOTE
‘configure’: /bin/bash is not portable
Flavors: r-devel-linux-x86_64-fedora-clang, r-devel-linux-x86_64-fedora-gcc