CRAN Package Check Results for Package acss.data

Last updated on 2020-10-22 22:48:21 CEST.

Flavor Version Tinstall Tcheck Ttotal Status Flags
r-devel-linux-x86_64-debian-clang 1.0 160.39 98.32 258.71 OK
r-devel-linux-x86_64-debian-gcc 1.0 148.04 85.11 233.15 OK
r-devel-linux-x86_64-fedora-clang 1.0 375.41 NOTE
r-devel-linux-x86_64-fedora-gcc 1.0 373.02 OK
r-devel-windows-ix86+x86_64 1.0 205.00 102.00 307.00 NOTE
r-patched-linux-x86_64 1.0 159.07 87.61 246.68 OK
r-patched-solaris-x86 1.0 813.00 NOTE
r-release-linux-x86_64 1.0 161.73 88.46 250.19 OK
r-release-macos-x86_64 1.0 NOTE
r-release-windows-ix86+x86_64 1.0 209.00 99.00 308.00 NOTE
r-oldrel-macos-x86_64 1.0 NOTE
r-oldrel-windows-ix86+x86_64 1.0 232.00 112.00 344.00 NOTE

Check Details

Version: 1.0
Check: installed package size
Result: NOTE
     installed size is 14.0Mb
     sub-directories of 1Mb or more:
     R 13.9Mb
Flavors: r-devel-linux-x86_64-fedora-clang, r-devel-windows-ix86+x86_64, r-patched-solaris-x86, r-release-macos-x86_64, r-release-windows-ix86+x86_64, r-oldrel-macos-x86_64, r-oldrel-windows-ix86+x86_64