CRAN Package Check Results for Package acss.data

Last updated on 2022-08-12 19:53:00 CEST.

Flavor Version Tinstall Tcheck Ttotal Status Flags
r-devel-linux-x86_64-debian-clang 1.0 158.94 102.28 261.22 OK
r-devel-linux-x86_64-debian-gcc 1.0 139.62 82.10 221.72 OK
r-devel-linux-x86_64-fedora-clang 1.0 387.14 NOTE
r-devel-linux-x86_64-fedora-gcc 1.0 391.07 OK
r-devel-windows-x86_64 1.0 139.00 109.00 248.00 NOTE
r-patched-linux-x86_64 1.0 163.66 101.29 264.95 OK
r-release-linux-x86_64 1.0 160.40 101.88 262.28 OK
r-release-macos-arm64 1.0 150.00 NOTE
r-release-macos-x86_64 1.0 170.00 NOTE
r-release-windows-x86_64 1.0 188.00 110.00 298.00 NOTE
r-oldrel-macos-arm64 1.0 175.00 NOTE
r-oldrel-macos-x86_64 1.0 285.00 NOTE
r-oldrel-windows-ix86+x86_64 1.0 250.00 104.00 354.00 NOTE

Check Details

Version: 1.0
Check: installed package size
Result: NOTE
     installed size is 14.0Mb
     sub-directories of 1Mb or more:
     R 13.9Mb
Flavors: r-devel-linux-x86_64-fedora-clang, r-devel-windows-x86_64, r-release-macos-arm64, r-release-macos-x86_64, r-release-windows-x86_64, r-oldrel-macos-arm64, r-oldrel-macos-x86_64, r-oldrel-windows-ix86+x86_64