Last updated on 2023-02-05 17:51:11 CET.
Flavor | Version | Tinstall | Tcheck | Ttotal | Status | Flags |
---|---|---|---|---|---|---|
r-devel-linux-x86_64-debian-clang | 1.0 | 167.76 | 100.76 | 268.52 | OK | |
r-devel-linux-x86_64-debian-gcc | 1.0 | 129.75 | 82.77 | 212.52 | OK | |
r-devel-linux-x86_64-fedora-clang | 1.0 | 370.09 | NOTE | |||
r-devel-linux-x86_64-fedora-gcc | 1.0 | 364.33 | OK | |||
r-devel-windows-x86_64 | 1.0 | 143.00 | 114.00 | 257.00 | NOTE | |
r-patched-linux-x86_64 | 1.0 | 167.31 | 101.52 | 268.83 | OK | |
r-release-linux-x86_64 | 1.0 | 163.16 | 101.30 | 264.46 | OK | |
r-release-macos-arm64 | 1.0 | 150.00 | NOTE | |||
r-release-macos-x86_64 | 1.0 | 170.00 | NOTE | |||
r-release-windows-x86_64 | 1.0 | 188.00 | 110.00 | 298.00 | NOTE | |
r-oldrel-macos-arm64 | 1.0 | 175.00 | NOTE | |||
r-oldrel-macos-x86_64 | 1.0 | 285.00 | NOTE | |||
r-oldrel-windows-ix86+x86_64 | 1.0 | 250.00 | 104.00 | 354.00 | NOTE |
Version: 1.0
Check: installed package size
Result: NOTE
installed size is 14.0Mb
sub-directories of 1Mb or more:
R 13.9Mb
Flavors: r-devel-linux-x86_64-fedora-clang, r-devel-windows-x86_64, r-release-macos-arm64, r-release-macos-x86_64, r-release-windows-x86_64, r-oldrel-macos-arm64, r-oldrel-macos-x86_64, r-oldrel-windows-ix86+x86_64