CRAN Package Check Results for Package actilifecounts

Last updated on 2022-08-15 00:52:07 CEST.

Flavor Version Tinstall Tcheck Ttotal Status Flags
r-devel-linux-x86_64-debian-clang 1.0.0 3.46 42.50 45.96 NOTE
r-devel-linux-x86_64-debian-gcc 1.0.0 2.43 31.84 34.27 NOTE
r-devel-linux-x86_64-fedora-clang 1.0.0 65.12 NOTE
r-devel-linux-x86_64-fedora-gcc 1.0.0 63.98 NOTE
r-devel-windows-x86_64 1.0.0 22.00 67.00 89.00 NOTE
r-patched-linux-x86_64 1.0.0 3.05 42.24 45.29 OK
r-release-linux-x86_64 1.0.0 3.12 41.19 44.31 OK
r-release-macos-arm64 1.0.0 19.00 OK
r-release-macos-x86_64 1.0.0 31.00 OK
r-release-windows-x86_64 1.0.0 10.00 69.00 79.00 OK
r-oldrel-macos-arm64 1.0.0 19.00 OK
r-oldrel-macos-x86_64 1.0.0 30.00 OK
r-oldrel-windows-ix86+x86_64 1.0.0 10.00 64.00 74.00 OK

Check Details

Version: 1.0.0
Check: package subdirectories
Result: NOTE
    Problems with news in 'NEWS.md':
    No news entries found.
Flavors: r-devel-linux-x86_64-debian-clang, r-devel-linux-x86_64-debian-gcc, r-devel-linux-x86_64-fedora-clang, r-devel-linux-x86_64-fedora-gcc, r-devel-windows-x86_64