CRAN Package Check Results for Package activAnalyzer

Last updated on 2024-02-23 16:53:10 CET.

Flavor Version Tinstall Tcheck Ttotal Status Flags
r-devel-linux-x86_64-debian-clang 2.0.2 OK
r-devel-linux-x86_64-debian-gcc 2.0.2 23.77 293.25 317.02 OK
r-devel-linux-x86_64-fedora-clang 2.0.2 572.71 NOTE
r-devel-linux-x86_64-fedora-gcc 2.0.2 583.19 OK
r-devel-windows-x86_64 2.0.2 23.00 310.00 333.00 OK
r-patched-linux-x86_64 2.0.2 25.74 395.11 420.85 OK
r-release-linux-x86_64 2.0.2 19.65 399.23 418.88 OK
r-release-macos-arm64 2.0.2 135.00 OK
r-release-macos-x86_64 2.0.2 345.00 OK
r-release-windows-x86_64 2.0.2 33.00 389.00 422.00 OK
r-oldrel-macos-arm64 2.0.2 140.00 OK
r-oldrel-windows-x86_64 2.0.2 32.00 381.00 413.00 OK

Check Details

Version: 2.0.2
Check: package dependencies
Result: NOTE Imports includes 25 non-default packages. Importing from so many packages makes the package vulnerable to any of them becoming unavailable. Move as many as possible to Suggests and use conditionally. Flavor: r-devel-linux-x86_64-fedora-clang