Last updated on 2022-08-12 18:49:36 CEST.
Flavor | Version | Tinstall | Tcheck | Ttotal | Status | Flags |
---|---|---|---|---|---|---|
r-devel-linux-x86_64-debian-clang | 1.0.4 | 23.78 | 227.21 | 250.99 | OK | |
r-devel-linux-x86_64-debian-gcc | 1.0.4 | 16.94 | 159.16 | 176.10 | OK | |
r-devel-linux-x86_64-fedora-clang | 1.0.4 | 311.86 | NOTE | |||
r-devel-linux-x86_64-fedora-gcc | 1.0.4 | 308.65 | NOTE | |||
r-devel-windows-x86_64 | 1.0.4 | 129.00 | 357.00 | 486.00 | OK | |
r-patched-linux-x86_64 | 1.0.4 | 17.33 | 210.42 | 227.75 | OK | |
r-release-linux-x86_64 | 1.0.4 | 15.74 | 213.00 | 228.74 | OK | |
r-release-macos-arm64 | 1.0.4 | 71.00 | NOTE | |||
r-release-macos-x86_64 | 1.0.4 | 108.00 | NOTE | |||
r-release-windows-x86_64 | 1.0.4 | 107.00 | 339.00 | 446.00 | OK | |
r-oldrel-macos-arm64 | 1.0.4 | 68.00 | NOTE | |||
r-oldrel-macos-x86_64 | 1.0.4 | 105.00 | NOTE | |||
r-oldrel-windows-ix86+x86_64 | 1.0.4 | 45.00 | 265.00 | 310.00 | OK |
Version: 1.0.4
Check: package dependencies
Result: NOTE
Imports includes 24 non-default packages.
Importing from so many packages makes the package vulnerable to any of
them becoming unavailable. Move as many as possible to Suggests and
use conditionally.
Flavor: r-devel-linux-x86_64-fedora-clang
Version: 1.0.4
Check: dependencies in R code
Result: NOTE
Namespace in Imports field not imported from: ‘patchwork’
All declared Imports should be used.
Flavors: r-devel-linux-x86_64-fedora-clang, r-devel-linux-x86_64-fedora-gcc, r-release-macos-arm64, r-release-macos-x86_64, r-oldrel-macos-arm64, r-oldrel-macos-x86_64