CRAN Package Check Results for Package activPAL

Last updated on 2023-01-28 20:54:21 CET.

Flavor Version Tinstall Tcheck Ttotal Status Flags
r-devel-linux-x86_64-debian-clang 0.1.3 11.24 119.65 130.89 NOTE
r-devel-linux-x86_64-debian-gcc 0.1.3 9.80 86.31 96.11 NOTE
r-devel-linux-x86_64-fedora-clang 0.1.3 167.13 NOTE
r-devel-linux-x86_64-fedora-gcc 0.1.3 152.55 NOTE
r-devel-windows-x86_64 0.1.3 25.00 139.00 164.00 NOTE
r-patched-linux-x86_64 0.1.3 12.99 115.84 128.83 NOTE
r-release-linux-x86_64 0.1.3 8.84 114.59 123.43 NOTE
r-release-macos-arm64 0.1.3 42.00 NOTE
r-release-macos-x86_64 0.1.3 71.00 NOTE
r-release-windows-x86_64 0.1.3 32.00 144.00 176.00 NOTE
r-oldrel-macos-arm64 0.1.3 42.00 NOTE
r-oldrel-macos-x86_64 0.1.3 78.00 NOTE
r-oldrel-windows-ix86+x86_64 0.1.3 29.00 144.00 173.00 NOTE

Check Details

Version: 0.1.3
Check: LazyData
Result: NOTE
     'LazyData' is specified without a 'data' directory
Flavors: r-devel-linux-x86_64-debian-clang, r-devel-linux-x86_64-debian-gcc, r-devel-linux-x86_64-fedora-clang, r-devel-linux-x86_64-fedora-gcc, r-devel-windows-x86_64, r-patched-linux-x86_64, r-release-linux-x86_64, r-release-macos-arm64, r-release-macos-x86_64, r-release-windows-x86_64, r-oldrel-macos-arm64, r-oldrel-macos-x86_64, r-oldrel-windows-ix86+x86_64