Last updated on 2021-04-17 00:48:01 CEST.
Flavor | Version | Tinstall | Tcheck | Ttotal | Status | Flags |
---|---|---|---|---|---|---|
r-devel-linux-x86_64-debian-clang | 0.1.0 | 21.12 | 201.89 | 223.01 | OK | |
r-devel-linux-x86_64-debian-gcc | 0.1.0 | 16.24 | 148.59 | 164.83 | OK | |
r-devel-linux-x86_64-fedora-clang | 0.1.0 | 268.46 | OK | |||
r-devel-linux-x86_64-fedora-gcc | 0.1.0 | 277.85 | OK | |||
r-devel-windows-ix86+x86_64 | 0.1.0 | 52.00 | 241.00 | 293.00 | OK | |
r-devel-windows-x86_64-gcc10-UCRT | 0.1.0 | OK | ||||
r-patched-linux-x86_64 | 0.1.0 | 18.07 | 195.66 | 213.73 | OK | |
r-patched-solaris-x86 | 0.1.0 | 388.50 | OK | |||
r-release-linux-x86_64 | 0.1.0 | 18.90 | 196.46 | 215.36 | OK | |
r-release-macos-x86_64 | 0.1.0 | OK | ||||
r-release-windows-ix86+x86_64 | 0.1.0 | 49.00 | 249.00 | 298.00 | OK | |
r-oldrel-macos-x86_64 | 0.1.0 | ERROR |
Version: 0.1.0
Check: whether package can be installed
Result: ERROR
Installation failed.
Flavor: r-oldrel-macos-x86_64