CRAN Package Check Results for Package actogrammr

Last updated on 2023-11-30 05:50:43 CET.

Flavor Version Tinstall Tcheck Ttotal Status Flags
r-devel-linux-x86_64-debian-clang 0.2.3 4.89 128.80 133.69 NOTE
r-devel-linux-x86_64-debian-gcc 0.2.3 3.94 89.64 93.58 NOTE
r-devel-linux-x86_64-fedora-clang 0.2.3 155.64 NOTE
r-devel-linux-x86_64-fedora-gcc 0.2.3 152.12 NOTE
r-devel-windows-x86_64 0.2.3 5.00 117.00 122.00 NOTE
r-patched-linux-x86_64 0.2.3 3.02 121.18 124.20 NOTE
r-release-linux-x86_64 0.2.3 3.16 119.17 122.33 NOTE
r-release-macos-arm64 0.2.3 54.00 NOTE
r-release-macos-x86_64 0.2.3 88.00 NOTE
r-release-windows-x86_64 0.2.3 7.00 127.00 134.00 NOTE
r-oldrel-macos-arm64 0.2.3 48.00 NOTE
r-oldrel-macos-x86_64 0.2.3 164.00 NOTE
r-oldrel-windows-x86_64 0.2.3 7.00 134.00 141.00 NOTE

Check Details

Version: 0.2.3
Check: LazyData
Result: NOTE 'LazyData' is specified without a 'data' directory Flavors: r-devel-linux-x86_64-debian-clang, r-devel-linux-x86_64-debian-gcc, r-devel-linux-x86_64-fedora-clang, r-devel-linux-x86_64-fedora-gcc, r-devel-windows-x86_64, r-patched-linux-x86_64, r-release-linux-x86_64, r-release-macos-arm64, r-release-macos-x86_64, r-release-windows-x86_64, r-oldrel-macos-arm64, r-oldrel-macos-x86_64, r-oldrel-windows-x86_64