Last updated on 2023-03-24 06:50:29 CET.
Flavor | Version | Tinstall | Tcheck | Ttotal | Status | Flags |
---|---|---|---|---|---|---|
r-devel-linux-x86_64-debian-clang | 0.2.3 | 4.58 | 130.49 | 135.07 | NOTE | |
r-devel-linux-x86_64-debian-gcc | 0.2.3 | 3.13 | 90.74 | 93.87 | NOTE | |
r-devel-linux-x86_64-fedora-clang | 0.2.3 | 156.52 | NOTE | |||
r-devel-linux-x86_64-fedora-gcc | 0.2.3 | 149.41 | NOTE | |||
r-devel-windows-x86_64 | 0.2.3 | 17.00 | 156.00 | 173.00 | NOTE | |
r-patched-linux-x86_64 | 0.2.3 | 5.24 | 122.26 | 127.50 | NOTE | |
r-release-linux-x86_64 | 0.2.3 | 3.14 | 122.71 | 125.85 | NOTE | |
r-release-macos-arm64 | 0.2.3 | 48.00 | NOTE | |||
r-release-macos-x86_64 | 0.2.3 | 164.00 | NOTE | |||
r-release-windows-x86_64 | 0.2.3 | 15.00 | 160.00 | 175.00 | NOTE | |
r-oldrel-macos-arm64 | 0.2.3 | 56.00 | NOTE | |||
r-oldrel-macos-x86_64 | 0.2.3 | 125.00 | NOTE | |||
r-oldrel-windows-ix86+x86_64 | 0.2.3 | 12.00 | 155.00 | 167.00 | NOTE |
Version: 0.2.3
Check: LazyData
Result: NOTE
'LazyData' is specified without a 'data' directory
Flavors: r-devel-linux-x86_64-debian-clang, r-devel-linux-x86_64-debian-gcc, r-devel-linux-x86_64-fedora-clang, r-devel-linux-x86_64-fedora-gcc, r-devel-windows-x86_64, r-patched-linux-x86_64, r-release-linux-x86_64, r-release-macos-arm64, r-release-macos-x86_64, r-release-windows-x86_64, r-oldrel-macos-arm64, r-oldrel-macos-x86_64, r-oldrel-windows-ix86+x86_64
Version: 0.2.3
Check: package dependencies
Result: NOTE
Package suggested but not available for checking: ‘testthat’
Flavor: r-oldrel-macos-x86_64