CRAN Package Check Results for Package actogrammr

Last updated on 2022-08-12 19:53:00 CEST.

Flavor Version Tinstall Tcheck Ttotal Status Flags
r-devel-linux-x86_64-debian-clang 0.2.3 5.28 134.12 139.40 NOTE
r-devel-linux-x86_64-debian-gcc 0.2.3 3.36 94.07 97.43 NOTE
r-devel-linux-x86_64-fedora-clang 0.2.3 174.92 NOTE
r-devel-linux-x86_64-fedora-gcc 0.2.3 167.87 NOTE
r-devel-windows-x86_64 0.2.3 23.00 151.00 174.00 NOTE
r-patched-linux-x86_64 0.2.3 5.46 127.39 132.85 NOTE
r-release-linux-x86_64 0.2.3 4.25 128.19 132.44 NOTE
r-release-macos-arm64 0.2.3 48.00 NOTE
r-release-macos-x86_64 0.2.3 164.00 NOTE
r-release-windows-x86_64 0.2.3 24.00 153.00 177.00 NOTE
r-oldrel-macos-arm64 0.2.3 56.00 NOTE
r-oldrel-macos-x86_64 0.2.3 125.00 NOTE
r-oldrel-windows-ix86+x86_64 0.2.3 14.00 157.00 171.00 NOTE

Check Details

Version: 0.2.3
Check: LazyData
Result: NOTE
     'LazyData' is specified without a 'data' directory
Flavors: r-devel-linux-x86_64-debian-clang, r-devel-linux-x86_64-debian-gcc, r-devel-linux-x86_64-fedora-clang, r-devel-linux-x86_64-fedora-gcc, r-devel-windows-x86_64, r-patched-linux-x86_64, r-release-linux-x86_64, r-release-macos-arm64, r-release-macos-x86_64, r-release-windows-x86_64, r-oldrel-macos-arm64, r-oldrel-macos-x86_64, r-oldrel-windows-ix86+x86_64

Version: 0.2.3
Check: package dependencies
Result: NOTE
    Package suggested but not available for checking: ‘testthat’
Flavor: r-oldrel-macos-x86_64