CRAN Package Check Results for Package actuaryr

Last updated on 2023-02-09 11:54:36 CET.

Flavor Version Tinstall Tcheck Ttotal Status Flags
r-devel-linux-x86_64-debian-clang 1.1.1 2.79 34.12 36.91 NOTE
r-devel-linux-x86_64-debian-gcc 1.1.1 2.48 26.13 28.61 NOTE
r-devel-linux-x86_64-fedora-clang 1.1.1 47.54 NOTE
r-devel-linux-x86_64-fedora-gcc 1.1.1 56.12 NOTE
r-devel-windows-x86_64 1.1.1 19.00 68.00 87.00 NOTE
r-patched-linux-x86_64 1.1.1 3.04 34.54 37.58 NOTE
r-release-linux-x86_64 1.1.1 2.75 35.19 37.94 NOTE
r-release-macos-arm64 1.1.1 20.00 NOTE
r-release-macos-x86_64 1.1.1 26.00 NOTE
r-release-windows-x86_64 1.1.1 21.00 79.00 100.00 NOTE
r-oldrel-macos-arm64 1.1.1 26.00 NOTE
r-oldrel-macos-x86_64 1.1.1 33.00 NOTE
r-oldrel-windows-ix86+x86_64 1.1.1 7.00 60.00 67.00 NOTE

Check Details

Version: 1.1.1
Check: LazyData
Result: NOTE
     'LazyData' is specified without a 'data' directory
Flavors: r-devel-linux-x86_64-debian-clang, r-devel-linux-x86_64-debian-gcc, r-devel-linux-x86_64-fedora-clang, r-devel-linux-x86_64-fedora-gcc, r-devel-windows-x86_64, r-patched-linux-x86_64, r-release-linux-x86_64, r-release-macos-arm64, r-release-macos-x86_64, r-release-windows-x86_64, r-oldrel-macos-arm64, r-oldrel-macos-x86_64, r-oldrel-windows-ix86+x86_64