CRAN Package Check Results for Package actuaryr

Last updated on 2023-11-29 07:52:03 CET.

Flavor Version Tinstall Tcheck Ttotal Status Flags
r-devel-linux-x86_64-debian-clang 1.1.1 2.91 34.25 37.16 NOTE
r-devel-linux-x86_64-debian-gcc 1.1.1 2.25 26.30 28.55 NOTE
r-devel-linux-x86_64-fedora-clang 1.1.1 46.35 NOTE
r-devel-linux-x86_64-fedora-gcc 1.1.1 56.32 NOTE
r-devel-windows-x86_64 1.1.1 3.00 52.00 55.00 NOTE
r-patched-linux-x86_64 1.1.1 3.20 33.15 36.35 NOTE
r-release-linux-x86_64 1.1.1 2.46 33.16 35.62 NOTE
r-release-macos-arm64 1.1.1 26.00 NOTE
r-release-macos-x86_64 1.1.1 36.00 NOTE
r-release-windows-x86_64 1.1.1 5.00 53.00 58.00 NOTE
r-oldrel-macos-arm64 1.1.1 20.00 NOTE
r-oldrel-macos-x86_64 1.1.1 26.00 NOTE
r-oldrel-windows-x86_64 1.1.1 5.00 59.00 64.00 NOTE

Check Details

Version: 1.1.1
Check: LazyData
Result: NOTE 'LazyData' is specified without a 'data' directory Flavors: r-devel-linux-x86_64-debian-clang, r-devel-linux-x86_64-debian-gcc, r-devel-linux-x86_64-fedora-clang, r-devel-linux-x86_64-fedora-gcc, r-devel-windows-x86_64, r-patched-linux-x86_64, r-release-linux-x86_64, r-release-macos-arm64, r-release-macos-x86_64, r-release-windows-x86_64, r-oldrel-macos-arm64, r-oldrel-macos-x86_64, r-oldrel-windows-x86_64