CRAN Package Check Results for Package ada

Last updated on 2024-02-24 01:51:20 CET.

Flavor Version Tinstall Tcheck Ttotal Status Flags
r-devel-linux-x86_64-debian-clang 2.0-5 3.24 29.73 32.97 NOTE
r-devel-linux-x86_64-debian-gcc 2.0-5 2.06 22.87 24.93 NOTE
r-devel-linux-x86_64-fedora-clang 2.0-5 40.65 NOTE
r-devel-linux-x86_64-fedora-gcc 2.0-5 39.51 NOTE
r-devel-windows-x86_64 2.0-5 4.00 49.00 53.00 NOTE
r-patched-linux-x86_64 2.0-5 3.47 29.12 32.59 NOTE
r-release-linux-x86_64 2.0-5 2.57 29.57 32.14 NOTE
r-release-macos-arm64 2.0-5 20.00 NOTE
r-release-macos-x86_64 2.0-5 25.00 NOTE
r-release-windows-x86_64 2.0-5 5.00 54.00 59.00 NOTE
r-oldrel-macos-arm64 2.0-5 20.00 OK
r-oldrel-windows-x86_64 2.0-5 5.00 54.00 59.00 OK

Check Details

Version: 2.0-5
Check: Rd files
Result: NOTE checkRd: (-1) ada.Rd:171: Escaped LaTeX specials: \& Flavors: r-devel-linux-x86_64-debian-clang, r-devel-linux-x86_64-debian-gcc, r-devel-linux-x86_64-fedora-clang, r-devel-linux-x86_64-fedora-gcc, r-devel-windows-x86_64, r-patched-linux-x86_64, r-release-linux-x86_64, r-release-macos-arm64, r-release-macos-x86_64, r-release-windows-x86_64