CRAN Package Check Results for Package ada

Last updated on 2022-08-14 23:53:56 CEST.

Flavor Version Tinstall Tcheck Ttotal Status Flags
r-devel-linux-x86_64-debian-clang 2.0-5 3.02 29.18 32.20 NOTE
r-devel-linux-x86_64-debian-gcc 2.0-5 2.25 22.83 25.08 NOTE
r-devel-linux-x86_64-fedora-clang 2.0-5 50.08 NOTE
r-devel-linux-x86_64-fedora-gcc 2.0-5 49.11 NOTE
r-devel-windows-x86_64 2.0-5 12.00 58.00 70.00 NOTE
r-patched-linux-x86_64 2.0-5 3.63 28.99 32.62 OK
r-release-linux-x86_64 2.0-5 2.29 29.28 31.57 OK
r-release-macos-arm64 2.0-5 19.00 OK
r-release-macos-x86_64 2.0-5 25.00 OK
r-release-windows-x86_64 2.0-5 13.00 57.00 70.00 OK
r-oldrel-macos-arm64 2.0-5 22.00 OK
r-oldrel-macos-x86_64 2.0-5 32.00 OK
r-oldrel-windows-ix86+x86_64 2.0-5 7.00 50.00 57.00 OK

Check Details

Version: 2.0-5
Check: Rd files
Result: NOTE
    checkRd: (-1) ada.Rd:171: Escaped LaTeX specials: \&
Flavors: r-devel-linux-x86_64-debian-clang, r-devel-linux-x86_64-debian-gcc, r-devel-linux-x86_64-fedora-clang, r-devel-linux-x86_64-fedora-gcc, r-devel-windows-x86_64