Last updated on 2023-02-05 17:51:11 CET.
Flavor | Version | Tinstall | Tcheck | Ttotal | Status | Flags |
---|---|---|---|---|---|---|
r-devel-linux-x86_64-debian-clang | 2.0-5 | 3.32 | 29.21 | 32.53 | NOTE | |
r-devel-linux-x86_64-debian-gcc | 2.0-5 | 2.41 | 22.85 | 25.26 | NOTE | |
r-devel-linux-x86_64-fedora-clang | 2.0-5 | 42.46 | NOTE | |||
r-devel-linux-x86_64-fedora-gcc | 2.0-5 | 40.58 | NOTE | |||
r-devel-windows-x86_64 | 2.0-5 | 11.00 | 66.00 | 77.00 | NOTE | |
r-patched-linux-x86_64 | 2.0-5 | 3.57 | 28.96 | 32.53 | OK | |
r-release-linux-x86_64 | 2.0-5 | 2.62 | 30.07 | 32.69 | OK | |
r-release-macos-arm64 | 2.0-5 | 19.00 | OK | |||
r-release-macos-x86_64 | 2.0-5 | 25.00 | OK | |||
r-release-windows-x86_64 | 2.0-5 | 15.00 | 64.00 | 79.00 | OK | |
r-oldrel-macos-arm64 | 2.0-5 | 22.00 | OK | |||
r-oldrel-macos-x86_64 | 2.0-5 | 32.00 | OK | |||
r-oldrel-windows-ix86+x86_64 | 2.0-5 | 7.00 | 52.00 | 59.00 | OK |
Version: 2.0-5
Check: Rd files
Result: NOTE
checkRd: (-1) ada.Rd:171: Escaped LaTeX specials: \&
Flavors: r-devel-linux-x86_64-debian-clang, r-devel-linux-x86_64-debian-gcc, r-devel-linux-x86_64-fedora-clang, r-devel-linux-x86_64-fedora-gcc, r-devel-windows-x86_64