CRAN Package Check Results for Package adaHuber

Last updated on 2024-07-18 00:54:48 CEST.

Flavor Version Tinstall Tcheck Ttotal Status Flags
r-devel-linux-x86_64-debian-clang 1.1 40.73 31.53 72.26 NOTE
r-devel-linux-x86_64-debian-gcc 1.1 28.25 24.10 52.35 NOTE
r-devel-linux-x86_64-fedora-clang 1.1 100.34 NOTE
r-devel-linux-x86_64-fedora-gcc 1.1 103.83 NOTE
r-devel-windows-x86_64 1.1 33.00 65.00 98.00 NOTE
r-patched-linux-x86_64 1.1 37.65 30.29 67.94 NOTE
r-release-linux-x86_64 1.1 34.37 30.43 64.80 NOTE
r-release-macos-arm64 1.1 28.00 NOTE
r-release-macos-x86_64 1.1 46.00 NOTE
r-release-windows-x86_64 1.1 33.00 63.00 96.00 NOTE
r-oldrel-macos-arm64 1.1 29.00 NOTE
r-oldrel-macos-x86_64 1.1 47.00 NOTE
r-oldrel-windows-x86_64 1.1 41.00 72.00 113.00 NOTE

Check Details

Version: 1.1
Check: C++ specification
Result: NOTE Specified C++11: please drop specification unless essential Flavors: r-devel-linux-x86_64-debian-clang, r-devel-linux-x86_64-debian-gcc, r-devel-linux-x86_64-fedora-clang, r-devel-linux-x86_64-fedora-gcc, r-devel-windows-x86_64, r-patched-linux-x86_64, r-release-linux-x86_64, r-release-macos-arm64, r-release-macos-x86_64, r-release-windows-x86_64, r-oldrel-macos-arm64, r-oldrel-macos-x86_64, r-oldrel-windows-x86_64