CRAN Package Check Results for Package adagio

Last updated on 2018-05-21 23:50:35 CEST.

Flavor Version Tinstall Tcheck Ttotal Status Flags
r-devel-linux-x86_64-debian-clang 0.7.1 3.48 22.95 26.43 NOTE
r-devel-linux-x86_64-debian-gcc 0.7.1 3.22 20.04 23.26 NOTE
r-devel-linux-x86_64-fedora-clang 0.7.1 37.30 NOTE
r-devel-linux-x86_64-fedora-gcc 0.7.1 33.42 NOTE
r-devel-windows-ix86+x86_64 0.7.1 17.00 45.00 62.00 OK
r-patched-linux-x86_64 0.7.1 3.67 25.20 28.87 NOTE
r-patched-solaris-x86 0.7.1 48.60 OK
r-release-linux-x86_64 0.7.1 4.26 25.18 29.44 NOTE
r-release-windows-ix86+x86_64 0.7.1 15.00 52.00 67.00 OK
r-release-osx-x86_64 0.7.1 OK
r-oldrel-windows-ix86+x86_64 0.7.1 10.00 51.00 61.00 OK
r-oldrel-osx-x86_64 0.6.5 OK

Check Details

Version: 0.7.1
Check: compiled code
Result: NOTE
    File ‘adagio/libs/adagio.so’:
     Found no calls to: ‘R_registerRoutines’, ‘R_useDynamicSymbols’
    
    It is good practice to register native routines and to disable symbol
    search.
    
    See ‘Writing portable packages’ in the ‘Writing R Extensions’ manual.
Flavors: r-devel-linux-x86_64-debian-clang, r-devel-linux-x86_64-debian-gcc, r-devel-linux-x86_64-fedora-clang, r-devel-linux-x86_64-fedora-gcc, r-patched-linux-x86_64, r-release-linux-x86_64