CRAN Package Check Results for Package adagio

Last updated on 2017-11-20 23:49:14 CET.

Flavor Version Tinstall Tcheck Ttotal Status Flags
r-devel-linux-x86_64-debian-clang 0.6.5 1.65 17.07 18.72 NOTE
r-devel-linux-x86_64-debian-gcc 0.6.5 4.57 50.46 55.04 NOTE
r-devel-linux-x86_64-fedora-clang 0.6.5 31.48 NOTE
r-devel-linux-x86_64-fedora-gcc 0.6.5 33.67 NOTE
r-devel-windows-ix86+x86_64 0.6.5 16.00 48.00 64.00 OK
r-patched-linux-x86_64 0.6.5 1.64 17.96 19.61 NOTE
r-patched-solaris-x86 0.6.5 48.40 OK
r-release-linux-x86_64 0.6.5 1.73 17.83 19.56 NOTE
r-release-windows-ix86+x86_64 0.6.5 10.00 44.00 54.00 OK
r-release-osx-x86_64 0.6.5 OK
r-oldrel-windows-ix86+x86_64 0.6.5 7.00 43.00 50.00 OK
r-oldrel-osx-x86_64 0.6.5 OK

Check Details

Version: 0.6.5
Check: compiled code
Result: NOTE
    File ‘adagio/libs/adagio.so’:
     Found no calls to: ‘R_registerRoutines’, ‘R_useDynamicSymbols’
    
    It is good practice to register native routines and to disable symbol
    search.
    
    See ‘Writing portable packages’ in the ‘Writing R Extensions’ manual.
Flavors: r-devel-linux-x86_64-debian-clang, r-devel-linux-x86_64-debian-gcc, r-devel-linux-x86_64-fedora-clang, r-devel-linux-x86_64-fedora-gcc, r-patched-linux-x86_64, r-release-linux-x86_64