CRAN Package Check Results for Package adagio

Last updated on 2017-05-26 03:48:08.

Flavor Version Tinstall Tcheck Ttotal Status Flags
r-devel-linux-x86_64-debian-clang 0.6.5 2.31 17.74 20.05 NOTE
r-devel-linux-x86_64-debian-gcc 0.6.5 2.16 17.50 19.67 NOTE
r-devel-linux-x86_64-fedora-clang 0.6.5 33.46 NOTE --no-stop-on-test-error
r-devel-linux-x86_64-fedora-gcc 0.6.5 31.29 NOTE --no-stop-on-test-error
r-devel-windows-ix86+x86_64 0.6.5 17.00 60.00 77.00 OK
r-patched-linux-x86_64 0.6.5 2.14 17.55 19.69 NOTE
r-patched-solaris-sparc 0.6.5 209.30 OK
r-patched-solaris-x86 0.6.5 45.80 OK
r-release-linux-x86_64 0.6.5 2.02 17.52 19.53 NOTE
r-release-windows-ix86+x86_64 0.6.5 9.00 45.00 54.00 OK
r-release-osx-x86_64 0.6.5 OK
r-oldrel-windows-ix86+x86_64 0.6.5 7.00 43.00 50.00 OK
r-oldrel-osx-x86_64 0.6.5 OK

Check Details

Version: 0.6.5
Check: compiled code
Result: NOTE
    File ‘adagio/libs/adagio.so’:
     Found no calls to: ‘R_registerRoutines’, ‘R_useDynamicSymbols’
    
    It is good practice to register native routines and to disable symbol
    search.
    
    See ‘Writing portable packages’ in the ‘Writing R Extensions’ manual.
Flavors: r-devel-linux-x86_64-debian-clang, r-devel-linux-x86_64-debian-gcc, r-patched-linux-x86_64, r-release-linux-x86_64

Version: 0.6.5
Flags: --no-stop-on-test-error
Check: compiled code
Result: NOTE
    File ‘adagio/libs/adagio.so’:
     Found no calls to: ‘R_registerRoutines’, ‘R_useDynamicSymbols’
    
    It is good practice to register native routines and to disable symbol
    search.
    
    See ‘Writing portable packages’ in the ‘Writing R Extensions’ manual.
Flavors: r-devel-linux-x86_64-fedora-clang, r-devel-linux-x86_64-fedora-gcc