CRAN Package Check Results for Package adagio

Last updated on 2018-01-18 20:48:47 CET.

Flavor Version Tinstall Tcheck Ttotal Status Flags
r-devel-linux-x86_64-debian-clang 0.6.5 2.25 25.58 27.83 NOTE
r-devel-linux-x86_64-debian-gcc 0.6.5 1.85 22.04 23.89 NOTE
r-devel-linux-x86_64-fedora-clang 0.6.5 36.21 NOTE
r-devel-linux-x86_64-fedora-gcc 0.6.5 35.43 NOTE
r-devel-windows-ix86+x86_64 0.6.5 10.00 47.00 57.00 OK
r-patched-linux-x86_64 0.6.5 2.01 26.72 28.73 NOTE
r-patched-solaris-x86 0.6.5 50.80 OK
r-release-linux-x86_64 0.6.5 2.32 26.42 28.74 NOTE
r-release-windows-ix86+x86_64 0.6.5 10.00 44.00 54.00 OK
r-release-osx-x86_64 0.6.5 OK
r-oldrel-windows-ix86+x86_64 0.6.5 7.00 43.00 50.00 OK
r-oldrel-osx-x86_64 0.6.5 OK

Check Details

Version: 0.6.5
Check: compiled code
Result: NOTE
    File ‘adagio/libs/adagio.so’:
     Found no calls to: ‘R_registerRoutines’, ‘R_useDynamicSymbols’
    
    It is good practice to register native routines and to disable symbol
    search.
    
    See ‘Writing portable packages’ in the ‘Writing R Extensions’ manual.
Flavors: r-devel-linux-x86_64-debian-clang, r-devel-linux-x86_64-debian-gcc, r-devel-linux-x86_64-fedora-clang, r-devel-linux-x86_64-fedora-gcc, r-patched-linux-x86_64, r-release-linux-x86_64