CRAN Package Check Results for Package adagio

Last updated on 2020-07-16 18:50:32 CEST.

Flavor Version Tinstall Tcheck Ttotal Status Flags
r-devel-linux-x86_64-debian-clang 0.7.1 5.61 28.30 33.91 OK
r-devel-linux-x86_64-debian-gcc 0.7.1 4.07 22.10 26.17 OK
r-devel-linux-x86_64-fedora-clang 0.7.1 49.11 NOTE
r-devel-linux-x86_64-fedora-gcc 0.7.1 41.49 NOTE
r-devel-windows-ix86+x86_64 0.7.1 20.00 67.00 87.00 OK
r-patched-linux-x86_64 0.7.1 5.46 29.07 34.53 OK
r-patched-solaris-x86 0.7.1 65.80 OK
r-release-linux-x86_64 0.7.1 4.90 28.76 33.66 OK
r-release-windows-ix86+x86_64 0.7.1 13.00 51.00 64.00 OK
r-oldrel-macos-x86_64 0.7.1 OK
r-oldrel-windows-ix86+x86_64 0.7.1 14.00 66.00 80.00 OK

Check Details

Version: 0.7.1
Check: compiled code
Result: NOTE
    File ‘adagio/libs/adagio.so’:
     Found no calls to: ‘R_registerRoutines’, ‘R_useDynamicSymbols’
    
    It is good practice to register native routines and to disable symbol
    search.
    
    See ‘Writing portable packages’ in the ‘Writing R Extensions’ manual.
Flavors: r-devel-linux-x86_64-fedora-clang, r-devel-linux-x86_64-fedora-gcc