CRAN Package Check Results for Package adamethods

Last updated on 2019-10-23 07:50:38 CEST.

Flavor Version Tinstall Tcheck Ttotal Status Flags
r-devel-linux-x86_64-debian-clang 1.2 16.76 111.78 128.54 OK
r-devel-linux-x86_64-debian-gcc 1.2 12.04 85.95 97.99 OK
r-devel-linux-x86_64-fedora-clang 1.2 151.79 OK
r-devel-linux-x86_64-fedora-gcc 1.2 149.79 OK
r-devel-windows-ix86+x86_64 1.2 38.00 134.00 172.00 OK
r-patched-linux-x86_64 1.2 15.13 110.55 125.68 OK
r-patched-solaris-x86 1.2 217.50 OK
r-release-linux-x86_64 1.2 16.44 108.78 125.22 OK
r-release-windows-ix86+x86_64 1.2 53.00 137.00 190.00 OK
r-release-osx-x86_64 1.2 WARN
r-oldrel-windows-ix86+x86_64 1.2 29.00 130.00 159.00 OK
r-oldrel-osx-x86_64 1.2 WARN

Check Details

Version: 1.2
Check: whether package can be installed
Result: WARN
    Found the following significant warnings:
     Warning: 'rgl_init' failed, running with rgl.useNULL = TRUE
Flavors: r-release-osx-x86_64, r-oldrel-osx-x86_64