CRAN Package Check Results for Package adamethods

Last updated on 2020-06-01 04:46:50 CEST.

Flavor Version Tinstall Tcheck Ttotal Status Flags
r-devel-linux-x86_64-debian-clang 1.2 18.01 131.49 149.50 OK
r-devel-linux-x86_64-debian-gcc 1.2 16.36 100.52 116.88 OK
r-devel-linux-x86_64-fedora-clang 1.2 182.72 OK
r-devel-linux-x86_64-fedora-gcc 1.2 173.70 OK
r-devel-windows-ix86+x86_64 1.2 68.00 144.00 212.00 OK
r-patched-linux-x86_64 1.2 13.11 128.55 141.66 OK
r-patched-solaris-x86 1.2 250.10 OK
r-release-linux-x86_64 1.2 14.70 128.97 143.67 OK
r-release-osx-x86_64 1.2 OK
r-release-windows-ix86+x86_64 1.2 40.00 215.00 255.00 OK
r-oldrel-osx-x86_64 1.2 WARN
r-oldrel-windows-ix86+x86_64 1.2 32.00 142.00 174.00 OK

Check Details

Version: 1.2
Check: whether package can be installed
Result: WARN
    Found the following significant warnings:
     Warning: 'rgl_init' failed, running with rgl.useNULL = TRUE
Flavor: r-oldrel-osx-x86_64