CRAN Package Check Results for Package adapr

Last updated on 2019-04-20 10:47:27 CEST.

Flavor Version Tinstall Tcheck Ttotal Status Flags
r-devel-linux-x86_64-debian-clang 2.0.0 7.83 46.73 54.56 NOTE
r-devel-linux-x86_64-debian-gcc 2.0.0 7.16 39.31 46.47 NOTE
r-devel-linux-x86_64-fedora-clang 2.0.0 62.61 NOTE
r-devel-linux-x86_64-fedora-gcc 2.0.0 60.62 NOTE
r-devel-windows-ix86+x86_64 2.0.0 22.00 94.00 116.00 NOTE
r-patched-linux-x86_64 2.0.0 7.64 46.39 54.03 NOTE
r-patched-solaris-x86 2.0.0 86.00 NOTE
r-release-linux-x86_64 2.0.0 5.40 44.32 49.72 NOTE
r-release-windows-ix86+x86_64 2.0.0 11.00 58.00 69.00 NOTE
r-release-osx-x86_64 2.0.0 NOTE
r-oldrel-windows-ix86+x86_64 2.0.0 10.00 81.00 91.00 NOTE
r-oldrel-osx-x86_64 2.0.0 NOTE

Check Details

Version: 2.0.0
Check: dependencies in R code
Result: NOTE
    Missing or unexported object: 'devtools::clean_source'
Flavors: r-devel-linux-x86_64-debian-clang, r-devel-linux-x86_64-debian-gcc, r-devel-windows-ix86+x86_64, r-patched-linux-x86_64, r-release-linux-x86_64, r-release-windows-ix86+x86_64, r-oldrel-windows-ix86+x86_64

Version: 2.0.0
Check: dependencies in R code
Result: NOTE
    Namespaces in Imports field not imported from:
     ‘plotly’ ‘shinydashboard’
     All declared Imports should be used.
    Missing or unexported object: ‘devtools::clean_source’
Flavors: r-devel-linux-x86_64-fedora-clang, r-devel-linux-x86_64-fedora-gcc, r-patched-solaris-x86

Version: 2.0.0
Check: dependencies in R code
Result: NOTE
    Namespaces in Imports field not imported from:
     ‘plotly’ ‘shinydashboard’
     All declared Imports should be used.
Flavors: r-release-osx-x86_64, r-oldrel-osx-x86_64