CRAN Package Check Results for Package adaptIVPT

Last updated on 2023-02-05 02:50:25 CET.

Flavor Version Tinstall Tcheck Ttotal Status Flags
r-devel-linux-x86_64-debian-clang 1.0.0 32.46 38.37 70.83 NOTE
r-devel-linux-x86_64-debian-gcc 1.0.0 24.81 30.26 55.07 NOTE
r-devel-linux-x86_64-fedora-clang 1.0.0 104.60 NOTE
r-devel-linux-x86_64-fedora-gcc 1.0.0 90.38 NOTE
r-devel-windows-x86_64 1.0.0 35.00 86.00 121.00 NOTE
r-patched-linux-x86_64 1.0.0 27.28 37.93 65.21 OK
r-release-linux-x86_64 1.0.0 25.14 38.88 64.02 OK
r-release-macos-arm64 1.0.0 36.00 OK
r-release-macos-x86_64 1.0.0 39.00 OK
r-release-windows-x86_64 1.0.0 36.00 92.00 128.00 OK
r-oldrel-macos-arm64 1.0.0 35.00 OK
r-oldrel-macos-x86_64 1.0.0 40.00 OK
r-oldrel-windows-ix86+x86_64 1.0.0 82.00 98.00 180.00 OK

Check Details

Version: 1.0.0
Check: C++ specification
Result: NOTE
     Specified C++11: please update to current default of C++17
Flavors: r-devel-linux-x86_64-debian-clang, r-devel-linux-x86_64-debian-gcc, r-devel-linux-x86_64-fedora-clang, r-devel-linux-x86_64-fedora-gcc, r-devel-windows-x86_64