CRAN Package Check Results for Package adaptIVPT

Last updated on 2023-06-01 21:52:47 CEST.

Flavor Version Tinstall Tcheck Ttotal Status Flags
r-devel-linux-x86_64-debian-clang 1.0.0 34.37 40.71 75.08 NOTE
r-devel-linux-x86_64-debian-gcc 1.0.0 25.34 31.58 56.92 NOTE
r-devel-linux-x86_64-fedora-clang 1.0.0 105.13 NOTE
r-devel-linux-x86_64-fedora-gcc 1.0.0 104.08 NOTE
r-devel-windows-x86_64 1.0.0 29.00 76.00 105.00 NOTE
r-patched-linux-x86_64 1.0.0 NOTE
r-release-linux-x86_64 1.0.0 20.75 38.25 59.00 NOTE
r-release-macos-arm64 1.0.0 33.00 NOTE
r-release-macos-x86_64 1.0.0 41.00 NOTE
r-release-windows-x86_64 1.0.0 36.00 82.00 118.00 NOTE
r-oldrel-macos-arm64 1.0.0 36.00 OK
r-oldrel-macos-x86_64 1.0.0 39.00 OK
r-oldrel-windows-x86_64 1.0.0 35.00 78.00 113.00 OK

Check Details

Version: 1.0.0
Check: C++ specification
Result: NOTE
     Specified C++11: please drop specification unless essential
Flavors: r-devel-linux-x86_64-debian-clang, r-devel-linux-x86_64-debian-gcc, r-devel-linux-x86_64-fedora-clang, r-devel-linux-x86_64-fedora-gcc, r-devel-windows-x86_64, r-patched-linux-x86_64, r-release-linux-x86_64, r-release-macos-arm64, r-release-macos-x86_64, r-release-windows-x86_64