Last updated on 2023-12-04 00:52:33 CET.
Flavor | Version | Tinstall | Tcheck | Ttotal | Status | Flags |
---|---|---|---|---|---|---|
r-devel-linux-x86_64-debian-clang | 1.4 | 8.27 | 66.79 | 75.06 | NOTE | |
r-devel-linux-x86_64-debian-gcc | 1.4 | 6.11 | 52.44 | 58.55 | NOTE | |
r-devel-linux-x86_64-fedora-clang | 1.4 | 92.63 | NOTE | |||
r-devel-linux-x86_64-fedora-gcc | 1.4 | 89.31 | NOTE | |||
r-devel-windows-x86_64 | 1.4 | 6.00 | 70.00 | 76.00 | NOTE | |
r-patched-linux-x86_64 | 1.4 | 6.46 | 66.72 | 73.18 | NOTE | |
r-release-linux-x86_64 | 1.4 | 7.64 | 66.92 | 74.56 | NOTE | |
r-release-macos-arm64 | 1.4 | 37.00 | NOTE | |||
r-release-macos-x86_64 | 1.4 | 58.00 | NOTE | |||
r-release-windows-x86_64 | 1.4 | 9.00 | 81.00 | 90.00 | NOTE | |
r-oldrel-macos-arm64 | 1.4 | 30.00 | OK | |||
r-oldrel-macos-x86_64 | 1.4 | 43.00 | OK | |||
r-oldrel-windows-x86_64 | 1.4 | 9.00 | 89.00 | 98.00 | NOTE |
Version: 1.4
Check: Rd cross-references
Result: NOTE
Unknown packages ‘HI’, ‘MHadaptive’ in Rd xrefs
Flavors: r-devel-linux-x86_64-debian-clang, r-devel-linux-x86_64-debian-gcc, r-devel-linux-x86_64-fedora-gcc, r-devel-windows-x86_64, r-patched-linux-x86_64, r-release-linux-x86_64, r-release-macos-arm64, r-release-macos-x86_64, r-release-windows-x86_64, r-oldrel-windows-x86_64
Version: 1.4
Check: Rd cross-references
Result: NOTE
Undeclared packages ‘HI’, ‘MHadaptive’ in Rd xrefs
Unknown packages ‘HI’, ‘MHadaptive’ in Rd xrefs
Flavor: r-devel-linux-x86_64-fedora-clang