CRAN Package Check Results for Package adaptMCMC

Last updated on 2022-08-14 23:53:57 CEST.

Flavor Version Tinstall Tcheck Ttotal Status Flags
r-devel-linux-x86_64-debian-clang 1.4 7.35 68.50 75.85 NOTE
r-devel-linux-x86_64-debian-gcc 1.4 6.37 53.23 59.60 NOTE
r-devel-linux-x86_64-fedora-clang 1.4 100.99 NOTE
r-devel-linux-x86_64-fedora-gcc 1.4 100.71 NOTE
r-devel-windows-x86_64 1.4 12.00 85.00 97.00 OK
r-patched-linux-x86_64 1.4 7.22 67.03 74.25 NOTE
r-release-linux-x86_64 1.4 7.04 66.60 73.64 NOTE
r-release-macos-arm64 1.4 29.00 OK
r-release-macos-x86_64 1.4 43.00 OK
r-release-windows-x86_64 1.4 16.00 89.00 105.00 OK
r-oldrel-macos-arm64 1.4 36.00 OK
r-oldrel-macos-x86_64 1.4 52.00 OK
r-oldrel-windows-ix86+x86_64 1.4 16.00 84.00 100.00 OK

Check Details

Version: 1.4
Check: Rd cross-references
Result: NOTE
    Unknown package 'MHadaptive' in Rd xrefs
Flavors: r-devel-linux-x86_64-debian-clang, r-devel-linux-x86_64-debian-gcc, r-devel-linux-x86_64-fedora-gcc, r-patched-linux-x86_64, r-release-linux-x86_64

Version: 1.4
Check: Rd cross-references
Result: NOTE
    Undeclared packages ‘HI’, ‘MHadaptive’ in Rd xrefs
    Unknown package ‘MHadaptive’ in Rd xrefs
Flavor: r-devel-linux-x86_64-fedora-clang