CRAN Package Check Results for Package adbcsqlite

Last updated on 2024-03-01 19:48:51 CET.

Flavor Version Tinstall Tcheck Ttotal Status Flags
r-devel-linux-x86_64-debian-clang 0.10.0 10.38 22.78 33.16 OK
r-devel-linux-x86_64-debian-gcc 0.10.0 10.84 17.88 28.72 OK
r-devel-linux-x86_64-fedora-clang 0.10.0 40.78 OK
r-devel-linux-x86_64-fedora-gcc 0.10.0 47.19 OK
r-devel-windows-x86_64 0.10.0 25.00 55.00 80.00 OK
r-patched-linux-x86_64 0.10.0 10.68 22.79 33.47 OK
r-release-linux-x86_64 0.10.0 13.15 22.36 35.51 OK
r-release-macos-arm64 0.10.0 25.00 NOTE
r-release-macos-x86_64 0.10.0 36.00 NOTE
r-release-windows-x86_64 0.10.0 30.00 58.00 88.00 OK
r-oldrel-macos-arm64 0.10.0 22.00 NOTE
r-oldrel-windows-x86_64 0.10.0 17.00 54.00 71.00 OK

Check Details

Version: 0.10.0
Check: installed package size
Result: NOTE installed size is 8.5Mb sub-directories of 1Mb or more: libs 8.4Mb Flavors: r-release-macos-arm64, r-release-macos-x86_64, r-oldrel-macos-arm64