CRAN Package Check Results for Package add2ggplot

Last updated on 2021-09-24 09:54:14 CEST.

Flavor Version Tinstall Tcheck Ttotal Status Flags
r-devel-linux-x86_64-debian-clang 0.3.0 4.98 54.85 59.83 NOTE
r-devel-linux-x86_64-debian-gcc 0.3.0 3.62 41.08 44.70 NOTE
r-devel-linux-x86_64-fedora-clang 0.3.0 82.07 NOTE
r-devel-linux-x86_64-fedora-gcc 0.3.0 66.76 NOTE
r-devel-windows-x86_64 0.3.0 7.00 57.00 64.00 NOTE
r-devel-windows-x86_64-gcc10-UCRT 0.3.0 NOTE
r-patched-linux-x86_64 0.3.0 4.76 49.53 54.29 NOTE
r-patched-solaris-x86 0.3.0 106.80 NOTE
r-release-linux-x86_64 0.3.0 4.65 49.22 53.87 NOTE
r-release-macos-arm64 0.3.0 NOTE
r-release-macos-x86_64 0.3.0 NOTE
r-release-windows-ix86+x86_64 0.3.0 13.00 71.00 84.00 NOTE
r-oldrel-macos-x86_64 0.3.0 OK
r-oldrel-windows-ix86+x86_64 0.3.0 11.00 54.00 65.00 OK

Check Details

Version: 0.3.0
Check: LazyData
Result: NOTE
     'LazyData' is specified without a 'data' directory
Flavors: r-devel-linux-x86_64-debian-clang, r-devel-linux-x86_64-debian-gcc, r-devel-linux-x86_64-fedora-clang, r-devel-linux-x86_64-fedora-gcc, r-devel-windows-x86_64, r-devel-windows-x86_64-gcc10-UCRT, r-patched-linux-x86_64, r-patched-solaris-x86, r-release-linux-x86_64, r-release-macos-arm64, r-release-macos-x86_64, r-release-windows-ix86+x86_64