CRAN Package Check Results for Package add2ggplot

Last updated on 2022-08-14 13:50:54 CEST.

Flavor Version Tinstall Tcheck Ttotal Status Flags
r-devel-linux-x86_64-debian-clang 0.3.0 6.61 63.29 69.90 NOTE
r-devel-linux-x86_64-debian-gcc 0.3.0 4.59 46.91 51.50 NOTE
r-devel-linux-x86_64-fedora-clang 0.3.0 93.69 NOTE
r-devel-linux-x86_64-fedora-gcc 0.3.0 87.99 NOTE
r-devel-windows-x86_64 0.3.0 9.00 86.00 95.00 NOTE
r-patched-linux-x86_64 0.3.0 4.83 58.14 62.97 NOTE
r-release-linux-x86_64 0.3.0 5.34 58.06 63.40 NOTE
r-release-macos-arm64 0.3.0 27.00 NOTE
r-release-macos-x86_64 0.3.0 40.00 NOTE
r-release-windows-x86_64 0.3.0 10.00 87.00 97.00 NOTE
r-oldrel-macos-arm64 0.3.0 40.00 NOTE
r-oldrel-macos-x86_64 0.3.0 44.00 NOTE
r-oldrel-windows-ix86+x86_64 0.3.0 16.00 77.00 93.00 NOTE

Check Details

Version: 0.3.0
Check: LazyData
Result: NOTE
     'LazyData' is specified without a 'data' directory
Flavors: r-devel-linux-x86_64-debian-clang, r-devel-linux-x86_64-debian-gcc, r-devel-linux-x86_64-fedora-clang, r-devel-linux-x86_64-fedora-gcc, r-devel-windows-x86_64, r-patched-linux-x86_64, r-release-linux-x86_64, r-release-macos-arm64, r-release-macos-x86_64, r-release-windows-x86_64, r-oldrel-macos-arm64, r-oldrel-macos-x86_64, r-oldrel-windows-ix86+x86_64