CRAN Package Check Results for Package addinsJoaoMelo

Last updated on 2023-02-09 13:00:09 CET.

Flavor Version Tinstall Tcheck Ttotal Status Flags
r-devel-linux-x86_64-debian-clang 0.1.0 1.94 22.07 24.01 NOTE
r-devel-linux-x86_64-debian-gcc 0.1.0 1.41 17.62 19.03 NOTE
r-devel-linux-x86_64-fedora-clang 0.1.0 31.39 NOTE
r-devel-linux-x86_64-fedora-gcc 0.1.0 29.28 NOTE
r-devel-windows-x86_64 0.1.0 17.00 57.00 74.00 NOTE
r-patched-linux-x86_64 0.1.0 1.51 22.62 24.13 NOTE
r-release-linux-x86_64 0.1.0 1.75 21.79 23.54 NOTE
r-release-macos-arm64 0.1.0 15.00 NOTE
r-release-macos-x86_64 0.1.0 21.00 NOTE
r-release-windows-x86_64 0.1.0 11.00 60.00 71.00 NOTE
r-oldrel-macos-arm64 0.1.0 19.00 NOTE
r-oldrel-macos-x86_64 0.1.0 25.00 NOTE
r-oldrel-windows-ix86+x86_64 0.1.0 6.00 48.00 54.00 NOTE

Check Details

Version: 0.1.0
Check: LazyData
Result: NOTE
     'LazyData' is specified without a 'data' directory
Flavors: r-devel-linux-x86_64-debian-clang, r-devel-linux-x86_64-debian-gcc, r-devel-linux-x86_64-fedora-clang, r-devel-linux-x86_64-fedora-gcc, r-devel-windows-x86_64, r-patched-linux-x86_64, r-release-linux-x86_64, r-release-macos-arm64, r-release-macos-x86_64, r-release-windows-x86_64, r-oldrel-macos-arm64, r-oldrel-macos-x86_64, r-oldrel-windows-ix86+x86_64