CRAN Package Check Results for Package addinsJoaoMelo

Last updated on 2024-04-23 22:55:15 CEST.

Flavor Version Tinstall Tcheck Ttotal Status Flags
r-devel-linux-x86_64-debian-clang 0.1.0 1.83 22.47 24.30 NOTE
r-devel-linux-x86_64-debian-gcc 0.1.0 1.62 17.23 18.85 NOTE
r-devel-linux-x86_64-fedora-clang 0.1.0 30.64 NOTE
r-devel-linux-x86_64-fedora-gcc 0.1.0 30.18 NOTE
r-prerel-macos-arm64 0.1.0 16.00 NOTE
r-prerel-windows-x86_64 0.1.0 4.00 44.00 48.00 NOTE
r-patched-linux-x86_64 0.1.0 1.99 21.45 23.44 NOTE
r-release-linux-x86_64 0.1.0 2.11 21.72 23.83 NOTE
r-release-macos-arm64 0.1.0 19.00 NOTE
r-release-macos-x86_64 0.1.0 20.00 NOTE
r-release-windows-x86_64 0.1.0 4.00 43.00 47.00 NOTE
r-oldrel-macos-arm64 0.1.0 15.00 NOTE
r-oldrel-windows-x86_64 0.1.0 3.00 46.00 49.00 NOTE

Check Details

Version: 0.1.0
Check: LazyData
Result: NOTE 'LazyData' is specified without a 'data' directory Flavors: r-devel-linux-x86_64-debian-clang, r-devel-linux-x86_64-debian-gcc, r-devel-linux-x86_64-fedora-clang, r-devel-linux-x86_64-fedora-gcc, r-prerel-macos-arm64, r-prerel-windows-x86_64, r-patched-linux-x86_64, r-release-linux-x86_64, r-release-macos-arm64, r-release-macos-x86_64, r-release-windows-x86_64, r-oldrel-macos-arm64, r-oldrel-windows-x86_64