Last updated on 2023-09-23 11:50:10 CEST.
Flavor | Version | Tinstall | Tcheck | Ttotal | Status | Flags |
---|---|---|---|---|---|---|
r-devel-linux-x86_64-debian-clang | 0.1.6 | 8.03 | 65.25 | 73.28 | NOTE | |
r-devel-linux-x86_64-debian-gcc | 0.1.6 | 7.44 | 52.09 | 59.53 | NOTE | |
r-devel-linux-x86_64-fedora-clang | 0.1.6 | 89.65 | NOTE | |||
r-devel-linux-x86_64-fedora-gcc | 0.1.6 | 104.20 | NOTE | |||
r-devel-windows-x86_64 | 0.1.6 | 9.00 | 68.00 | 77.00 | NOTE | |
r-patched-linux-x86_64 | 0.1.6 | 5.23 | 61.59 | 66.82 | NOTE | |
r-release-linux-x86_64 | 0.1.6 | 5.27 | 61.40 | 66.67 | NOTE | |
r-release-macos-arm64 | 0.1.6 | 38.00 | NOTE | |||
r-release-macos-x86_64 | 0.1.6 | 53.00 | NOTE | |||
r-release-windows-x86_64 | 0.1.6 | 12.00 | 76.00 | 88.00 | NOTE | |
r-oldrel-macos-arm64 | 0.1.6 | 30.00 | NOTE | |||
r-oldrel-macos-x86_64 | 0.1.6 | 63.00 | NOTE | |||
r-oldrel-windows-x86_64 | 0.1.6 | 11.00 | 80.00 | 91.00 | NOTE |
Version: 0.1.6
Check: LazyData
Result: NOTE
'LazyData' is specified without a 'data' directory
Flavors: r-devel-linux-x86_64-debian-clang, r-devel-linux-x86_64-debian-gcc, r-devel-linux-x86_64-fedora-clang, r-devel-linux-x86_64-fedora-gcc, r-devel-windows-x86_64, r-patched-linux-x86_64, r-release-linux-x86_64, r-release-macos-arm64, r-release-macos-x86_64, r-release-windows-x86_64, r-oldrel-macos-arm64, r-oldrel-macos-x86_64, r-oldrel-windows-x86_64