CRAN Package Check Results for Package addinslist

Last updated on 2022-06-30 21:49:36 CEST.

Flavor Version Tinstall Tcheck Ttotal Status Flags
r-devel-linux-x86_64-debian-clang 0.4.0 4.96 38.39 43.35 NOTE
r-devel-linux-x86_64-debian-gcc 0.4.0 3.26 29.84 33.10 NOTE
r-devel-linux-x86_64-fedora-clang 0.4.0 61.21 NOTE
r-devel-linux-x86_64-fedora-gcc 0.4.0 60.46 NOTE
r-devel-windows-x86_64 0.4.0 10.00 68.00 78.00 NOTE
r-patched-linux-x86_64 0.4.0 3.62 37.19 40.81 NOTE
r-release-linux-x86_64 0.4.0 3.79 36.50 40.29 NOTE
r-release-macos-arm64 0.4.0 20.00 NOTE
r-release-macos-x86_64 0.4.0 27.00 NOTE
r-release-windows-x86_64 0.4.0 42.00 69.00 111.00 NOTE
r-oldrel-macos-arm64 0.4.0 23.00 NOTE
r-oldrel-macos-x86_64 0.4.0 37.00 NOTE
r-oldrel-windows-ix86+x86_64 0.4.0 13.00 60.00 73.00 NOTE

Check Details

Version: 0.4.0
Check: LazyData
Result: NOTE
     'LazyData' is specified without a 'data' directory
Flavors: r-devel-linux-x86_64-debian-clang, r-devel-linux-x86_64-debian-gcc, r-devel-linux-x86_64-fedora-clang, r-devel-linux-x86_64-fedora-gcc, r-devel-windows-x86_64, r-patched-linux-x86_64, r-release-linux-x86_64, r-release-macos-arm64, r-release-macos-x86_64, r-release-windows-x86_64, r-oldrel-macos-arm64, r-oldrel-macos-x86_64, r-oldrel-windows-ix86+x86_64