CRAN Package Check Results for Package additive

Last updated on 2024-02-28 00:56:13 CET.

Flavor Version Tinstall Tcheck Ttotal Status Flags
r-devel-linux-x86_64-debian-clang 0.0.5 10.01 122.61 132.62 NOTE
r-devel-linux-x86_64-debian-gcc 0.0.5 9.82 92.02 101.84 NOTE
r-devel-linux-x86_64-fedora-clang 0.0.5 163.02 NOTE
r-devel-linux-x86_64-fedora-gcc 0.0.5 185.81 NOTE
r-devel-windows-x86_64 0.0.5 11.00 107.00 118.00 OK
r-patched-linux-x86_64 0.0.5 9.46 118.46 127.92 OK
r-release-linux-x86_64 0.0.5 7.65 117.95 125.60 OK
r-release-macos-arm64 0.0.5 62.00 OK
r-release-macos-x86_64 0.0.5 105.00 OK
r-release-windows-x86_64 0.0.5 14.00 129.00 143.00 OK
r-oldrel-macos-arm64 0.0.5 51.00 OK
r-oldrel-windows-x86_64 0.0.5 15.00 131.00 146.00 OK

Check Details

Version: 0.0.5
Check: Rd files
Result: NOTE checkRd: (-1) additive.Rd:140: Lost braces 140 | \item{gamma}{Increase this beyond 1 to produce smoother models. \code{gamma} multiplies the effective degrees of freedom in the GCV or UBRE/AIC. code{n/gamma} can be viewed as an effective sample size in the GCV score, and this also enables it to be used with REML/ML. Ignored with P-RE/ML or the \code{efs} optimizer. } | ^ Flavors: r-devel-linux-x86_64-debian-clang, r-devel-linux-x86_64-debian-gcc, r-devel-linux-x86_64-fedora-clang, r-devel-linux-x86_64-fedora-gcc