CRAN Package Check Results for Package additiveDEA

Last updated on 2024-03-03 18:49:46 CET.

Flavor Version Tinstall Tcheck Ttotal Status Flags
r-devel-linux-x86_64-debian-clang 1.1 3.68 32.00 35.68 OK
r-devel-linux-x86_64-debian-gcc 1.1 2.70 24.65 27.35 OK
r-devel-linux-x86_64-fedora-clang 1.1 43.15 NOTE
r-devel-linux-x86_64-fedora-gcc 1.1 41.45 NOTE
r-devel-windows-x86_64 1.1 3.00 46.00 49.00 OK
r-patched-linux-x86_64 1.1 3.54 32.24 35.78 OK
r-release-linux-x86_64 1.1 3.03 31.76 34.79 OK
r-release-macos-arm64 1.1 19.00 OK
r-release-macos-x86_64 1.1 27.00 OK
r-release-windows-x86_64 1.1 3.00 42.00 45.00 OK
r-oldrel-macos-arm64 1.1 18.00 NOTE
r-oldrel-windows-x86_64 1.1 4.00 50.00 54.00 OK

Check Details

Version: 1.1
Check: dependencies in R code
Result: NOTE Namespace in Imports field not imported from: ‘Benchmarking’ All declared Imports should be used. Flavors: r-devel-linux-x86_64-fedora-clang, r-devel-linux-x86_64-fedora-gcc, r-oldrel-macos-arm64